{"id":728367,"date":"2025-08-27T20:38:02","date_gmt":"2025-08-27T17:38:02","guid":{"rendered":"https:\/\/roveyayinevi.com.tr\/index.php\/urun\/engeregin-gozu\/"},"modified":"2026-04-16T02:35:59","modified_gmt":"2026-04-15T23:35:59","slug":"engeregin-gozu","status":"publish","type":"product","link":"https:\/\/roveyayinevi.com.tr\/index.php\/urun\/engeregin-gozu\/","title":{"rendered":"Engere\u011fin G\u00f6z\u00fc"},"content":{"rendered":"<p>\u201cBenzersiz bir kitap bu! Daha \u00f6nce bu romana benzeyen, ayn\u0131 de\u011fere sahip olan ve s\u00fcrekli, beklenmeyen s\u00fcrprizler ta\u015f\u0131yan bir kitap okumad\u0131\u011f\u0131m\u0131 belirtiyorum. Yeni bir okura demek isterdim ki; evet, oku ve \u015fa\u015f\u0131r!\u201d Elia Kazan \u201cBu roman hem karanl\u0131\u011f\u0131n hem de ayd\u0131nl\u0131\u011f\u0131n, umudun roman\u0131d\u0131r.\u201d Ya\u015far Kemal Harem-i H\u00fcmayun\u2019dan taht oyunlar\u0131na a\u00e7\u0131lan ve erk istencinin karanl\u0131k dehlizlerinde kaybolup insan\u0131, insan do\u011fas\u0131n\u0131n en a\u015fa\u011f\u0131l\u0131k y\u00f6nleriyle y\u00fczle\u015ftirirken bir umut \u0131\u015f\u0131\u011f\u0131 yakmay\u0131 da ihmal etmeyen b\u00fcy\u00fcl\u00fc bir anlat\u0131. Efendi \u2013 k\u00f6le ili\u015fkisine psikolojik bir bak\u0131\u015f. T\u00fcrk Edebiyat\u0131\u2019n\u0131n usta kalemi Z\u00fclf\u00fc Livaneli\u2019nin \u201cistedi\u011fimi yapmaya en \u00e7ok yakla\u015ft\u0131\u011f\u0131m kitap\u201d dedi\u011fi 1997 Balkan Edebiyat \u00d6d\u00fcll\u00fc ilk roman\u0131 Engere\u011fin G\u00f6z\u00fc, k\u00fc\u00e7\u00fck ya\u015fta had\u0131m edilip Harema\u011fas\u0131 yap\u0131lm\u0131\u015f zenci bir k\u00f6lenin, Habe\u015f S\u00fcleyman\u2019\u0131n g\u00f6z\u00fcnden iktidar \u2013 birey ili\u015fkisini anlat\u0131yor. S\u00fcleyman, \u201cbiricik\u201d efendisinin tahtla \u00f6l\u00fcm aras\u0131nda gidip gelen kaderinin ellerinde bocalarken yeni sultana \u201cPadi\u015fah\u0131m \u00e7ok ya\u015fa!\u201d diye hayk\u0131rmaktan da geri duram\u0131yor. 25. y\u0131l bask\u0131s\u0131yla yeniden okurlar\u0131yla bulu\u015fan Engere\u011fin G\u00f6z\u00fc, bir d\u00f6nem roman\u0131 olman\u0131n \u00f6tesinde, insan psikolojisinin derinliklerine; d\u00fcn, bug\u00fcn ve yar\u0131n\u0131n saraylar\u0131na, en gizli s\u0131rlar\u0131 bile ayd\u0131nlatacak ger\u00e7eklikte \u0131\u015f\u0131k tutan bir Z\u00fclf\u00fc Livaneli klasi\u011fi. <\/p>\n","protected":false},"excerpt":{"rendered":"<p>\u201cBenzersiz bir kitap bu! Daha \u00f6nce bu romana benzeyen, ayn\u0131 de\u011fere sahip olan ve s\u00fcrekli, beklenmeyen s\u00fcrprizler ta\u015f\u0131yan bir kitap okumad\u0131\u011f\u0131m\u0131 belirtiyorum. Yeni bir okura demek<span class=\"excerpt-hellip\"> [\u2026]<\/span><\/p>\n","protected":false},"featured_media":0,"template":"","meta":{"_monsterinsights_skip_tracking":false,"_monsterinsights_sitenote_active":false,"_monsterinsights_sitenote_note":"","_monsterinsights_sitenote_category":0},"product_brand":[],"product_cat":[12291,12711],"product_tag":[],"class_list":{"0":"post-728367","1":"product","2":"type-product","3":"status-publish","5":"product_cat-edebiyat","6":"product_cat-roman-oyku","7":"pa_cilt-ciltsiz","8":"pa_tur-kitap","9":"pa_yayinevi-inkilap-kitabevi","10":"pa_yazar-zulfu-livaneli","12":"first","13":"instock","14":"sale","15":"shipping-taxable","16":"purchasable","17":"product-type-simple"},"_links":{"self":[{"href":"https:\/\/roveyayinevi.com.tr\/index.php\/wp-json\/wp\/v2\/product\/728367","targetHints":{"allow":["GET"]}}],"collection":[{"href":"https:\/\/roveyayinevi.com.tr\/index.php\/wp-json\/wp\/v2\/product"}],"about":[{"href":"https:\/\/roveyayinevi.com.tr\/index.php\/wp-json\/wp\/v2\/types\/product"}],"wp:attachment":[{"href":"https:\/\/roveyayinevi.com.tr\/index.php\/wp-json\/wp\/v2\/media?parent=728367"}],"wp:term":[{"taxonomy":"product_brand","embeddable":true,"href":"https:\/\/roveyayinevi.com.tr\/index.php\/wp-json\/wp\/v2\/product_brand?post=728367"},{"taxonomy":"product_cat","embeddable":true,"href":"https:\/\/roveyayinevi.com.tr\/index.php\/wp-json\/wp\/v2\/product_cat?post=728367"},{"taxonomy":"product_tag","embeddable":true,"href":"https:\/\/roveyayinevi.com.tr\/index.php\/wp-json\/wp\/v2\/product_tag?post=728367"}],"curies":[{"name":"wp","href":"https:\/\/api.w.org\/{rel}","templated":true}]}}