{"id":728363,"date":"2025-08-27T20:37:59","date_gmt":"2025-08-27T17:37:59","guid":{"rendered":"https:\/\/roveyayinevi.com.tr\/index.php\/urun\/eski-yakindoguda-surgunler\/"},"modified":"2026-04-16T02:35:59","modified_gmt":"2026-04-15T23:35:59","slug":"eski-yakindoguda-surgunler","status":"publish","type":"product","link":"https:\/\/roveyayinevi.com.tr\/index.php\/urun\/eski-yakindoguda-surgunler\/","title":{"rendered":"Eski Yak\u0131ndo\u011fu&#8217;da S\u00fcrg\u00fcnler"},"content":{"rendered":"<p>Eski Yak\u0131ndo\u011fu\u2019nun tarihi, bir bak\u0131ma sava\u015flar, g\u00f6\u00e7ler ve s\u00fcrg\u00fcnler tarihi olarak da \u00f6zetlenebilir. B\u00f6lgede ya\u015fanan n\u00fcfus hareketlili\u011fi, iklimin zorlamas\u0131na ba\u011fl\u0131 olarak do\u011fal etmenler nedeniyle ger\u00e7ekle\u015fen g\u00f6\u00e7ler veya siyasi otoritelerin ekonomik ve politik hedefleri do\u011frultusunda uygulanan s\u00fcrg\u00fcnler \u015feklinde ger\u00e7ekle\u015fmekteydi. \u00d6zellikle kazan\u0131lan sava\u015flar ya da bast\u0131r\u0131lan isyanlar neticesinde kad\u0131n erkek hanedan \u00fcyeleri, askerler, siviller ve \u00e7e\u015fitli meslek insanlar\u0131 ekonomik ve siyasi emellere hizmet etmeleri i\u00e7in \u00e7e\u015fitli kent veya b\u00f6lgelere sevk ediliyorlard\u0131. Herhalde Sumerliler d\u00f6neminden ba\u015flayarak ger\u00e7ekle\u015fen g\u00f6\u00e7ler ve uygulanan s\u00fcrg\u00fcn politikalar\u0131, Eski Yak\u0131ndo\u011fu\u2019nun genelinde n\u00fcfus yap\u0131s\u0131n\u0131n, dolay\u0131s\u0131yla b\u00f6lgenin inan\u00e7, k\u00fclt\u00fcrel ve folklorik dokusunun \u00e7ok \u00e7e\u015fitli bir g\u00f6r\u00fcnt\u00fcye evirilmesine zemin haz\u0131rlam\u0131\u015ft\u0131r. Anla\u015f\u0131lan o dur ki arkas\u0131nda ne t\u00fcr gerek\u00e7eler olursa olsun g\u00f6\u00e7ler, s\u00fcrg\u00fcnler ve nitelikli n\u00fcfus aktar\u0131mlar\u0131 Eski Yak\u0131ndo\u011fu co\u011frafyas\u0131n\u0131n siyasi, k\u00fclt\u00fcrel ve demografik yap\u0131s\u0131n\u0131 hem \u00e7e\u015fitlendirmi\u015f hem de \u00f6nemli \u00f6l\u00e7\u00fcde d\u00f6n\u00fc\u015ft\u00fcrm\u00fc\u015ft\u00fcr. Bu kitapta kronolojik olarak Eski Yak\u0131ndo\u011fu\u2019nun g\u00f6\u00e7 ve s\u00fcrg\u00fcn politikalar\u0131 i\u015flenmi\u015ftir. Ba\u015fta M\u0131s\u0131r, Hitit, Yeni Asur, Urartu Yeni Babil ve Persler\u2019de s\u00fcrg\u00fcn ve g\u00f6\u00e7 politikalar\u0131n\u0131n nas\u0131l uyguland\u0131\u011f\u0131 ve yaratt\u0131\u011f\u0131 sosyal ve siyasal sonu\u00e7lar b\u00f6l\u00fcmler halinde de\u011ferlendirilmi\u015ftir.<\/p>\n","protected":false},"excerpt":{"rendered":"<p>Eski Yak\u0131ndo\u011fu\u2019nun tarihi, bir bak\u0131ma sava\u015flar, g\u00f6\u00e7ler ve s\u00fcrg\u00fcnler tarihi olarak da \u00f6zetlenebilir. B\u00f6lgede ya\u015fanan n\u00fcfus hareketlili\u011fi, iklimin zorlamas\u0131na ba\u011fl\u0131 olarak do\u011fal etmenler nedeniyle ger\u00e7ekle\u015fen g\u00f6\u00e7ler<span class=\"excerpt-hellip\"> [\u2026]<\/span><\/p>\n","protected":false},"featured_media":0,"template":"","meta":{"_monsterinsights_skip_tracking":false,"_monsterinsights_sitenote_active":false,"_monsterinsights_sitenote_note":"","_monsterinsights_sitenote_category":0},"product_brand":[],"product_cat":[52477,52478],"product_tag":[],"class_list":{"0":"post-728363","1":"product","2":"type-product","3":"status-publish","5":"product_cat-arastirma","6":"product_cat-arkeoloji","7":"pa_cilt-ciltsiz","8":"pa_tur-kitap","9":"pa_yayinevi-bilgin-kultur-sanat","10":"pa_yazar-irfan-albayrak","12":"first","13":"instock","14":"sale","15":"shipping-taxable","16":"purchasable","17":"product-type-simple"},"_links":{"self":[{"href":"https:\/\/roveyayinevi.com.tr\/index.php\/wp-json\/wp\/v2\/product\/728363","targetHints":{"allow":["GET"]}}],"collection":[{"href":"https:\/\/roveyayinevi.com.tr\/index.php\/wp-json\/wp\/v2\/product"}],"about":[{"href":"https:\/\/roveyayinevi.com.tr\/index.php\/wp-json\/wp\/v2\/types\/product"}],"wp:attachment":[{"href":"https:\/\/roveyayinevi.com.tr\/index.php\/wp-json\/wp\/v2\/media?parent=728363"}],"wp:term":[{"taxonomy":"product_brand","embeddable":true,"href":"https:\/\/roveyayinevi.com.tr\/index.php\/wp-json\/wp\/v2\/product_brand?post=728363"},{"taxonomy":"product_cat","embeddable":true,"href":"https:\/\/roveyayinevi.com.tr\/index.php\/wp-json\/wp\/v2\/product_cat?post=728363"},{"taxonomy":"product_tag","embeddable":true,"href":"https:\/\/roveyayinevi.com.tr\/index.php\/wp-json\/wp\/v2\/product_tag?post=728363"}],"curies":[{"name":"wp","href":"https:\/\/api.w.org\/{rel}","templated":true}]}}