{"id":728360,"date":"2025-08-27T20:37:56","date_gmt":"2025-08-27T17:37:56","guid":{"rendered":"https:\/\/roveyayinevi.com.tr\/index.php\/urun\/elveda-sultan-murat\/"},"modified":"2026-04-16T02:35:59","modified_gmt":"2026-04-15T23:35:59","slug":"elveda-sultan-murat","status":"publish","type":"product","link":"https:\/\/roveyayinevi.com.tr\/index.php\/urun\/elveda-sultan-murat\/","title":{"rendered":"Elveda Sultan Murat"},"content":{"rendered":"<p>Dervi\u015f efendi, Abdurrahman Hoca&#8217;n\u0131n y\u00fck\u00fcn\u00fc bir nebze hafifletmek i\u00e7in s\u00f6ze girdi: \u201cBizler Evlad-\u0131 Fatihan\u0131z beyler! Hepimiz ecdad\u0131m\u0131z\u0131n \u015fu topraklardaki cengaverlikleriyle, kahramanl\u0131klar\u0131yla b\u00fcy\u00fcd\u00fck. Camilerimizde, kahvelerimizde b\u00fcy\u00fcklerimizden bu destanlar\u0131 dinledik. Analar\u0131m\u0131z, \u015eehit Sultan&#8217;\u0131 ninni yapt\u0131, s\u00f6yledi kula\u011f\u0131m\u0131za. Lakin ne yapal\u0131m, emir devletten olunca ba\u011fr\u0131m\u0131za ta\u015f basaca\u011f\u0131z. Di\u011fer yandan sava\u015fal\u0131m desek m\u00fchimmat, k\u0131l\u0131\u00e7, at, erzak\u2026 Bunlar bizi ne kadar g\u00f6t\u00fcr\u00fcr. \u00d6lelim \u00f6lmesine, \u00f6l\u00fcmden korkan namerttir. Fakat unutmayal\u0131m, \u015fu anda k\u00f6ylerimiz Yunan devletinin idaresinde efendiler!\u201d * * * * * \u00d6m\u00fcrlerini Balkan T\u00fcrkl\u00fc\u011f\u00fcne ve Devlet-i \u00c2li&#8217;nin bekas\u0131na adam\u0131\u015f be\u015f k\u00f6y\u00fcn, do\u011fup b\u00fcy\u00fcd\u00fckleri topraklara h\u00fcz\u00fcnl\u00fc vedas\u0131\u2026 Bir f\u0131rt\u0131nan\u0131n tuttu\u011fu ve garip bir ku\u015f gibi savurdu\u011fu Tanr\u0131 Da\u011f\u0131 Y\u00f6r\u00fcklerinin \u00e7ileli vedalar\u0131 ve bir milletin makus talihi\u2026 Hepsi bu hik\u00e2yede. <span>Tan\u0131t\u0131m<\/p>\n","protected":false},"excerpt":{"rendered":"<p>Dervi\u015f efendi, Abdurrahman Hoca&#8217;n\u0131n y\u00fck\u00fcn\u00fc bir nebze hafifletmek i\u00e7in s\u00f6ze girdi: \u201cBizler Evlad-\u0131 Fatihan\u0131z beyler! Hepimiz ecdad\u0131m\u0131z\u0131n \u015fu topraklardaki cengaverlikleriyle, kahramanl\u0131klar\u0131yla b\u00fcy\u00fcd\u00fck. Camilerimizde, kahvelerimizde b\u00fcy\u00fcklerimizden bu<span class=\"excerpt-hellip\"> [\u2026]<\/span><\/p>\n","protected":false},"featured_media":0,"template":"","meta":{"_monsterinsights_skip_tracking":false,"_monsterinsights_sitenote_active":false,"_monsterinsights_sitenote_note":"","_monsterinsights_sitenote_category":0},"product_brand":[],"product_cat":[12291,12745],"product_tag":[],"class_list":{"0":"post-728360","1":"product","2":"type-product","3":"status-publish","5":"product_cat-edebiyat","6":"product_cat-tarihi-roman","7":"pa_cilt-ciltsiz","8":"pa_tur-kitap","9":"pa_yayinevi-cinaralti-yayinlari","10":"pa_yazar-oktay-ferik","12":"first","13":"instock","14":"sale","15":"shipping-taxable","16":"purchasable","17":"product-type-simple"},"_links":{"self":[{"href":"https:\/\/roveyayinevi.com.tr\/index.php\/wp-json\/wp\/v2\/product\/728360","targetHints":{"allow":["GET"]}}],"collection":[{"href":"https:\/\/roveyayinevi.com.tr\/index.php\/wp-json\/wp\/v2\/product"}],"about":[{"href":"https:\/\/roveyayinevi.com.tr\/index.php\/wp-json\/wp\/v2\/types\/product"}],"wp:attachment":[{"href":"https:\/\/roveyayinevi.com.tr\/index.php\/wp-json\/wp\/v2\/media?parent=728360"}],"wp:term":[{"taxonomy":"product_brand","embeddable":true,"href":"https:\/\/roveyayinevi.com.tr\/index.php\/wp-json\/wp\/v2\/product_brand?post=728360"},{"taxonomy":"product_cat","embeddable":true,"href":"https:\/\/roveyayinevi.com.tr\/index.php\/wp-json\/wp\/v2\/product_cat?post=728360"},{"taxonomy":"product_tag","embeddable":true,"href":"https:\/\/roveyayinevi.com.tr\/index.php\/wp-json\/wp\/v2\/product_tag?post=728360"}],"curies":[{"name":"wp","href":"https:\/\/api.w.org\/{rel}","templated":true}]}}