{"id":728355,"date":"2025-08-27T20:37:51","date_gmt":"2025-08-27T17:37:51","guid":{"rendered":"https:\/\/roveyayinevi.com.tr\/index.php\/urun\/kendimi-formatladim\/"},"modified":"2026-04-11T13:55:21","modified_gmt":"2026-04-11T10:55:21","slug":"kendimi-formatladim","status":"publish","type":"product","link":"https:\/\/roveyayinevi.com.tr\/index.php\/urun\/kendimi-formatladim\/","title":{"rendered":"Kendimi Formatlad\u0131m"},"content":{"rendered":"<p>Bu kitab\u0131n muhatab\u0131 kendi nefsim oldu\u011fu i\u00e7in \u201cKEND\u0130M\u0130 FORMATLADIM\u201d ad\u0131n\u0131 verdim. Benim kimseyle derdim, sorunum yok. Ben, kendi nefsimden dertliyim. Nefsim beni tuza\u011f\u0131na d\u00fc\u015f\u00fcrmek i\u00e7in her an pusuda bekliyor. Bir d\u00fc\u015fman gibi f\u0131rsat kolluyor. D\u00fc\u015fmana yenilmemek i\u00e7in rehberim olan Kur\u2019an ve s\u00fcnnete ba\u015fvurdum. Hayat k\u0131lavuzumdan ald\u0131\u011f\u0131m hakikatleri mihenk ta\u015f\u0131 kabul ederek nefsime bakt\u0131m. Me\u011fer ne \u00e7ok kusurum varm\u0131\u015f. Nefsim onlar\u0131n \u00fczerini \u00f6rtm\u00fc\u015f, bunu da bir meziyetmi\u015f gibi g\u00f6stermeye kalkm\u0131\u015f. Devaml\u0131 ba\u015fkalar\u0131n\u0131n kusurlar\u0131n\u0131 f\u0131s\u0131ldad\u0131\u011f\u0131ndan kendi kusurlar\u0131m\u0131 g\u00f6rememi\u015fim. Oysa ba\u015fkalar\u0131na g\u00fcc\u00fcm yetmez. Ancak kendimi de\u011fi\u015ftirebilirim, kendi nefsimi terbiye edebilirim. Selim bir kalbe sahip olabilirim. Ben de\u011fi\u015firsem, toplum de\u011fi\u015fir. Siz de \u201cBismillah\u201d deyip kendinize format atmaya haz\u0131r m\u0131s\u0131n\u0131z? <span>Tan\u0131t\u0131m<\/p>\n","protected":false},"excerpt":{"rendered":"<p>Bu kitab\u0131n muhatab\u0131 kendi nefsim oldu\u011fu i\u00e7in \u201cKEND\u0130M\u0130 FORMATLADIM\u201d ad\u0131n\u0131 verdim. Benim kimseyle derdim, sorunum yok. Ben, kendi nefsimden dertliyim. Nefsim beni tuza\u011f\u0131na d\u00fc\u015f\u00fcrmek i\u00e7in her<span class=\"excerpt-hellip\"> [\u2026]<\/span><\/p>\n","protected":false},"featured_media":0,"template":"","meta":{"_monsterinsights_skip_tracking":false,"_monsterinsights_sitenote_active":false,"_monsterinsights_sitenote_note":"","_monsterinsights_sitenote_category":0},"product_brand":[],"product_cat":[12364,12376],"product_tag":[],"class_list":{"0":"post-728355","1":"product","2":"type-product","3":"status-publish","5":"product_cat-genel-konular","6":"product_cat-kisisel-gelisim","7":"pa_cilt-ciltsiz","8":"pa_tur-kitap","9":"pa_yayinevi-cinaralti-yayinlari","10":"pa_yazar-uzeyir-yazici","12":"first","13":"instock","14":"sale","15":"shipping-taxable","16":"purchasable","17":"product-type-simple"},"_links":{"self":[{"href":"https:\/\/roveyayinevi.com.tr\/index.php\/wp-json\/wp\/v2\/product\/728355","targetHints":{"allow":["GET"]}}],"collection":[{"href":"https:\/\/roveyayinevi.com.tr\/index.php\/wp-json\/wp\/v2\/product"}],"about":[{"href":"https:\/\/roveyayinevi.com.tr\/index.php\/wp-json\/wp\/v2\/types\/product"}],"wp:attachment":[{"href":"https:\/\/roveyayinevi.com.tr\/index.php\/wp-json\/wp\/v2\/media?parent=728355"}],"wp:term":[{"taxonomy":"product_brand","embeddable":true,"href":"https:\/\/roveyayinevi.com.tr\/index.php\/wp-json\/wp\/v2\/product_brand?post=728355"},{"taxonomy":"product_cat","embeddable":true,"href":"https:\/\/roveyayinevi.com.tr\/index.php\/wp-json\/wp\/v2\/product_cat?post=728355"},{"taxonomy":"product_tag","embeddable":true,"href":"https:\/\/roveyayinevi.com.tr\/index.php\/wp-json\/wp\/v2\/product_tag?post=728355"}],"curies":[{"name":"wp","href":"https:\/\/api.w.org\/{rel}","templated":true}]}}