{"id":728352,"date":"2025-08-27T20:37:49","date_gmt":"2025-08-27T17:37:49","guid":{"rendered":"https:\/\/roveyayinevi.com.tr\/index.php\/urun\/ne-adam-ne-hayvan\/"},"modified":"2026-04-16T02:35:59","modified_gmt":"2026-04-15T23:35:59","slug":"ne-adam-ne-hayvan","status":"publish","type":"product","link":"https:\/\/roveyayinevi.com.tr\/index.php\/urun\/ne-adam-ne-hayvan\/","title":{"rendered":"Ne Adam Ne Hayvan"},"content":{"rendered":"<p>Feminist-vejetaryen ele\u015ftirel teorinin en \u00f6nemli eserlerinden biri kabul edilen Etin Cinsel Politikas\u0131\u2019n\u0131n yazar\u0131 Carol J. Adams bu kitab\u0131nda hayvan haklar\u0131n\u0131 ve \u00e7evrecili\u011fi savunmakla feminizmin nas\u0131l ve neden i\u00e7 i\u00e7e ge\u00e7mesi gerekti\u011fini \u00e7arp\u0131c\u0131 bir bi\u00e7imde ortaya koyuyor. Modern Bat\u0131 ku\u0308ltu\u0308ru\u0308nde ve tu\u0308ketim al\u0131\u015fkanl\u0131klar\u0131nda, hayvanlara ve kad\u0131nlara y\u00f6nelik sistematik s\u00f6mu\u0308ru\u0308nu\u0308n ard\u0131nda yatan ku\u0308ltu\u0308rel davran\u0131\u015flar\u0131 ustal\u0131kla irdeliyor. Ele\u015ftirel hayvan \u00e7al\u0131\u015fmalar\u0131 ve veganl\u0131k literatu\u0308ru\u0308ndeki tart\u0131\u015fmalardan beslenen yazar, okura eko-feminizmden \u00e7evre ahl\u00e2k\u0131na ve teolojik perspektiflere uzanan geni\u015f bir \u00e7er\u00e7eve \u00e7izmekle kalm\u0131yor ayn\u0131 zamanda onu eyleme \u00e7a\u011f\u0131r\u0131yor. <\/p>\n","protected":false},"excerpt":{"rendered":"<p>Feminist-vejetaryen ele\u015ftirel teorinin en \u00f6nemli eserlerinden biri kabul edilen Etin Cinsel Politikas\u0131\u2019n\u0131n yazar\u0131 Carol J. Adams bu kitab\u0131nda hayvan haklar\u0131n\u0131 ve \u00e7evrecili\u011fi savunmakla feminizmin nas\u0131l ve<span class=\"excerpt-hellip\"> [\u2026]<\/span><\/p>\n","protected":false},"featured_media":0,"template":"","meta":{"_monsterinsights_skip_tracking":false,"_monsterinsights_sitenote_active":false,"_monsterinsights_sitenote_note":"","_monsterinsights_sitenote_category":0},"product_brand":[],"product_cat":[12365,12364],"product_tag":[],"class_list":{"0":"post-728352","1":"product","2":"type-product","3":"status-publish","5":"product_cat-diger-genel-konular","6":"product_cat-genel-konular","7":"pa_cilt-ciltsiz","8":"pa_tur-kitap","9":"pa_yayinevi-ayrinti-yayinlari","10":"pa_yazar-carol-j-adams","12":"first","13":"instock","14":"sale","15":"shipping-taxable","16":"purchasable","17":"product-type-simple"},"_links":{"self":[{"href":"https:\/\/roveyayinevi.com.tr\/index.php\/wp-json\/wp\/v2\/product\/728352","targetHints":{"allow":["GET"]}}],"collection":[{"href":"https:\/\/roveyayinevi.com.tr\/index.php\/wp-json\/wp\/v2\/product"}],"about":[{"href":"https:\/\/roveyayinevi.com.tr\/index.php\/wp-json\/wp\/v2\/types\/product"}],"wp:attachment":[{"href":"https:\/\/roveyayinevi.com.tr\/index.php\/wp-json\/wp\/v2\/media?parent=728352"}],"wp:term":[{"taxonomy":"product_brand","embeddable":true,"href":"https:\/\/roveyayinevi.com.tr\/index.php\/wp-json\/wp\/v2\/product_brand?post=728352"},{"taxonomy":"product_cat","embeddable":true,"href":"https:\/\/roveyayinevi.com.tr\/index.php\/wp-json\/wp\/v2\/product_cat?post=728352"},{"taxonomy":"product_tag","embeddable":true,"href":"https:\/\/roveyayinevi.com.tr\/index.php\/wp-json\/wp\/v2\/product_tag?post=728352"}],"curies":[{"name":"wp","href":"https:\/\/api.w.org\/{rel}","templated":true}]}}