{"id":728345,"date":"2025-08-27T20:37:41","date_gmt":"2025-08-27T17:37:41","guid":{"rendered":"https:\/\/roveyayinevi.com.tr\/index.php\/urun\/iyilik-guzellik\/"},"modified":"2026-04-16T02:35:59","modified_gmt":"2026-04-15T23:35:59","slug":"iyilik-guzellik","status":"publish","type":"product","link":"https:\/\/roveyayinevi.com.tr\/index.php\/urun\/iyilik-guzellik\/","title":{"rendered":"\u0130yilik G\u00fczellik"},"content":{"rendered":"<p>Gezegenin her yerinde insani de\u011ferler sald\u0131r\u0131 alt\u0131nda. K\u00f6t\u00fcl\u00fck ile iyilik, do\u011fru ile yanl\u0131\u015f, g\u00fczel ile \u00e7irkin h\u0131zla  yer de\u011fi\u015ftiriyor. \u0130ktidar\u0131n en \u00fcst katlar\u0131ndan ba\u015flayarak a\u015fa\u011f\u0131ya, sokaklara do\u011fru, k\u00f6t\u00fc,\u00e7irkin ve yanl\u0131\u015f \u00f6nce kural haline getirildi, \u015fimdi de y\u00fczs\u00fczce y\u00fcceltiliyor.  Bizim ise h\u00e2l\u00e2 iyili\u011fe bir s\u00f6z\u00fcm\u00fcz var. Ece Temelkuran, iyiyi, g\u00fczeli ve do\u011fruyu s\u00f6zc\u00fcklerle yeniden dokuyor. \u0130yilik G\u00fczellik insan\u0131 s\u00f6k\u00fcld\u00fc\u011f\u00fc  yerden bir kez daha dikiyor.  <\/p>\n","protected":false},"excerpt":{"rendered":"<p>Gezegenin her yerinde insani de\u011ferler sald\u0131r\u0131 alt\u0131nda. K\u00f6t\u00fcl\u00fck ile iyilik, do\u011fru ile yanl\u0131\u015f, g\u00fczel ile \u00e7irkin h\u0131zla yer de\u011fi\u015ftiriyor. \u0130ktidar\u0131n en \u00fcst katlar\u0131ndan ba\u015flayarak a\u015fa\u011f\u0131ya, sokaklara<span class=\"excerpt-hellip\"> [\u2026]<\/span><\/p>\n","protected":false},"featured_media":0,"template":"","meta":{"_monsterinsights_skip_tracking":false,"_monsterinsights_sitenote_active":false,"_monsterinsights_sitenote_note":"","_monsterinsights_sitenote_category":0},"product_brand":[],"product_cat":[12777,12291],"product_tag":[],"class_list":{"0":"post-728345","1":"product","2":"type-product","3":"status-publish","5":"product_cat-deneme","6":"product_cat-edebiyat","7":"pa_cilt-ciltsiz","8":"pa_tur-kitap","9":"pa_yayinevi-everest-yayinlari","10":"pa_yazar-ece-temelkuran","12":"first","13":"instock","14":"sale","15":"shipping-taxable","16":"purchasable","17":"product-type-simple"},"_links":{"self":[{"href":"https:\/\/roveyayinevi.com.tr\/index.php\/wp-json\/wp\/v2\/product\/728345","targetHints":{"allow":["GET"]}}],"collection":[{"href":"https:\/\/roveyayinevi.com.tr\/index.php\/wp-json\/wp\/v2\/product"}],"about":[{"href":"https:\/\/roveyayinevi.com.tr\/index.php\/wp-json\/wp\/v2\/types\/product"}],"wp:attachment":[{"href":"https:\/\/roveyayinevi.com.tr\/index.php\/wp-json\/wp\/v2\/media?parent=728345"}],"wp:term":[{"taxonomy":"product_brand","embeddable":true,"href":"https:\/\/roveyayinevi.com.tr\/index.php\/wp-json\/wp\/v2\/product_brand?post=728345"},{"taxonomy":"product_cat","embeddable":true,"href":"https:\/\/roveyayinevi.com.tr\/index.php\/wp-json\/wp\/v2\/product_cat?post=728345"},{"taxonomy":"product_tag","embeddable":true,"href":"https:\/\/roveyayinevi.com.tr\/index.php\/wp-json\/wp\/v2\/product_tag?post=728345"}],"curies":[{"name":"wp","href":"https:\/\/api.w.org\/{rel}","templated":true}]}}