{"id":728343,"date":"2025-08-27T20:37:39","date_gmt":"2025-08-27T17:37:39","guid":{"rendered":"https:\/\/roveyayinevi.com.tr\/index.php\/urun\/bogazin-dort-muhafizi\/"},"modified":"2026-04-16T02:35:58","modified_gmt":"2026-04-15T23:35:58","slug":"bogazin-dort-muhafizi","status":"publish","type":"product","link":"https:\/\/roveyayinevi.com.tr\/index.php\/urun\/bogazin-dort-muhafizi\/","title":{"rendered":"Bo\u011faz\u0131n D\u00f6rt Muhaf\u0131z\u0131"},"content":{"rendered":"<p>\u0130stanbul Bo\u011faz\u0131\u2026 \u0130\u00e7inden deniz ge\u00e7en \u015fehrin gerdan\u0131\u2026 Orada mazinin diriltici safl\u0131\u011f\u0131, g\u00f6ky\u00fcz\u00fc kadar parlak de\u011fil mi? Burada hayat bulmu\u015f \u00f6yk\u00fcler, uyku de\u011fil h\u00e2l\u00e2 g\u00f6r\u00fclen bir r\u00fcya. Bu y\u00fczden ara ara zaman\u0131n perdesini s\u0131y\u0131r\u0131p; kar\u015f\u0131m\u0131za \u00e7\u0131kan dejavular, hakikat denizinde seyahat etmemizi sa\u011flayan sessiz gemi\u2019ler asl\u0131nda.Belle\u011fimizin ardiyelerinde as\u0131l\u0131 duran levhalar, kalbi \u0131l\u0131yan hemen herkesi ayd\u0131nl\u0131\u011fa; ama en \u00e7ok da h\u00fczn\u00fcm\u00fcz\u00fcn mayas\u0131na y\u00f6nlendiriyor.Ol sebepten kurmaca ile ger\u00e7e\u011fin tahterevallisinde bir a\u015fa\u011f\u0131 bir yukar\u0131 seyreden ruhumuz, hat\u0131ralar\u0131 say\u0131kl\u0131yor. Bu terenn\u00fcmleri, hi\u00e7 \u015f\u00fcphe etmeden; ahiret rivayetleri say\u0131yoruz. \u201c\u00c7\u00fcnk\u00fc kentin izini s\u00fcrmeye yeltenmek, kendi ruhunu tamamlaya y\u00f6nelik bir y\u00fcr\u00fcy\u00fc\u015ft\u00fcr.\u201d diyen yazar, \u015fehrin mazisiyle ya\u015fad\u0131\u011f\u0131 saatleri birle\u015ftiriyor, ikinci zaman\u2019\u0131n kap\u0131s\u0131n\u0131 aral\u0131yor.   Samet Alt\u0131nta\u015f, Bo\u011faz\u2019\u0131n D\u00f6rt Muhaf\u0131z\u2019\u0131; Aziz Mahmud H\u00fcd\u00e2y\u00ee, Be\u015fikta\u015fl\u0131 Yahya Efendi, Y\u00fb\u015f\u00e2 Aleyhisselam ve Telli Baba \u00fczerinden bir \u0130stanbul foto\u011fraf\u0131 \u00e7ekiyor<\/p>\n","protected":false},"excerpt":{"rendered":"<p>\u0130stanbul Bo\u011faz\u0131\u2026 \u0130\u00e7inden deniz ge\u00e7en \u015fehrin gerdan\u0131\u2026 Orada mazinin diriltici safl\u0131\u011f\u0131, g\u00f6ky\u00fcz\u00fc kadar parlak de\u011fil mi? Burada hayat bulmu\u015f \u00f6yk\u00fcler, uyku de\u011fil h\u00e2l\u00e2 g\u00f6r\u00fclen bir r\u00fcya.<span class=\"excerpt-hellip\"> [\u2026]<\/span><\/p>\n","protected":false},"featured_media":0,"template":"","meta":{"_monsterinsights_skip_tracking":false,"_monsterinsights_sitenote_active":false,"_monsterinsights_sitenote_note":"","_monsterinsights_sitenote_category":0},"product_brand":[],"product_cat":[12370,12304],"product_tag":[],"class_list":{"0":"post-728343","1":"product","2":"type-product","3":"status-publish","5":"product_cat-arastirma-inceleme","6":"product_cat-tarih","7":"pa_cilt-ciltsiz","8":"pa_tur-kitap","9":"pa_yayinevi-timas-yayinlari","10":"pa_yazar-samet-altintas","12":"first","13":"instock","14":"sale","15":"shipping-taxable","16":"purchasable","17":"product-type-simple"},"_links":{"self":[{"href":"https:\/\/roveyayinevi.com.tr\/index.php\/wp-json\/wp\/v2\/product\/728343","targetHints":{"allow":["GET"]}}],"collection":[{"href":"https:\/\/roveyayinevi.com.tr\/index.php\/wp-json\/wp\/v2\/product"}],"about":[{"href":"https:\/\/roveyayinevi.com.tr\/index.php\/wp-json\/wp\/v2\/types\/product"}],"wp:attachment":[{"href":"https:\/\/roveyayinevi.com.tr\/index.php\/wp-json\/wp\/v2\/media?parent=728343"}],"wp:term":[{"taxonomy":"product_brand","embeddable":true,"href":"https:\/\/roveyayinevi.com.tr\/index.php\/wp-json\/wp\/v2\/product_brand?post=728343"},{"taxonomy":"product_cat","embeddable":true,"href":"https:\/\/roveyayinevi.com.tr\/index.php\/wp-json\/wp\/v2\/product_cat?post=728343"},{"taxonomy":"product_tag","embeddable":true,"href":"https:\/\/roveyayinevi.com.tr\/index.php\/wp-json\/wp\/v2\/product_tag?post=728343"}],"curies":[{"name":"wp","href":"https:\/\/api.w.org\/{rel}","templated":true}]}}