{"id":728320,"date":"2025-08-27T20:37:16","date_gmt":"2025-08-27T17:37:16","guid":{"rendered":"https:\/\/roveyayinevi.com.tr\/index.php\/urun\/anadolu-koklerini-arayis\/"},"modified":"2026-04-16T02:35:58","modified_gmt":"2026-04-15T23:35:58","slug":"anadolu-koklerini-arayis","status":"publish","type":"product","link":"https:\/\/roveyayinevi.com.tr\/index.php\/urun\/anadolu-koklerini-arayis\/","title":{"rendered":"Anadolu K\u00f6klerini Aray\u0131\u015f"},"content":{"rendered":"<p>Anadolu K\u00f6klerini Aray\u0131\u015f ba\u015fl\u0131\u011f\u0131 alt\u0131nda ilk defa okuruyla bulu\u015fan Tahir ile Z\u00fchre, Siy\u00e2vu\u015f veya Hayalperest ve Dib\u00e2\u00e7e-i Mesnev\u00ee\u2019yi Hilmi Ziya \u00dclken\u2019in 1919-1921 y\u0131llar\u0131 aras\u0131nda Anadolulunun Bug\u00fcnk\u00fc Vazifeleri ve Anadolu\u2019nun Hakiki Merkezi\u2019nde ortaya koydu\u011fu, kariyeri boyunca geli\u015ferek i\u015flevsel kalan Anadolucu k\u00fclt\u00fcrel program \u00e7er\u00e7evesinde edeb\u00ee aray\u0131\u015flar\u0131 olarak g\u00f6rebiliriz. 1921 tarihli manzum tiyatro Tahir ile Z\u00fchre, bu k\u00fclt\u00fcrel programla sunulan destan telakkisinin elimize ula\u015fm\u0131\u015f erken \u00f6rne\u011fidir. Hilmi Ziya, Anadolulunun Bug\u00fcnk\u00fc Vazifeleri\u2019nde \u201cmevzuu Anadolu\u2019da olan lirik destanlar\u201d i\u00e7inde zikretti\u011fi, Anadolu\u2019nun Hakiki Merkezi\u2019nde K\u00f6ro\u011flu, Battal Gazi, Kerem ile Asl\u0131, \u00c2\u015f\u0131k Garip ile birlikte \u201cdo\u011frudan do\u011fruya Anadolu \u00f6rf\u00fcn\u00fcn yaratt\u0131\u011f\u0131 eserler\u201d i\u00e7inde sayd\u0131\u011f\u0131 Tahir ile Z\u00fchre anlat\u0131s\u0131n\u0131 Wagner\u2019in Niebelungen\u2019in Y\u00fcz\u00fc\u011f\u00fc (Der Ring des Nibelungen) tetralojisini model alarak yeniden kurguluyor. H\u00fcseyinz\u00e2de Ali Turan Bey\u2019in te\u015fvik ve tavsiyesiyle 1921\u2019de yazmaya ba\u015flay\u0131p 1931\u2019de tamamlad\u0131\u011f\u0131 mensur tiyatro Siy\u00e2vu\u015f veya Hayalperest, konusunu Firdevs\u00ee\u2019nin \u015eahn\u00e2me\u2019sindeki Siy\u00e2vu\u015f hik\u00e2yesinden al\u0131yor. H\u00fcseyinz\u00e2de\u2019nin \u201c\u015eark H\u00fcmanizmas\u0131\u201d tezine yaslanarak planland\u0131\u011f\u0131 eserde Hilmi Ziya, Siy\u00e2vu\u015f\u2019un hik\u00e2yesi \u00fczerinden kendi \u201c\u0130nsani Vatanperverlik\u201d kavray\u0131\u015f\u0131n\u0131 dramatize ediyor. Vefat\u0131ndan k\u0131sa s\u00fcre \u00f6nce, 1973\u2019te tamamlad\u0131\u011f\u0131 Dib\u00e2\u00e7e-i Mesnev\u00ee\u2019de ise Anadolu klasik tasavvufunun, y\u00fcksek tabakalardaki te\u015fekk\u00fcl\u00fc demek olan Mevl\u00e2n\u00e2\u2019y\u0131 ve k\u00fctleye do\u011fru inerek milletin i\u00e7ine sokulmas\u0131 demek olan Yunus\u2019u ayn\u0131 anda ve birlikte cevapl\u0131yor. <\/p>\n","protected":false},"excerpt":{"rendered":"<p>Anadolu K\u00f6klerini Aray\u0131\u015f ba\u015fl\u0131\u011f\u0131 alt\u0131nda ilk defa okuruyla bulu\u015fan Tahir ile Z\u00fchre, Siy\u00e2vu\u015f veya Hayalperest ve Dib\u00e2\u00e7e-i Mesnev\u00ee\u2019yi Hilmi Ziya \u00dclken\u2019in 1919-1921 y\u0131llar\u0131 aras\u0131nda Anadolulunun Bug\u00fcnk\u00fc<span class=\"excerpt-hellip\"> [\u2026]<\/span><\/p>\n","protected":false},"featured_media":0,"template":"","meta":{"_monsterinsights_skip_tracking":false,"_monsterinsights_sitenote_active":false,"_monsterinsights_sitenote_note":"","_monsterinsights_sitenote_category":0},"product_brand":[],"product_cat":[13072,12291],"product_tag":[],"class_list":{"0":"post-728320","1":"product","2":"type-product","3":"status-publish","5":"product_cat-arastirma-inceleme-referans","6":"product_cat-edebiyat","7":"pa_cilt-ciltsiz","8":"pa_tur-kitap","9":"pa_yayinevi-dogu-bati-yayinlari","10":"pa_yazar-hilmi-ziya-ulken","12":"first","13":"instock","14":"sale","15":"shipping-taxable","16":"purchasable","17":"product-type-simple"},"_links":{"self":[{"href":"https:\/\/roveyayinevi.com.tr\/index.php\/wp-json\/wp\/v2\/product\/728320","targetHints":{"allow":["GET"]}}],"collection":[{"href":"https:\/\/roveyayinevi.com.tr\/index.php\/wp-json\/wp\/v2\/product"}],"about":[{"href":"https:\/\/roveyayinevi.com.tr\/index.php\/wp-json\/wp\/v2\/types\/product"}],"wp:attachment":[{"href":"https:\/\/roveyayinevi.com.tr\/index.php\/wp-json\/wp\/v2\/media?parent=728320"}],"wp:term":[{"taxonomy":"product_brand","embeddable":true,"href":"https:\/\/roveyayinevi.com.tr\/index.php\/wp-json\/wp\/v2\/product_brand?post=728320"},{"taxonomy":"product_cat","embeddable":true,"href":"https:\/\/roveyayinevi.com.tr\/index.php\/wp-json\/wp\/v2\/product_cat?post=728320"},{"taxonomy":"product_tag","embeddable":true,"href":"https:\/\/roveyayinevi.com.tr\/index.php\/wp-json\/wp\/v2\/product_tag?post=728320"}],"curies":[{"name":"wp","href":"https:\/\/api.w.org\/{rel}","templated":true}]}}