{"id":728313,"date":"2025-08-27T20:37:10","date_gmt":"2025-08-27T17:37:10","guid":{"rendered":"https:\/\/roveyayinevi.com.tr\/index.php\/urun\/saglik-kurumlarinda-stratejik-yonetim-araclari\/"},"modified":"2026-04-16T02:35:58","modified_gmt":"2026-04-15T23:35:58","slug":"saglik-kurumlarinda-stratejik-yonetim-araclari","status":"publish","type":"product","link":"https:\/\/roveyayinevi.com.tr\/index.php\/urun\/saglik-kurumlarinda-stratejik-yonetim-araclari\/","title":{"rendered":"Sa\u011fl\u0131k Kurumlar\u0131nda Stratejik Y\u00f6netim Ara\u00e7lar\u0131"},"content":{"rendered":"<p>\u0130\u00e7indekiler Birinci B\u00f6l\u00fcm \u2013 Stratejik Y\u00f6netim \u0130kinci B\u00f6l\u00fcm \u2013 Stratejik Y\u00f6netim Ara\u00e7lar\u0131 \u00dc\u00e7\u00fcnc\u00fc B\u00f6l\u00fcm \u2013 Kamu Ve \u00d6zel Hastanelerdeki Y\u00f6neticilerin Stratejik Y\u00f6netim Ara\u00e7lar\u0131 Kullan\u0131m G\u00f6r\u00fc\u015fleri Hakk\u0131nda Kar\u015f\u0131la\u015ft\u0131rmal\u0131 Bir Ara\u015ft\u0131rma D\u00f6rd\u00fcnc\u00fc B\u00f6l\u00fcm \u2013 Bulgular Ve Tart\u0131\u015fma <\/p>\n","protected":false},"excerpt":{"rendered":"<p>\u0130\u00e7indekiler Birinci B\u00f6l\u00fcm \u2013 Stratejik Y\u00f6netim \u0130kinci B\u00f6l\u00fcm \u2013 Stratejik Y\u00f6netim Ara\u00e7lar\u0131 \u00dc\u00e7\u00fcnc\u00fc B\u00f6l\u00fcm \u2013 Kamu Ve \u00d6zel Hastanelerdeki Y\u00f6neticilerin Stratejik Y\u00f6netim Ara\u00e7lar\u0131 Kullan\u0131m G\u00f6r\u00fc\u015fleri Hakk\u0131nda<span class=\"excerpt-hellip\"> [\u2026]<\/span><\/p>\n","protected":false},"featured_media":0,"template":"","meta":{"_monsterinsights_skip_tracking":false,"_monsterinsights_sitenote_active":false,"_monsterinsights_sitenote_note":"","_monsterinsights_sitenote_category":0},"product_brand":[],"product_cat":[13366,13365],"product_tag":[],"class_list":{"0":"post-728313","1":"product","2":"type-product","3":"status-publish","5":"product_cat-diger-saglik","6":"product_cat-saglik","7":"pa_cilt-ciltsiz","8":"pa_tur-kitap","9":"pa_yayinevi-gazi-kitabevi","10":"pa_yazar-altug-cagatay-zekai-ozturk","12":"first","13":"instock","14":"sale","15":"shipping-taxable","16":"purchasable","17":"product-type-simple"},"_links":{"self":[{"href":"https:\/\/roveyayinevi.com.tr\/index.php\/wp-json\/wp\/v2\/product\/728313","targetHints":{"allow":["GET"]}}],"collection":[{"href":"https:\/\/roveyayinevi.com.tr\/index.php\/wp-json\/wp\/v2\/product"}],"about":[{"href":"https:\/\/roveyayinevi.com.tr\/index.php\/wp-json\/wp\/v2\/types\/product"}],"wp:attachment":[{"href":"https:\/\/roveyayinevi.com.tr\/index.php\/wp-json\/wp\/v2\/media?parent=728313"}],"wp:term":[{"taxonomy":"product_brand","embeddable":true,"href":"https:\/\/roveyayinevi.com.tr\/index.php\/wp-json\/wp\/v2\/product_brand?post=728313"},{"taxonomy":"product_cat","embeddable":true,"href":"https:\/\/roveyayinevi.com.tr\/index.php\/wp-json\/wp\/v2\/product_cat?post=728313"},{"taxonomy":"product_tag","embeddable":true,"href":"https:\/\/roveyayinevi.com.tr\/index.php\/wp-json\/wp\/v2\/product_tag?post=728313"}],"curies":[{"name":"wp","href":"https:\/\/api.w.org\/{rel}","templated":true}]}}