{"id":728304,"date":"2025-08-27T20:37:02","date_gmt":"2025-08-27T17:37:02","guid":{"rendered":"https:\/\/roveyayinevi.com.tr\/index.php\/urun\/gizemli-yapragin-pesinde\/"},"modified":"2026-04-16T02:35:58","modified_gmt":"2026-04-15T23:35:58","slug":"gizemli-yapragin-pesinde","status":"publish","type":"product","link":"https:\/\/roveyayinevi.com.tr\/index.php\/urun\/gizemli-yapragin-pesinde\/","title":{"rendered":"Gizemli Yapra\u011f\u0131n Pe\u015finde"},"content":{"rendered":"<p>\u201cD\u00fcnyay\u0131 de\u011fi\u015ftirebilece\u011finizi hi\u00e7 d\u00fc\u015f\u00fcnd\u00fcn\u00fcz m\u00fc?En az\u0131ndan baz\u0131 \u015feyleri&#8230;S\u00fcper kahraman olmaktan bahsetmiyorum.Ola\u011fan\u00fcst\u00fc g\u00fc\u00e7lere de ihtiyac\u0131n\u0131z yok. Sadece \u00e7evremize biraz dikkatle bakmam\u0131z ve \u00e7aba g\u00f6stermemiz bunu ba\u015farmak i\u00e7in yeterli.\u201dOn iki ya\u015f\u0131nda Karadeniz\u2019in mavi ve ye\u015fillikleri i\u00e7erisinde ya\u015fayan s\u0131radan bir \u00e7ocu\u011fun hayat\u0131na sahip olan Hakan\u2019\u0131n arkada\u015flar\u0131yla birlikte ah\u015fap, terk edilmi\u015f kimsenin ilgilenmedi\u011fi bir eve girmesiyle hayat\u0131 de\u011fi\u015fir. Bu ev ger\u00e7ek mi yoksa hayal miydi?<\/p>\n","protected":false},"excerpt":{"rendered":"<p>\u201cD\u00fcnyay\u0131 de\u011fi\u015ftirebilece\u011finizi hi\u00e7 d\u00fc\u015f\u00fcnd\u00fcn\u00fcz m\u00fc?En az\u0131ndan baz\u0131 \u015feyleri&#8230;S\u00fcper kahraman olmaktan bahsetmiyorum.Ola\u011fan\u00fcst\u00fc g\u00fc\u00e7lere de ihtiyac\u0131n\u0131z yok. Sadece \u00e7evremize biraz dikkatle bakmam\u0131z ve \u00e7aba g\u00f6stermemiz bunu ba\u015farmak i\u00e7in<span class=\"excerpt-hellip\"> [\u2026]<\/span><\/p>\n","protected":false},"featured_media":0,"template":"","meta":{"_monsterinsights_skip_tracking":false,"_monsterinsights_sitenote_active":false,"_monsterinsights_sitenote_note":"","_monsterinsights_sitenote_category":0},"product_brand":[],"product_cat":[12274,12284],"product_tag":[],"class_list":{"0":"post-728304","1":"product","2":"type-product","3":"status-publish","5":"product_cat-cocuk-ve-genclik-kitaplari","6":"product_cat-hikayeler","7":"pa_cilt-ciltsiz","8":"pa_tur-kitap","9":"pa_yayinevi-erdem-cocuk","10":"pa_yazar-faruk-yildiz","12":"first","13":"instock","14":"sale","15":"shipping-taxable","16":"purchasable","17":"product-type-simple"},"_links":{"self":[{"href":"https:\/\/roveyayinevi.com.tr\/index.php\/wp-json\/wp\/v2\/product\/728304","targetHints":{"allow":["GET"]}}],"collection":[{"href":"https:\/\/roveyayinevi.com.tr\/index.php\/wp-json\/wp\/v2\/product"}],"about":[{"href":"https:\/\/roveyayinevi.com.tr\/index.php\/wp-json\/wp\/v2\/types\/product"}],"wp:attachment":[{"href":"https:\/\/roveyayinevi.com.tr\/index.php\/wp-json\/wp\/v2\/media?parent=728304"}],"wp:term":[{"taxonomy":"product_brand","embeddable":true,"href":"https:\/\/roveyayinevi.com.tr\/index.php\/wp-json\/wp\/v2\/product_brand?post=728304"},{"taxonomy":"product_cat","embeddable":true,"href":"https:\/\/roveyayinevi.com.tr\/index.php\/wp-json\/wp\/v2\/product_cat?post=728304"},{"taxonomy":"product_tag","embeddable":true,"href":"https:\/\/roveyayinevi.com.tr\/index.php\/wp-json\/wp\/v2\/product_tag?post=728304"}],"curies":[{"name":"wp","href":"https:\/\/api.w.org\/{rel}","templated":true}]}}