{"id":728303,"date":"2025-08-27T20:37:01","date_gmt":"2025-08-27T17:37:01","guid":{"rendered":"https:\/\/roveyayinevi.com.tr\/index.php\/urun\/ataturk-ve-kafkasya-azerbaycan-ermenistan-gurcistan\/"},"modified":"2026-04-16T02:35:58","modified_gmt":"2026-04-15T23:35:58","slug":"ataturk-ve-kafkasya-azerbaycan-ermenistan-gurcistan","status":"publish","type":"product","link":"https:\/\/roveyayinevi.com.tr\/index.php\/urun\/ataturk-ve-kafkasya-azerbaycan-ermenistan-gurcistan\/","title":{"rendered":"Atat\u00fcrk ve Kafkasya Azerbaycan, Ermenistan, G\u00fcrcistan"},"content":{"rendered":"<p>Azerbaycan Ordusunun Ermenistan taraf\u0131ndan i\u015fgal edilmi\u015f vatan topraklar\u0131m\u0131z\u0131 kurtarmak i\u00e7in sava\u015ft\u0131\u011f\u0131 ve zafere ula\u015ft\u0131\u011f\u0131 ko\u015fullarda, Kafkaslar yeniden T\u00fcrkiye&#8217;nin ve d\u00fcnyan\u0131n g\u00fcndemine girmi\u015f bulunuyor. Kafkaslar&#8217;\u0131n g\u00fcndemden d\u00fc\u015fmeyece\u011fini saptamak i\u00e7in kahin olmaya gerek yok. \u00c7\u00fcnk\u00fc Kafkaslar, hem \u00f6nemli enerji kaynaklar\u0131na sahiptir hem de enerji yollar\u0131n\u0131n \u00fczerindedir. T\u00fcrkiye-Rusya dostlu\u011fu yine Kafkaslar&#8217;da s\u0131nav veriyor. \u00c7in&#8217;den gelen \u0130pek Yolu Kafkaslar&#8217;dan ge\u00e7iyor. Ba\u015f a\u015fa\u011f\u0131 giden ABD emperyalizmi Kafkaslar&#8217;da \u00fcslenme aray\u0131\u015flar\u0131 i\u00e7indedir. En \u00f6nemlisi, Do\u011fu Akdeniz ve g\u00fcney s\u0131n\u0131rlar\u0131ndan ABD-\u0130srail eksenli tehditlerle kar\u015f\u0131 kar\u015f\u0131ya bulunan T\u00fcrkiye&#8217;nin s\u0131rt\u0131n\u0131 dayad\u0131\u011f\u0131 co\u011frafya Kafkaslar&#8217;d\u0131r. O nedenle Atat\u00fcrk&#8217;\u00fcn Kafkaslar&#8217;a ili\u015fkin tecr\u00fcbe ve g\u00f6r\u00fc\u015flerini derleyen bu kitap, tarihsel i\u00e7eri\u011finin \u00f6tesinde bir de\u011fer ta\u015f\u0131maktad\u0131r. Atat\u00fcrk&#8217;\u00fcn Kafkas Seddi&#8217;ne kar\u015f\u0131 tavr\u0131 devlet y\u00f6neticileri i\u00e7in de askerler i\u00e7in de derin dersler i\u00e7ermektedir.<\/p>\n","protected":false},"excerpt":{"rendered":"<p>Azerbaycan Ordusunun Ermenistan taraf\u0131ndan i\u015fgal edilmi\u015f vatan topraklar\u0131m\u0131z\u0131 kurtarmak i\u00e7in sava\u015ft\u0131\u011f\u0131 ve zafere ula\u015ft\u0131\u011f\u0131 ko\u015fullarda, Kafkaslar yeniden T\u00fcrkiye&#8217;nin ve d\u00fcnyan\u0131n g\u00fcndemine girmi\u015f bulunuyor. Kafkaslar&#8217;\u0131n g\u00fcndemden d\u00fc\u015fmeyece\u011fini<span class=\"excerpt-hellip\"> [\u2026]<\/span><\/p>\n","protected":false},"featured_media":0,"template":"","meta":{"_monsterinsights_skip_tracking":false,"_monsterinsights_sitenote_active":false,"_monsterinsights_sitenote_note":"","_monsterinsights_sitenote_category":0},"product_brand":[],"product_cat":[12370,12304],"product_tag":[],"class_list":{"0":"post-728303","1":"product","2":"type-product","3":"status-publish","5":"product_cat-arastirma-inceleme","6":"product_cat-tarih","7":"pa_cilt-ciltsiz","8":"pa_tur-kitap","9":"pa_yayinevi-kaynak-yayinlari","10":"pa_yazar-mustafa-kemal-ataturk","12":"first","13":"instock","14":"sale","15":"shipping-taxable","16":"purchasable","17":"product-type-simple"},"_links":{"self":[{"href":"https:\/\/roveyayinevi.com.tr\/index.php\/wp-json\/wp\/v2\/product\/728303","targetHints":{"allow":["GET"]}}],"collection":[{"href":"https:\/\/roveyayinevi.com.tr\/index.php\/wp-json\/wp\/v2\/product"}],"about":[{"href":"https:\/\/roveyayinevi.com.tr\/index.php\/wp-json\/wp\/v2\/types\/product"}],"wp:attachment":[{"href":"https:\/\/roveyayinevi.com.tr\/index.php\/wp-json\/wp\/v2\/media?parent=728303"}],"wp:term":[{"taxonomy":"product_brand","embeddable":true,"href":"https:\/\/roveyayinevi.com.tr\/index.php\/wp-json\/wp\/v2\/product_brand?post=728303"},{"taxonomy":"product_cat","embeddable":true,"href":"https:\/\/roveyayinevi.com.tr\/index.php\/wp-json\/wp\/v2\/product_cat?post=728303"},{"taxonomy":"product_tag","embeddable":true,"href":"https:\/\/roveyayinevi.com.tr\/index.php\/wp-json\/wp\/v2\/product_tag?post=728303"}],"curies":[{"name":"wp","href":"https:\/\/api.w.org\/{rel}","templated":true}]}}