{"id":728292,"date":"2025-08-27T20:36:51","date_gmt":"2025-08-27T17:36:51","guid":{"rendered":"https:\/\/roveyayinevi.com.tr\/index.php\/urun\/cennet-cayirlarinda-yeni-bir-moda\/"},"modified":"2026-04-16T02:35:57","modified_gmt":"2026-04-15T23:35:57","slug":"cennet-cayirlarinda-yeni-bir-moda","status":"publish","type":"product","link":"https:\/\/roveyayinevi.com.tr\/index.php\/urun\/cennet-cayirlarinda-yeni-bir-moda\/","title":{"rendered":"Cennet \u00c7ay\u0131rlar\u0131\u2019nda Yeni Bir Moda"},"content":{"rendered":"<p>Cennet \u00c7ay\u0131rlar\u0131 Do\u011fa Park\u0131\u2019nda yepyeni bir oyun modas\u0131 ba\u015flam\u0131\u015ft\u0131: Kart Koleksiyonu! Z\u00fcri ve arkada\u015flar\u0131 da kart koleksiyonlar\u0131n\u0131 tamamlamak istiyordu ama nas\u0131l? Tak\u0131m \u00e7al\u0131\u015fmas\u0131, arkada\u015fl\u0131k ve payla\u015fman\u0131n g\u00fczelli\u011fi \u00fczerine tatl\u0131 bir hik\u00e2ye! <\/p>\n","protected":false},"excerpt":{"rendered":"<p>Cennet \u00c7ay\u0131rlar\u0131 Do\u011fa Park\u0131\u2019nda yepyeni bir oyun modas\u0131 ba\u015flam\u0131\u015ft\u0131: Kart Koleksiyonu! Z\u00fcri ve arkada\u015flar\u0131 da kart koleksiyonlar\u0131n\u0131 tamamlamak istiyordu ama nas\u0131l? Tak\u0131m \u00e7al\u0131\u015fmas\u0131, arkada\u015fl\u0131k ve payla\u015fman\u0131n<span class=\"excerpt-hellip\"> [\u2026]<\/span><\/p>\n","protected":false},"featured_media":0,"template":"","meta":{"_monsterinsights_skip_tracking":false,"_monsterinsights_sitenote_active":false,"_monsterinsights_sitenote_note":"","_monsterinsights_sitenote_category":0},"product_brand":[],"product_cat":[12274,12284],"product_tag":[],"class_list":{"0":"post-728292","1":"product","2":"type-product","3":"status-publish","5":"product_cat-cocuk-ve-genclik-kitaplari","6":"product_cat-hikayeler","7":"pa_cilt-ciltsiz","8":"pa_tur-kitap","9":"pa_yayinevi-indigo-cocuk","10":"pa_yazar-alice-hemming","12":"first","13":"instock","14":"sale","15":"shipping-taxable","16":"purchasable","17":"product-type-simple"},"_links":{"self":[{"href":"https:\/\/roveyayinevi.com.tr\/index.php\/wp-json\/wp\/v2\/product\/728292","targetHints":{"allow":["GET"]}}],"collection":[{"href":"https:\/\/roveyayinevi.com.tr\/index.php\/wp-json\/wp\/v2\/product"}],"about":[{"href":"https:\/\/roveyayinevi.com.tr\/index.php\/wp-json\/wp\/v2\/types\/product"}],"wp:attachment":[{"href":"https:\/\/roveyayinevi.com.tr\/index.php\/wp-json\/wp\/v2\/media?parent=728292"}],"wp:term":[{"taxonomy":"product_brand","embeddable":true,"href":"https:\/\/roveyayinevi.com.tr\/index.php\/wp-json\/wp\/v2\/product_brand?post=728292"},{"taxonomy":"product_cat","embeddable":true,"href":"https:\/\/roveyayinevi.com.tr\/index.php\/wp-json\/wp\/v2\/product_cat?post=728292"},{"taxonomy":"product_tag","embeddable":true,"href":"https:\/\/roveyayinevi.com.tr\/index.php\/wp-json\/wp\/v2\/product_tag?post=728292"}],"curies":[{"name":"wp","href":"https:\/\/api.w.org\/{rel}","templated":true}]}}