{"id":728282,"date":"2025-08-27T20:36:41","date_gmt":"2025-08-27T17:36:41","guid":{"rendered":"https:\/\/roveyayinevi.com.tr\/index.php\/urun\/her-gune-bir-oyku-seti-10-kitap\/"},"modified":"2026-04-16T02:35:57","modified_gmt":"2026-04-15T23:35:57","slug":"her-gune-bir-oyku-seti-10-kitap","status":"publish","type":"product","link":"https:\/\/roveyayinevi.com.tr\/index.php\/urun\/her-gune-bir-oyku-seti-10-kitap\/","title":{"rendered":"Her G\u00fcne Bir \u00d6yk\u00fc Seti (10 Kitap)"},"content":{"rendered":"<p>\u0130NSANLAR duygular\u0131n\u0131, d\u00fc\u015f\u00fcncelerini, hayallerini, istek ve tecr\u00fcbelerini s\u0131kl\u0131kla \u00f6yk\u00fcler yoluyla di\u011fer insanlara iletmi\u015flerdir. \u00c7\u00fcnk\u00fc \u00f6yk\u00fcler anlat\u0131lan konunun, verilmek istenen mesaj\u0131n muhatap taraf\u0131ndan daha kolay anla\u015f\u0131lmas\u0131n\u0131 sa\u011flar. Bu bak\u0131mdan \u00f6yk\u00fcler, tarih boyunca insanlar\u0131n birbirlerine ba\u015fl\u0131ca dert anlatma y\u00f6ntemlerinden biri olmu\u015ftur. EL\u0130N\u0130ZDEK\u0130 bu set de insanl\u0131k miras\u0131 olmu\u015f \u00f6yk\u00fclerden se\u00e7ilmi\u015ftir. Yabanc\u0131 dilde olanlar\u0131n \u00e7evirisi yap\u0131l\u0131p, g\u00fcncelli\u011fini kaybetmi\u015f metinlerin elden ge\u00e7irilmesi sonras\u0131nda \u00f6yk\u00fcler konular\u0131na g\u00f6re s\u0131n\u0131fland\u0131r\u0131larak on kitaptan olu\u015fan bu set haz\u0131rlanm\u0131\u015ft\u0131r. <\/p>\n","protected":false},"excerpt":{"rendered":"<p>\u0130NSANLAR duygular\u0131n\u0131, d\u00fc\u015f\u00fcncelerini, hayallerini, istek ve tecr\u00fcbelerini s\u0131kl\u0131kla \u00f6yk\u00fcler yoluyla di\u011fer insanlara iletmi\u015flerdir. \u00c7\u00fcnk\u00fc \u00f6yk\u00fcler anlat\u0131lan konunun, verilmek istenen mesaj\u0131n muhatap taraf\u0131ndan daha kolay anla\u015f\u0131lmas\u0131n\u0131 sa\u011flar.<span class=\"excerpt-hellip\"> [\u2026]<\/span><\/p>\n","protected":false},"featured_media":0,"template":"","meta":{"_monsterinsights_skip_tracking":false,"_monsterinsights_sitenote_active":false,"_monsterinsights_sitenote_note":"","_monsterinsights_sitenote_category":0},"product_brand":[],"product_cat":[12913,12274],"product_tag":[],"class_list":{"0":"post-728282","1":"product","2":"type-product","3":"status-publish","5":"product_cat-3-6-yas-kitaplari","6":"product_cat-cocuk-ve-genclik-kitaplari","7":"pa_cilt-set","8":"pa_tur-kitap","9":"pa_yayinevi-ugurbocegi-yayinlari","10":"pa_yazar-muhiddin-yenigun","12":"first","13":"instock","14":"sale","15":"shipping-taxable","16":"purchasable","17":"product-type-simple"},"_links":{"self":[{"href":"https:\/\/roveyayinevi.com.tr\/index.php\/wp-json\/wp\/v2\/product\/728282","targetHints":{"allow":["GET"]}}],"collection":[{"href":"https:\/\/roveyayinevi.com.tr\/index.php\/wp-json\/wp\/v2\/product"}],"about":[{"href":"https:\/\/roveyayinevi.com.tr\/index.php\/wp-json\/wp\/v2\/types\/product"}],"wp:attachment":[{"href":"https:\/\/roveyayinevi.com.tr\/index.php\/wp-json\/wp\/v2\/media?parent=728282"}],"wp:term":[{"taxonomy":"product_brand","embeddable":true,"href":"https:\/\/roveyayinevi.com.tr\/index.php\/wp-json\/wp\/v2\/product_brand?post=728282"},{"taxonomy":"product_cat","embeddable":true,"href":"https:\/\/roveyayinevi.com.tr\/index.php\/wp-json\/wp\/v2\/product_cat?post=728282"},{"taxonomy":"product_tag","embeddable":true,"href":"https:\/\/roveyayinevi.com.tr\/index.php\/wp-json\/wp\/v2\/product_tag?post=728282"}],"curies":[{"name":"wp","href":"https:\/\/api.w.org\/{rel}","templated":true}]}}