{"id":728251,"date":"2025-08-27T20:36:11","date_gmt":"2025-08-27T17:36:11","guid":{"rendered":"https:\/\/roveyayinevi.com.tr\/index.php\/urun\/turk-halk-muzigi-solfej-2\/"},"modified":"2026-04-16T02:35:56","modified_gmt":"2026-04-15T23:35:56","slug":"turk-halk-muzigi-solfej-2","status":"publish","type":"product","link":"https:\/\/roveyayinevi.com.tr\/index.php\/urun\/turk-halk-muzigi-solfej-2\/","title":{"rendered":"T\u00fcrk Halk M\u00fczi\u011fi Solfej -2"},"content":{"rendered":"<p>T\u00fcrk Halk M\u00fczi\u011fimizi \u00e7e\u015fitli d\u0131\u015f etkilerden koruyarak gelecek ku\u015faklara aktarman\u0131n en sa\u011fl\u0131kl\u0131 yolu, bu konu ile ilgili yaz\u0131l\u0131 kaynaklar\u0131 geli\u015ftirmektir. Bu fikirden yola \u00e7\u0131karak 25 y\u0131ll\u0131k birikimimizi; M\u00fczik Okullar\u0131, G\u00fczel Sanatlar liseleri, Halk M\u00fczi\u011fi Korolar\u0131, ba\u011flama kurslar\u0131 \u00f6\u011frencileri i\u00e7in \u201cT\u00fcrk Halk M\u00fczi\u011fi Solfej Metodu 1 ve T\u00fcrk Halk M\u00fczi\u011fi Solfej Metodu 2\u2019ye d\u00f6n\u00fc\u015ft\u00fcrd\u00fck. Bu aktar\u0131m, Halk m\u00fczi\u011fimizi ve Halk sazlar\u0131n\u0131 \u00f6\u011frenmek isteyenler i\u00e7in 1. cilt ba\u015flang\u0131\u00e7, 2. Cilt ise daha ileri seviye hedefleyenler i\u00e7in iyi temel kaynak niteli\u011findedir. Bu kitapta da ilk ciltte oldu\u011fu gibi; solfej e\u011fitimi basitten ba\u015flay\u0131p zora do\u011fru, s\u0131ra halinde verilmi\u015ftir. \u0130lk b\u00f6l\u00fcmlerde tekrar mahiyetinde m\u00fczikle ilgili tan\u0131mlar, genel m\u00fczik ve k\u00fclt\u00fcr bilgileri, solfej e\u011fitimi s\u00fcrecinde bilinmesi gereken kavramlar yer almaktad\u0131r. \u0130kinci b\u00f6l\u00fcmde ise; ana usuller, birle\u015fik usuller, karma usuller birbiri ard\u0131na s\u0131ralanm\u0131\u015ft\u0131r. Bu s\u0131ralama, \u00f6\u011frencinin konuyu \u00e7abuk kavrayabilece\u011fi bir d\u00fczen i\u00e7inde verilmi\u015ftir. Kitab\u0131n son b\u00f6l\u00fcm\u00fc ise, de\u011fi\u015fik usul ve makamlardan olu\u015fan eserleri i\u00e7ermektedir. Ayr\u0131ca solfej 1 ve 2 kitaplar\u0131, ba\u011flamada belli bir seviye gelen \u00f6\u011frenciler i\u00e7in repertuar, koro \u00f6\u011frencileri i\u00e7in nota h\u00e2kimiyetini geli\u015ftirmek a\u00e7\u0131s\u0131ndan kaynak olarak \u00f6nerilebilinir.<\/p>\n","protected":false},"excerpt":{"rendered":"<p>T\u00fcrk Halk M\u00fczi\u011fimizi \u00e7e\u015fitli d\u0131\u015f etkilerden koruyarak gelecek ku\u015faklara aktarman\u0131n en sa\u011fl\u0131kl\u0131 yolu, bu konu ile ilgili yaz\u0131l\u0131 kaynaklar\u0131 geli\u015ftirmektir. Bu fikirden yola \u00e7\u0131karak 25 y\u0131ll\u0131k<span class=\"excerpt-hellip\"> [\u2026]<\/span><\/p>\n","protected":false},"featured_media":0,"template":"","meta":{"_monsterinsights_skip_tracking":false,"_monsterinsights_sitenote_active":false,"_monsterinsights_sitenote_note":"","_monsterinsights_sitenote_category":0},"product_brand":[],"product_cat":[14556,20810],"product_tag":[],"class_list":{"0":"post-728251","1":"product","2":"type-product","3":"status-publish","5":"product_cat-muzik","6":"product_cat-ogrenim-kitaplari","7":"pa_cilt-ciltsiz","8":"pa_tur-kitap","9":"pa_yayinevi-otuken-nesriyat","10":"pa_yazar-bulent-kilicaslan","12":"first","13":"instock","14":"sale","15":"shipping-taxable","16":"purchasable","17":"product-type-simple"},"_links":{"self":[{"href":"https:\/\/roveyayinevi.com.tr\/index.php\/wp-json\/wp\/v2\/product\/728251","targetHints":{"allow":["GET"]}}],"collection":[{"href":"https:\/\/roveyayinevi.com.tr\/index.php\/wp-json\/wp\/v2\/product"}],"about":[{"href":"https:\/\/roveyayinevi.com.tr\/index.php\/wp-json\/wp\/v2\/types\/product"}],"wp:attachment":[{"href":"https:\/\/roveyayinevi.com.tr\/index.php\/wp-json\/wp\/v2\/media?parent=728251"}],"wp:term":[{"taxonomy":"product_brand","embeddable":true,"href":"https:\/\/roveyayinevi.com.tr\/index.php\/wp-json\/wp\/v2\/product_brand?post=728251"},{"taxonomy":"product_cat","embeddable":true,"href":"https:\/\/roveyayinevi.com.tr\/index.php\/wp-json\/wp\/v2\/product_cat?post=728251"},{"taxonomy":"product_tag","embeddable":true,"href":"https:\/\/roveyayinevi.com.tr\/index.php\/wp-json\/wp\/v2\/product_tag?post=728251"}],"curies":[{"name":"wp","href":"https:\/\/api.w.org\/{rel}","templated":true}]}}