{"id":728247,"date":"2025-08-27T20:36:07","date_gmt":"2025-08-27T17:36:07","guid":{"rendered":"https:\/\/roveyayinevi.com.tr\/index.php\/urun\/habermasin-iletisimsel-rasyonellik-teorisi-cercevesinde-bankalarin-incelenmesi\/"},"modified":"2026-04-16T02:35:56","modified_gmt":"2026-04-15T23:35:56","slug":"habermasin-iletisimsel-rasyonellik-teorisi-cercevesinde-bankalarin-incelenmesi","status":"publish","type":"product","link":"https:\/\/roveyayinevi.com.tr\/index.php\/urun\/habermasin-iletisimsel-rasyonellik-teorisi-cercevesinde-bankalarin-incelenmesi\/","title":{"rendered":"Habermas&#8217;\u0131n \u0130leti\u015fimsel-Rasyonellik Teorisi \u00c7er\u00e7evesinde Bankalar\u0131n \u0130ncelenmesi"},"content":{"rendered":"<p>\u0130\u00e7indekilerBirinci B\u00f6l\u00fcm \u2013 Genel Olarak Rasyonellik1.1. Rasyonellik Kavram\u01311.2. Max Weber(1864-1920) ve Rasyonellik1.3. Ama\u00e7 ve Pratik-RasyonellikTemsilcileri\u0130kici B\u00f6l\u00fcm \u2013 J\u00fcrgen Habermas ve \u0130leti\u015fim-Rasyonellik2.1. Hayat\u01312.2. Eserleri2.3. Habermas\u2019ta Eylem Saiklerine Kavramsal Bak\u0131\u015f2.4. Habermas\u2019ta \u0130leti\u015fimsel Eylem Saiki ve Rasyonellik2.5. \u0130leti\u015fim Eti\u011finden \u0130leti\u015fim Ahlak\u0131na\u00dc\u00e7\u00fcnc\u00fc B\u00f6l\u00fcm \u2013 T\u00fcrk Bankac\u0131l\u0131k Sekt\u00f6r\u00fcnde \u0130leti\u015fim-Rasyonellik3.1. Geleneksel Bankac\u0131l\u0131k3.2. Kat\u0131l\u0131m Bankac\u0131l\u0131\u011f\u0131D\u00f6rd\u00fcnc\u00fc B\u00f6l\u00fcm \u2013 T\u00fcrkiye\u2019de Kat\u0131l\u0131m Bankalar\u0131 Ve Geleneksel Bankalarda \u0130leti\u015fimsel-Rasyonellik \u00dczerine Bir Alan Ara\u015ft\u0131rmas\u0131: Rize \u00d6rne\u011fi4.1. Literat\u00fcr \u00d6zeti4.2. Ara\u015ft\u0131rman\u0131n Amac\u0131 ve \u00d6nemi4.3. Ara\u015ft\u0131rman\u0131n Kapsam\u01314.4. Ara\u015ft\u0131rman\u0131n Materyali4.5. Ara\u015ft\u0131rman\u0131n Y\u00f6ntemi4.6. Ara\u015ft\u0131rma ile \u0130lgili Bulgular\u0131n De\u011ferlendirmesi<\/p>\n","protected":false},"excerpt":{"rendered":"<p>\u0130\u00e7indekilerBirinci B\u00f6l\u00fcm \u2013 Genel Olarak Rasyonellik1.1. Rasyonellik Kavram\u01311.2. Max Weber(1864-1920) ve Rasyonellik1.3. Ama\u00e7 ve Pratik-RasyonellikTemsilcileri\u0130kici B\u00f6l\u00fcm \u2013 J\u00fcrgen Habermas ve \u0130leti\u015fim-Rasyonellik2.1. Hayat\u01312.2. Eserleri2.3. Habermas\u2019ta Eylem Saiklerine<span class=\"excerpt-hellip\"> [\u2026]<\/span><\/p>\n","protected":false},"featured_media":0,"template":"","meta":{"_monsterinsights_skip_tracking":false,"_monsterinsights_sitenote_active":false,"_monsterinsights_sitenote_note":"","_monsterinsights_sitenote_category":0},"product_brand":[],"product_cat":[14841,13043],"product_tag":[],"class_list":{"0":"post-728247","1":"product","2":"type-product","3":"status-publish","5":"product_cat-arastirma-inceleme-kuram","6":"product_cat-ekonomi","7":"pa_cilt-ciltsiz","8":"pa_tur-kitap","9":"pa_yayinevi-gazi-kitabevi","10":"pa_yazar-bunyamin-duran-akif-ziya-bayrak","12":"first","13":"instock","14":"sale","15":"shipping-taxable","16":"purchasable","17":"product-type-simple"},"_links":{"self":[{"href":"https:\/\/roveyayinevi.com.tr\/index.php\/wp-json\/wp\/v2\/product\/728247","targetHints":{"allow":["GET"]}}],"collection":[{"href":"https:\/\/roveyayinevi.com.tr\/index.php\/wp-json\/wp\/v2\/product"}],"about":[{"href":"https:\/\/roveyayinevi.com.tr\/index.php\/wp-json\/wp\/v2\/types\/product"}],"wp:attachment":[{"href":"https:\/\/roveyayinevi.com.tr\/index.php\/wp-json\/wp\/v2\/media?parent=728247"}],"wp:term":[{"taxonomy":"product_brand","embeddable":true,"href":"https:\/\/roveyayinevi.com.tr\/index.php\/wp-json\/wp\/v2\/product_brand?post=728247"},{"taxonomy":"product_cat","embeddable":true,"href":"https:\/\/roveyayinevi.com.tr\/index.php\/wp-json\/wp\/v2\/product_cat?post=728247"},{"taxonomy":"product_tag","embeddable":true,"href":"https:\/\/roveyayinevi.com.tr\/index.php\/wp-json\/wp\/v2\/product_tag?post=728247"}],"curies":[{"name":"wp","href":"https:\/\/api.w.org\/{rel}","templated":true}]}}