{"id":728244,"date":"2025-08-27T20:36:05","date_gmt":"2025-08-27T17:36:05","guid":{"rendered":"https:\/\/roveyayinevi.com.tr\/index.php\/urun\/din-ahlak-dengesi\/"},"modified":"2026-04-16T02:35:56","modified_gmt":"2026-04-15T23:35:56","slug":"din-ahlak-dengesi","status":"publish","type":"product","link":"https:\/\/roveyayinevi.com.tr\/index.php\/urun\/din-ahlak-dengesi\/","title":{"rendered":"Din-Ahlak Dengesi"},"content":{"rendered":"<p>Birinci B\u00f6l\u00fcm &#8211; \u00d6z\u00fc Ya\u015fama Ya\u015fay\u0131\u015f\u0131 \u00d6z\u00fcmsemeIkinci B\u00f6l\u00fcm &#8211; Kur\u2019an\u0131n Ahlaki S\u00f6ylemlerinde \u0130tidal Vurgusu\u00dc\u00e7\u00fcnc\u00fc B\u00f6l\u00fcm &#8211; Kur\u2019an\u2019da Kavimlerin Peygamberlerine Kar\u015f\u0131 Uymas\u0131 Gereken Ahlaki KurallarD\u00f6rd\u00fcnc\u00fc B\u00f6l\u00fcm &#8211; Din-Ahlak Dengesi Ba\u011flam\u0131nda Hz. Peygamber\u2019in \u00d6rnekli\u011fiBe\u015finci B\u00f6l\u00fcm &#8211; Buhari\u2019nin \u2018Kitabu\u2019l-Edeb\u2019inden Bireysel Ahlaki \u0130lkelerAltinci B\u00f6l\u00fcm &#8211; Buhari\u2019nin \u2018Kitabu\u2019l-Edeb\u2019inden Toplumsal Ahlaki \u0130lkelerSekizinci B\u00f6l\u00fcm &#8211; Temel Haklar-Erdemlerle Ya\u015fam M\u00fccadelesiDokuzuncu B\u00f6l\u00fcm &#8211; Tasavvufi AhlakOnuncu B\u00f6l\u00fcm &#8211; G\u00fczel Ahlak\u0131n Zirvesi : Hilm ve TeenniOn Birinci B\u00f6l\u00fcm &#8211; \u2018Bizi Aldatan Bizden De\u011fildir\u2019 Hadisi Ba\u011flam\u0131nda M\u00fcsl\u00fcman\u0131n \u0130\u015f Ahlak\u0131On Ikinci B\u00f6l\u00fcm &#8211; Dinler ve Ahlaki \u0130lkeler(Yahudilik-H\u0131ristiyanl\u0131k-\u0130slamiyet)On \u00dc\u00e7\u00fcnc\u00fc B\u00f6l\u00fcm &#8211; \u0130slam Ahlak E\u011fitimi Tarihinde Bedenin G\u00f6r\u00fcnme \u015eekilleri \u00dczerine Bir De\u011ferlendirme<\/p>\n","protected":false},"excerpt":{"rendered":"<p>Birinci B\u00f6l\u00fcm &#8211; \u00d6z\u00fc Ya\u015fama Ya\u015fay\u0131\u015f\u0131 \u00d6z\u00fcmsemeIkinci B\u00f6l\u00fcm &#8211; Kur\u2019an\u0131n Ahlaki S\u00f6ylemlerinde \u0130tidal Vurgusu\u00dc\u00e7\u00fcnc\u00fc B\u00f6l\u00fcm &#8211; Kur\u2019an\u2019da Kavimlerin Peygamberlerine Kar\u015f\u0131 Uymas\u0131 Gereken Ahlaki KurallarD\u00f6rd\u00fcnc\u00fc B\u00f6l\u00fcm &#8211;<span class=\"excerpt-hellip\"> [\u2026]<\/span><\/p>\n","protected":false},"featured_media":0,"template":"","meta":{"_monsterinsights_skip_tracking":false,"_monsterinsights_sitenote_active":false,"_monsterinsights_sitenote_note":"","_monsterinsights_sitenote_category":0},"product_brand":[],"product_cat":[12718,12719,12720],"product_tag":[],"class_list":{"0":"post-728244","1":"product","2":"type-product","3":"status-publish","5":"product_cat-din","6":"product_cat-islam","7":"product_cat-tasavvuf-mezhepler-tarikatlar","8":"pa_cilt-ciltsiz","9":"pa_tur-kitap","10":"pa_yayinevi-gazi-kitabevi","11":"pa_yazar-huseyin-akyuz-kemal-goz","13":"first","14":"instock","15":"sale","16":"shipping-taxable","17":"purchasable","18":"product-type-simple"},"_links":{"self":[{"href":"https:\/\/roveyayinevi.com.tr\/index.php\/wp-json\/wp\/v2\/product\/728244","targetHints":{"allow":["GET"]}}],"collection":[{"href":"https:\/\/roveyayinevi.com.tr\/index.php\/wp-json\/wp\/v2\/product"}],"about":[{"href":"https:\/\/roveyayinevi.com.tr\/index.php\/wp-json\/wp\/v2\/types\/product"}],"wp:attachment":[{"href":"https:\/\/roveyayinevi.com.tr\/index.php\/wp-json\/wp\/v2\/media?parent=728244"}],"wp:term":[{"taxonomy":"product_brand","embeddable":true,"href":"https:\/\/roveyayinevi.com.tr\/index.php\/wp-json\/wp\/v2\/product_brand?post=728244"},{"taxonomy":"product_cat","embeddable":true,"href":"https:\/\/roveyayinevi.com.tr\/index.php\/wp-json\/wp\/v2\/product_cat?post=728244"},{"taxonomy":"product_tag","embeddable":true,"href":"https:\/\/roveyayinevi.com.tr\/index.php\/wp-json\/wp\/v2\/product_tag?post=728244"}],"curies":[{"name":"wp","href":"https:\/\/api.w.org\/{rel}","templated":true}]}}