{"id":728237,"date":"2025-08-27T20:35:59","date_gmt":"2025-08-27T17:35:59","guid":{"rendered":"https:\/\/roveyayinevi.com.tr\/index.php\/urun\/aglayan-resim\/"},"modified":"2026-04-16T02:35:56","modified_gmt":"2026-04-15T23:35:56","slug":"aglayan-resim","status":"publish","type":"product","link":"https:\/\/roveyayinevi.com.tr\/index.php\/urun\/aglayan-resim\/","title":{"rendered":"A\u011flayan Resim"},"content":{"rendered":"<p>\u201cKar\u015f\u0131mda m\u00fcthi\u015f bir yang\u0131n var. Alevleri g\u00f6klere y\u00fckseliyor. \u0130\u00e7inde evl\u00e2d\u0131m yan\u0131yor, iman\u0131m tutu\u015fmu\u015f yan\u0131yor. O yang\u0131n\u0131 s\u00f6nd\u00fcrmeye, iman\u0131m\u0131 kurtarmaya ko\u015fuyorum.\u201d O yang\u0131na bir kova su bile d\u00f6kebilirsek ne mutlu. Yang\u0131na evlatlar\u0131n d\u00fc\u015fmesini \u00f6nlemek, d\u00fc\u015fenleri kurtarmak azmi ve gayretiyle\u2026 \u201cAhirette seni kurtaracak bir eserin olmad\u0131\u011f\u0131 takdirde fani d\u00fcnyada b\u0131rakt\u0131\u011f\u0131n eserlere de k\u0131ymet verme\u201d gayesine uygun eserler listesine d\u00e2hil olabilmesi temenni ve duas\u0131yla\u2026 Analar, babalar a\u011flamas\u0131n. \u00c7ocuklar, gen\u00e7ler a\u011flamas\u0131n. A\u011flayan resimlerden ders \u00e7\u0131kar\u0131ls\u0131n. Sizleri A\u011eLAYAN RES\u0130M\u2019le beraber di\u011fer manzum hik\u00e2yelerle ba\u015f ba\u015fa b\u0131rak\u0131yorum. Gayret bizden muvaffakiyet Allah\u2019tand\u0131r\u2026. <\/p>\n","protected":false},"excerpt":{"rendered":"<p>\u201cKar\u015f\u0131mda m\u00fcthi\u015f bir yang\u0131n var. Alevleri g\u00f6klere y\u00fckseliyor. \u0130\u00e7inde evl\u00e2d\u0131m yan\u0131yor, iman\u0131m tutu\u015fmu\u015f yan\u0131yor. O yang\u0131n\u0131 s\u00f6nd\u00fcrmeye, iman\u0131m\u0131 kurtarmaya ko\u015fuyorum.\u201d O yang\u0131na bir kova su bile<span class=\"excerpt-hellip\"> [\u2026]<\/span><\/p>\n","protected":false},"featured_media":0,"template":"","meta":{"_monsterinsights_skip_tracking":false,"_monsterinsights_sitenote_active":false,"_monsterinsights_sitenote_note":"","_monsterinsights_sitenote_category":0},"product_brand":[],"product_cat":[12291,12509],"product_tag":[],"class_list":{"0":"post-728237","1":"product","2":"type-product","3":"status-publish","5":"product_cat-edebiyat","6":"product_cat-siir","7":"pa_cilt-ciltsiz","8":"pa_tur-kitap","9":"pa_yayinevi-gulnar-yayinlari","10":"pa_yazar-nureddin-pala","12":"first","13":"instock","14":"sale","15":"shipping-taxable","16":"purchasable","17":"product-type-simple"},"_links":{"self":[{"href":"https:\/\/roveyayinevi.com.tr\/index.php\/wp-json\/wp\/v2\/product\/728237","targetHints":{"allow":["GET"]}}],"collection":[{"href":"https:\/\/roveyayinevi.com.tr\/index.php\/wp-json\/wp\/v2\/product"}],"about":[{"href":"https:\/\/roveyayinevi.com.tr\/index.php\/wp-json\/wp\/v2\/types\/product"}],"wp:attachment":[{"href":"https:\/\/roveyayinevi.com.tr\/index.php\/wp-json\/wp\/v2\/media?parent=728237"}],"wp:term":[{"taxonomy":"product_brand","embeddable":true,"href":"https:\/\/roveyayinevi.com.tr\/index.php\/wp-json\/wp\/v2\/product_brand?post=728237"},{"taxonomy":"product_cat","embeddable":true,"href":"https:\/\/roveyayinevi.com.tr\/index.php\/wp-json\/wp\/v2\/product_cat?post=728237"},{"taxonomy":"product_tag","embeddable":true,"href":"https:\/\/roveyayinevi.com.tr\/index.php\/wp-json\/wp\/v2\/product_tag?post=728237"}],"curies":[{"name":"wp","href":"https:\/\/api.w.org\/{rel}","templated":true}]}}