{"id":728229,"date":"2025-08-27T20:35:47","date_gmt":"2025-08-27T17:35:47","guid":{"rendered":"https:\/\/roveyayinevi.com.tr\/index.php\/urun\/turkiye-ekonomisinin-rekabetciligi\/"},"modified":"2026-04-16T02:35:56","modified_gmt":"2026-04-15T23:35:56","slug":"turkiye-ekonomisinin-rekabetciligi","status":"publish","type":"product","link":"https:\/\/roveyayinevi.com.tr\/index.php\/urun\/turkiye-ekonomisinin-rekabetciligi\/","title":{"rendered":"T\u00fcrkiye Ekonomisinin Rekabet\u00e7ili\u011fi"},"content":{"rendered":"<p>\u0130ktisadi b\u00fcy\u00fcme temel olarak sermaye, emek ve toprak gibi \u00fcretim fakt\u00f6rlerinin etkin kullan\u0131m\u0131yla sa\u011flan\u0131yor. Peki, bu fakt\u00f6rlerin sonu geldi\u011finde, iktisadi b\u00fcy\u00fcme nas\u0131l sa\u011flanabilir? K\u0131l\u0131\u00e7aslan, Aytun ve Me\u00e7ik bu sorunun \u00e7\u00f6z\u00fcm\u00fcn\u00fc verimlilik art\u0131\u015f\u0131nda buluyor. Verimlili\u011fi artt\u0131rabilmek i\u00e7in ise gerekli etmenlerden biri olan rekabet\u00e7ili\u011fi ele al\u0131yor.  T\u00fcrkiye gibi \u00f6demeler bilan\u00e7osunda m\u00fctemadiyen sorunlar ya\u015fayan ekonomiler i\u00e7in rekabetin \u00f6nemini vurguluyor. Elinizdeki kitap, \u00fcretimin artmas\u0131na ve verimlili\u011fin y\u00fckselmesine yapt\u0131\u011f\u0131 katk\u0131yla b\u00fcy\u00fcmeyi etkiledi\u011fi i\u00e7in analizlere mutlaka kat\u0131lmas\u0131 gereken rekabet\u00e7ilik fakt\u00f6r\u00fcn\u00fc de\u011ferlendiriyor. Bu kadar \u00f6nemli bir fakt\u00f6r olmas\u0131na kar\u015f\u0131l\u0131k rekabet\u00e7ilik, iktisat\u00e7\u0131lar\u0131n, \u00e7o\u011fu kez \u201cceteris paribus\u201d varsay\u0131m\u0131 alt\u0131nda kenarda tuttuklar\u0131 bir kavram. Oysa rekabet\u00e7ili\u011fi i\u015fin i\u00e7ine katmadan \u00f6zellikle geli\u015fme yolundaki ekonomilerde s\u00fcrd\u00fcr\u00fclebilir b\u00fcy\u00fcmeyi sa\u011flamak pek m\u00fcmk\u00fcn de\u011fil. Dr. Mahfi E\u011filmez, \u0130ktisat\u00e7\u0131<\/p>\n","protected":false},"excerpt":{"rendered":"<p>\u0130ktisadi b\u00fcy\u00fcme temel olarak sermaye, emek ve toprak gibi \u00fcretim fakt\u00f6rlerinin etkin kullan\u0131m\u0131yla sa\u011flan\u0131yor. Peki, bu fakt\u00f6rlerin sonu geldi\u011finde, iktisadi b\u00fcy\u00fcme nas\u0131l sa\u011flanabilir? K\u0131l\u0131\u00e7aslan, Aytun ve<span class=\"excerpt-hellip\"> [\u2026]<\/span><\/p>\n","protected":false},"featured_media":0,"template":"","meta":{"_monsterinsights_skip_tracking":false,"_monsterinsights_sitenote_active":false,"_monsterinsights_sitenote_note":"","_monsterinsights_sitenote_category":0},"product_brand":[],"product_cat":[13043,14144],"product_tag":[],"class_list":{"0":"post-728229","1":"product","2":"type-product","3":"status-publish","5":"product_cat-ekonomi","6":"product_cat-turkiye-ekonomisi","7":"pa_cilt-ciltsiz","8":"pa_tur-kitap","9":"pa_yayinevi-efil-yayinevi","10":"pa_yazar-efil-yayinevi-kolektif","12":"first","13":"instock","14":"sale","15":"shipping-taxable","16":"purchasable","17":"product-type-simple"},"_links":{"self":[{"href":"https:\/\/roveyayinevi.com.tr\/index.php\/wp-json\/wp\/v2\/product\/728229","targetHints":{"allow":["GET"]}}],"collection":[{"href":"https:\/\/roveyayinevi.com.tr\/index.php\/wp-json\/wp\/v2\/product"}],"about":[{"href":"https:\/\/roveyayinevi.com.tr\/index.php\/wp-json\/wp\/v2\/types\/product"}],"wp:attachment":[{"href":"https:\/\/roveyayinevi.com.tr\/index.php\/wp-json\/wp\/v2\/media?parent=728229"}],"wp:term":[{"taxonomy":"product_brand","embeddable":true,"href":"https:\/\/roveyayinevi.com.tr\/index.php\/wp-json\/wp\/v2\/product_brand?post=728229"},{"taxonomy":"product_cat","embeddable":true,"href":"https:\/\/roveyayinevi.com.tr\/index.php\/wp-json\/wp\/v2\/product_cat?post=728229"},{"taxonomy":"product_tag","embeddable":true,"href":"https:\/\/roveyayinevi.com.tr\/index.php\/wp-json\/wp\/v2\/product_tag?post=728229"}],"curies":[{"name":"wp","href":"https:\/\/api.w.org\/{rel}","templated":true}]}}