{"id":728216,"date":"2025-08-27T20:35:34","date_gmt":"2025-08-27T17:35:34","guid":{"rendered":"https:\/\/roveyayinevi.com.tr\/index.php\/urun\/disaridakiler\/"},"modified":"2026-04-11T02:44:32","modified_gmt":"2026-04-10T23:44:32","slug":"disaridakiler","status":"publish","type":"product","link":"https:\/\/roveyayinevi.com.tr\/index.php\/urun\/disaridakiler\/","title":{"rendered":"D\u0131\u015far\u0131dakiler"},"content":{"rendered":"<p>Pahal\u0131 arabalar, l\u00fcks evler, y\u00fcksek mevkiler, duygusuz ili\u015fkiler, h\u0131rs dolu yak\u0131nl\u0131klar\u2026 Ba\u015fka bir se\u00e7ene\u011fimiz olsayd\u0131, \u00f6mr\u00fcm\u00fcz\u00fc bunlar\u0131 kazanmak u\u011fruna ge\u00e7irir miydik? Ya\u015famdan k\u0131y\u0131mlar ve adaletsizliklerle \u00e7evrili bir k\u00f6t\u00fcl\u00fck d\u0131\u015f\u0131nda \u015feyler de istemez miydik? D\u0131\u015far\u0131dakiler, okurlara bir \u201c\u00fctopya\u201d vadediyor: A\u011fa\u00e7 keserken r\u0131zal\u0131k al\u0131nan, yalan\u0131n ve talan\u0131n hen\u00fcz u\u011framad\u0131\u011f\u0131, do\u011fan\u0131n para i\u00e7in tahrip edilmedi\u011fi, kad\u0131nlara ve \u00e7ocuklara g\u00fcvenli bir ya\u015fam olana\u011f\u0131 sunan; velhas\u0131l \u201cD\u0131\u015far\u0131\u201dn\u0131n k\u00f6t\u00fcl\u00fcklerinden azade bir s\u0131\u011f\u0131nak. Bir maden \u015firketinde sorumlu olarak \u00e7al\u0131\u015fan Demir, Ad\u0131n\u0131 Bilmedi\u011fi K\u0131z sayesinde bu sorunun pe\u015fine d\u00fc\u015f\u00fcyor; kendiyle ve ailesiyle y\u00fczle\u015fiyor. Hi\u00e7 tan\u0131mad\u0131\u011f\u0131 bir d\u00fcnyan\u0131n ve dilin ortas\u0131nda, \u201ckendi sesini\u201d duymaya \u00e7al\u0131\u015f\u0131yor. Oyunculu\u011fu ve senaristli\u011fi ile tan\u0131nan Alper Kul, bu sefer sevenlerinin kar\u015f\u0131s\u0131na yazar kimli\u011fiyle \u00e7\u0131k\u0131yor. Okurlar\u0131n\u0131 \u00e7ocukluk d\u00fc\u015f\u00fcne, en temiz ve korunakl\u0131 s\u0131\u011f\u0131na\u011f\u0131na davet ediyor. \u201cAdam\u0131n tek bildi\u011fi ileti\u015fim yolu konu\u015fmakt\u0131. Ama bir insan sadece konu\u015farak kar\u015f\u0131s\u0131ndakiyle nas\u0131l anla\u015fabilirdi ki? Duygular\u0131n\u0131 nas\u0131l aktaracakt\u0131? Konu\u015fmak ileti\u015fim yollar\u0131 aras\u0131nda en zay\u0131f olan\u0131yd\u0131. Neticede konu\u015fmak, a\u011f\u0131zdan \u00e7\u0131kan sesleri birbirine ba\u011flayarak, her duyguya kar\u015f\u0131l\u0131k gelen bir kod \u00fcretmekti. Birisi tecr\u00fcbe etti\u011fi \u00e7ok etkili bir duyguyu, misal, A-\u015e-K sesleri \u00e7\u0131kartarak ifade etti\u011finde, kodu i\u015fiten kar\u015f\u0131s\u0131ndaki de kendi ya\u015fanm\u0131\u015fl\u0131klar\u0131ndan bu kodun kar\u015f\u0131l\u0131\u011f\u0131 bulup, bir duyguda\u015fl\u0131k ya\u015famaya \u00e7al\u0131\u015f\u0131yordu. Ki\u015finin kar\u015f\u0131s\u0131ndakini anlama kabiliyeti kendi ya\u015fanm\u0131\u015fl\u0131klar\u0131 kadard\u0131. Yani kimse konu\u015farak tam anlam\u0131yla duygular\u0131n\u0131 kar\u015f\u0131s\u0131ndakine aktaramazd\u0131. Anlat\u0131m\u0131n v\u00fccut diliyle desteklenmesi \u015fartt\u0131.\u201d<\/p>\n","protected":false},"excerpt":{"rendered":"<p>Pahal\u0131 arabalar, l\u00fcks evler, y\u00fcksek mevkiler, duygusuz ili\u015fkiler, h\u0131rs dolu yak\u0131nl\u0131klar\u2026 Ba\u015fka bir se\u00e7ene\u011fimiz olsayd\u0131, \u00f6mr\u00fcm\u00fcz\u00fc bunlar\u0131 kazanmak u\u011fruna ge\u00e7irir miydik? Ya\u015famdan k\u0131y\u0131mlar ve adaletsizliklerle \u00e7evrili<span class=\"excerpt-hellip\"> [\u2026]<\/span><\/p>\n","protected":false},"featured_media":0,"template":"","meta":{"_monsterinsights_skip_tracking":false,"_monsterinsights_sitenote_active":false,"_monsterinsights_sitenote_note":"","_monsterinsights_sitenote_category":0},"product_brand":[],"product_cat":[12291,12711],"product_tag":[],"class_list":{"0":"post-728216","1":"product","2":"type-product","3":"status-publish","5":"product_cat-edebiyat","6":"product_cat-roman-oyku","7":"pa_cilt-ciltsiz","8":"pa_tur-kitap","9":"pa_yayinevi-inkilap-kitabevi","10":"pa_yazar-alper-kul","12":"first","13":"instock","14":"sale","15":"shipping-taxable","16":"purchasable","17":"product-type-simple"},"_links":{"self":[{"href":"https:\/\/roveyayinevi.com.tr\/index.php\/wp-json\/wp\/v2\/product\/728216","targetHints":{"allow":["GET"]}}],"collection":[{"href":"https:\/\/roveyayinevi.com.tr\/index.php\/wp-json\/wp\/v2\/product"}],"about":[{"href":"https:\/\/roveyayinevi.com.tr\/index.php\/wp-json\/wp\/v2\/types\/product"}],"wp:attachment":[{"href":"https:\/\/roveyayinevi.com.tr\/index.php\/wp-json\/wp\/v2\/media?parent=728216"}],"wp:term":[{"taxonomy":"product_brand","embeddable":true,"href":"https:\/\/roveyayinevi.com.tr\/index.php\/wp-json\/wp\/v2\/product_brand?post=728216"},{"taxonomy":"product_cat","embeddable":true,"href":"https:\/\/roveyayinevi.com.tr\/index.php\/wp-json\/wp\/v2\/product_cat?post=728216"},{"taxonomy":"product_tag","embeddable":true,"href":"https:\/\/roveyayinevi.com.tr\/index.php\/wp-json\/wp\/v2\/product_tag?post=728216"}],"curies":[{"name":"wp","href":"https:\/\/api.w.org\/{rel}","templated":true}]}}