{"id":728214,"date":"2025-08-27T20:35:32","date_gmt":"2025-08-27T17:35:32","guid":{"rendered":"https:\/\/roveyayinevi.com.tr\/index.php\/urun\/ascinin-kizi\/"},"modified":"2026-04-16T02:35:56","modified_gmt":"2026-04-15T23:35:56","slug":"ascinin-kizi","status":"publish","type":"product","link":"https:\/\/roveyayinevi.com.tr\/index.php\/urun\/ascinin-kizi\/","title":{"rendered":"A\u015f\u00e7\u0131n\u0131n K\u0131z\u0131"},"content":{"rendered":"<p>A\u015f\u00e7\u0131n\u0131n K\u0131z\u0131 yemek yapmak istiyor. A\u015f\u00e7\u0131n\u0131n K\u0131z\u0131 ortal\u0131\u011f\u0131 sava\u015f alan\u0131na \u00e7eviriyor! Ah bu k\u0131z, denemekten de bir t\u00fcrl\u00fc vazge\u00e7miyor. Mina\u2019n\u0131n hik\u00e2yesini okumaya niyetliyseniz kendinizi k\u00f6m\u00fcre d\u00f6nen tostlara, havada u\u00e7u\u015fan yumurtalara haz\u0131rlamal\u0131s\u0131n\u0131z. Ama kim demi\u015f hatalar i\u015fe yaramaz diye? Mina, kaybetti\u011fi annesi gibi \u00e7ok iyi bir a\u015f\u00e7\u0131 olmak ister. Fakat her denemesi h\u00fcsranla sonu\u00e7lan\u0131r. Bir \u00e7\u0131k\u0131\u015f yolu vard\u0131r var olmas\u0131na ama bu problemi \u00e7\u00f6zmekten \u00e7ok ortadan kald\u0131rmay\u0131 \u00f6nermektedir. Mina ona hi\u00e7bir zaman yemek yapmak zorunda olmayaca\u011f\u0131, her sorununun \u00e7\u00f6z\u00fclece\u011fi bir hayat vadeden f\u0131r\u0131nc\u0131ya m\u0131, \u00e7\u00f6zmeye \u00e7al\u0131\u015ft\u0131\u011f\u0131 problemi g\u00f6rmezden gelmeyen ve ona yard\u0131m elini uzatan \u00e7ocukluk arkada\u015f\u0131 Gorgon\u2019a m\u0131 kulak verecek? A\u015f\u00e7\u0131n\u0131n K\u0131z\u0131, hayal kurmaya, onu inatla ger\u00e7ek k\u0131lmaya, yeni arkada\u015fl\u0131klara, dostlu\u011fa, yard\u0131mla\u015fmaya dair esasl\u0131 bir hik\u00e2ye. \u00dcstelik alabildi\u011fine sosa bulanm\u0131\u015f, fazlas\u0131yla pi\u015fmi\u015f yine de lezzetli olma konusunda bir hayli kararl\u0131!<\/p>\n","protected":false},"excerpt":{"rendered":"<p>A\u015f\u00e7\u0131n\u0131n K\u0131z\u0131 yemek yapmak istiyor. A\u015f\u00e7\u0131n\u0131n K\u0131z\u0131 ortal\u0131\u011f\u0131 sava\u015f alan\u0131na \u00e7eviriyor! Ah bu k\u0131z, denemekten de bir t\u00fcrl\u00fc vazge\u00e7miyor. Mina\u2019n\u0131n hik\u00e2yesini okumaya niyetliyseniz kendinizi k\u00f6m\u00fcre d\u00f6nen<span class=\"excerpt-hellip\"> [\u2026]<\/span><\/p>\n","protected":false},"featured_media":0,"template":"","meta":{"_monsterinsights_skip_tracking":false,"_monsterinsights_sitenote_active":false,"_monsterinsights_sitenote_note":"","_monsterinsights_sitenote_category":0},"product_brand":[],"product_cat":[12274,12284],"product_tag":[],"class_list":{"0":"post-728214","1":"product","2":"type-product","3":"status-publish","5":"product_cat-cocuk-ve-genclik-kitaplari","6":"product_cat-hikayeler","7":"pa_cilt-ciltsiz","8":"pa_tur-kitap","9":"pa_yayinevi-yeni-insan-yayinlari","10":"pa_yazar-sarah-johnson","12":"first","13":"instock","14":"sale","15":"shipping-taxable","16":"purchasable","17":"product-type-simple"},"_links":{"self":[{"href":"https:\/\/roveyayinevi.com.tr\/index.php\/wp-json\/wp\/v2\/product\/728214","targetHints":{"allow":["GET"]}}],"collection":[{"href":"https:\/\/roveyayinevi.com.tr\/index.php\/wp-json\/wp\/v2\/product"}],"about":[{"href":"https:\/\/roveyayinevi.com.tr\/index.php\/wp-json\/wp\/v2\/types\/product"}],"wp:attachment":[{"href":"https:\/\/roveyayinevi.com.tr\/index.php\/wp-json\/wp\/v2\/media?parent=728214"}],"wp:term":[{"taxonomy":"product_brand","embeddable":true,"href":"https:\/\/roveyayinevi.com.tr\/index.php\/wp-json\/wp\/v2\/product_brand?post=728214"},{"taxonomy":"product_cat","embeddable":true,"href":"https:\/\/roveyayinevi.com.tr\/index.php\/wp-json\/wp\/v2\/product_cat?post=728214"},{"taxonomy":"product_tag","embeddable":true,"href":"https:\/\/roveyayinevi.com.tr\/index.php\/wp-json\/wp\/v2\/product_tag?post=728214"}],"curies":[{"name":"wp","href":"https:\/\/api.w.org\/{rel}","templated":true}]}}