{"id":728203,"date":"2025-08-27T20:35:21","date_gmt":"2025-08-27T17:35:21","guid":{"rendered":"https:\/\/roveyayinevi.com.tr\/index.php\/urun\/dijital-cagda-kitle-kulturu-eglence-ve-sanat\/"},"modified":"2026-01-29T03:04:50","modified_gmt":"2026-01-29T00:04:50","slug":"dijital-cagda-kitle-kulturu-eglence-ve-sanat","status":"publish","type":"product","link":"https:\/\/roveyayinevi.com.tr\/index.php\/urun\/dijital-cagda-kitle-kulturu-eglence-ve-sanat\/","title":{"rendered":"Dijital \u00c7a\u011fda Kitle K\u00fclt\u00fcr\u00fc, E\u011flence Ve Sanat"},"content":{"rendered":"<p>Kapitalist yap\u0131 i\u00e7erisinde bo\u015f zaman, hem k\u00fclt\u00fcrel \u00fcr\u00fcnlerin hem de insanlar\u0131n birer meta olarak t\u00fcketilmesine dayal\u0131 hale gelmi\u015ftir. Dijitalle\u015fme ile birlikte ise emek s\u00fcre\u00e7lerinden geriye kalan zaman da e\u011flenceye ayr\u0131l\u0131r olmu\u015ftur. Adorno ve Horkheimer, k\u00fclt\u00fcr end\u00fcstrisinin merkezinde, kapitalizm ko\u015fullar\u0131nda \u00e7al\u0131\u015fman\u0131n uzat\u0131lmas\u0131n\u0131 sa\u011flayan e\u011flence oldu\u011funu d\u00fc\u015f\u00fcnmektedir; \u00e7\u00fcnk\u00fc e\u011flence insanlar\u0131n emek s\u00fcre\u00e7leriyle ba\u015f edebilmeleri i\u00e7in bir ka\u00e7\u0131\u015f yoludur. Bu a\u00e7\u0131dan bak\u0131ld\u0131\u011f\u0131nda, bu d\u00fcnyay\u0131 \u00e7ekilir zannetmemizin arac\u0131 k\u00fclt\u00fcrel \u00fcr\u00fcnler, e\u011flence ve sanatt\u0131r. G\u00fcn\u00fcm\u00fcz d\u00fcnyas\u0131nda e\u011flence en b\u00fcy\u00fck yan\u0131lsamalardand\u0131r; \u00e7\u00fcnk\u00fc saatler s\u00fcren mesailerimizin ard\u0131ndan izleyece\u011fimiz bir video bizleri g\u00fcn\u00fcn stresinden uzakla\u015ft\u0131racakt\u0131r. \u00d6te yandan e\u011flence tek ka\u00e7\u0131\u015f yolu de\u011fildir. Kimi i\u00e7in sanat en b\u00fcy\u00fck yan\u0131lsamad\u0131r; \u00e7\u00fcnk\u00fc en \u00e7ok yazd\u0131k\u00e7a, \u00e7izdik\u00e7e ve dinledik\u00e7e d\u00fcnyan\u0131n ya\u015fan\u0131las\u0131 bir yer oldu\u011fu fikrine kap\u0131lmaktad\u0131r. Dijital d\u00fcnyada sanat ve e\u011flence hakk\u0131nda olumsuz bir tablonun g\u00f6r\u00fcn\u00fcr oldu\u011funu s\u00f6ylemek m\u00fcmk\u00fcn olsa da, tam tersine karanl\u0131k d\u00fcnyada bu \u00fcretimlerin bir \u00e7\u0131k\u0131\u015f sunuyor oldu\u011funu iddia ederek e\u011flence ve sanat hakk\u0131nda olumlu d\u00fc\u015f\u00fcnmek de m\u00fcmk\u00fcnd\u00fcr. Akademisyenlerin ve d\u00fc\u015f\u00fcn\u00fcrlerin de bu konuda birbirinden ayr\u0131lan g\u00f6r\u00fc\u015fleri mevcuttur. Bu kitapta yer alan \u00e7al\u0131\u015fmalarda da benzer bir \u015fekilde dijital \u00e7a\u011fda kitle k\u00fclt\u00fcr\u00fcne, e\u011flenceye ve sanata bak\u0131\u015f \u00e7e\u015fitlilik g\u00f6stermektedir. Kitapta dijitalle\u015fmeye y\u00f6nelik olumlu g\u00f6r\u00fc\u015fler oldu\u011fu gibi, ele\u015ftirel yakla\u015f\u0131mlar da vard\u0131r. Kitap, dijital emek ve t\u00fcketim, dijitalle\u015fme ile gazetecili\u011fin d\u00f6n\u00fc\u015f\u00fcm\u00fc, dijital \u00e7a\u011fda sanat\u0131n ve sineman\u0131n d\u00f6n\u00fc\u015f\u00fcm\u00fc, dijitalle\u015fme ba\u011flam\u0131nda oyun, e\u011flence ve kimlik, dijitalle\u015fme ile e\u011fitim alan\u0131n\u0131n d\u00f6n\u00fc\u015f\u00fcm\u00fc temalar\u0131 hakk\u0131nda be\u015f b\u00f6l\u00fcm olarak tasarlanm\u0131\u015ft\u0131r.<\/p>\n","protected":false},"excerpt":{"rendered":"<p>Kapitalist yap\u0131 i\u00e7erisinde bo\u015f zaman, hem k\u00fclt\u00fcrel \u00fcr\u00fcnlerin hem de insanlar\u0131n birer meta olarak t\u00fcketilmesine dayal\u0131 hale gelmi\u015ftir. Dijitalle\u015fme ile birlikte ise emek s\u00fcre\u00e7lerinden geriye kalan<span class=\"excerpt-hellip\"> [\u2026]<\/span><\/p>\n","protected":false},"featured_media":0,"template":"","meta":{"_monsterinsights_skip_tracking":false,"_monsterinsights_sitenote_active":false,"_monsterinsights_sitenote_note":"","_monsterinsights_sitenote_category":0},"product_brand":[],"product_cat":[15983,13488],"product_tag":[],"class_list":{"0":"post-728203","1":"product","2":"type-product","3":"status-publish","5":"product_cat-iletisim-ve-medya","6":"product_cat-toplum-ve-insan","7":"pa_cilt-ciltsiz","8":"pa_tur-kitap","9":"pa_yayinevi-utopya-yayinevi","10":"pa_yazar-utopya-yayinevi-kolektif","12":"first","13":"instock","14":"sale","15":"shipping-taxable","16":"purchasable","17":"product-type-simple"},"_links":{"self":[{"href":"https:\/\/roveyayinevi.com.tr\/index.php\/wp-json\/wp\/v2\/product\/728203","targetHints":{"allow":["GET"]}}],"collection":[{"href":"https:\/\/roveyayinevi.com.tr\/index.php\/wp-json\/wp\/v2\/product"}],"about":[{"href":"https:\/\/roveyayinevi.com.tr\/index.php\/wp-json\/wp\/v2\/types\/product"}],"wp:attachment":[{"href":"https:\/\/roveyayinevi.com.tr\/index.php\/wp-json\/wp\/v2\/media?parent=728203"}],"wp:term":[{"taxonomy":"product_brand","embeddable":true,"href":"https:\/\/roveyayinevi.com.tr\/index.php\/wp-json\/wp\/v2\/product_brand?post=728203"},{"taxonomy":"product_cat","embeddable":true,"href":"https:\/\/roveyayinevi.com.tr\/index.php\/wp-json\/wp\/v2\/product_cat?post=728203"},{"taxonomy":"product_tag","embeddable":true,"href":"https:\/\/roveyayinevi.com.tr\/index.php\/wp-json\/wp\/v2\/product_tag?post=728203"}],"curies":[{"name":"wp","href":"https:\/\/api.w.org\/{rel}","templated":true}]}}