{"id":728181,"date":"2025-08-27T20:34:59","date_gmt":"2025-08-27T17:34:59","guid":{"rendered":"https:\/\/roveyayinevi.com.tr\/index.php\/urun\/cozum-bakanligi\/"},"modified":"2026-04-16T02:35:55","modified_gmt":"2026-04-15T23:35:55","slug":"cozum-bakanligi","status":"publish","type":"product","link":"https:\/\/roveyayinevi.com.tr\/index.php\/urun\/cozum-bakanligi\/","title":{"rendered":"\u00c7\u00f6z\u00fcm Bakanl\u0131\u011f\u0131"},"content":{"rendered":"<p>Nina on bir ya\u015f\u0131nda, maceraperest bir k\u0131z \u00e7ocu\u011fudur.   Postac\u0131 olan babas\u0131, bir g\u00fcn eve gizemli &#8220;\u00c7\u00f6z\u00fcm Bakanl\u0131\u011f\u0131&#8221;na g\u00f6nderilmi\u015f bir mektup getirir. Nina bu mektubu okumaktan kendini alamaz ve babas\u0131n\u0131n \u00e7antas\u0131ndan mektubu \u00f6d\u00fcn\u00e7 al\u0131r. Mektup okulda zorbal\u0131\u011fa u\u011frayan dokuz ya\u015f\u0131ndaki Ruben taraf\u0131ndan yaz\u0131lm\u0131\u015ft\u0131r.   Nina ve en iyi arkada\u015f\u0131 Alfa, \u00c7\u00f6z\u00fcm Bakanl\u0131\u011f\u0131 diye bir yer olmad\u0131\u011f\u0131 i\u00e7in Ruben&#8217;e yard\u0131m etmeye karar verirler. Ne var ki Ruben ve ya\u015fl\u0131 kom\u015fusu sayesinde yan\u0131ld\u0131klar\u0131n\u0131 anlarlar: Bir zamanlar \u00c7\u00f6z\u00fcm Bakanl\u0131\u011f\u0131 diye bir yer ger\u00e7ekten de var olmu\u015ftur! \u00dcstelik \u00fc\u00e7 sorunu \u00e7\u00f6zmeyi ba\u015far\u0131rlarsa bakanl\u0131\u011f\u0131 yeniden kurmalar\u0131 m\u00fcmk\u00fcn olacakt\u0131r. \u00c7\u00f6z\u00fcm Bakanl\u0131\u011f\u0131, zorbal\u0131\u011fa g\u00f6\u011f\u00fcs geren bir grup arkada\u015f hakk\u0131nda ilham verici, e\u011flenceli ve macera dolu bir roman!<\/p>\n","protected":false},"excerpt":{"rendered":"<p>Nina on bir ya\u015f\u0131nda, maceraperest bir k\u0131z \u00e7ocu\u011fudur. Postac\u0131 olan babas\u0131, bir g\u00fcn eve gizemli &#8220;\u00c7\u00f6z\u00fcm Bakanl\u0131\u011f\u0131&#8221;na g\u00f6nderilmi\u015f bir mektup getirir. Nina bu mektubu okumaktan kendini<span class=\"excerpt-hellip\"> [\u2026]<\/span><\/p>\n","protected":false},"featured_media":0,"template":"","meta":{"_monsterinsights_skip_tracking":false,"_monsterinsights_sitenote_active":false,"_monsterinsights_sitenote_note":"","_monsterinsights_sitenote_category":0},"product_brand":[],"product_cat":[12275,12274],"product_tag":[],"class_list":{"0":"post-728181","1":"product","2":"type-product","3":"status-publish","5":"product_cat-6-12-yas-kitaplari","6":"product_cat-cocuk-ve-genclik-kitaplari","7":"pa_cilt-ciltsiz","8":"pa_tur-kitap","9":"pa_yayinevi-can-cocuk-yayinlari","10":"pa_yazar-sanne-rooseboom","12":"first","13":"instock","14":"sale","15":"shipping-taxable","16":"purchasable","17":"product-type-simple"},"_links":{"self":[{"href":"https:\/\/roveyayinevi.com.tr\/index.php\/wp-json\/wp\/v2\/product\/728181","targetHints":{"allow":["GET"]}}],"collection":[{"href":"https:\/\/roveyayinevi.com.tr\/index.php\/wp-json\/wp\/v2\/product"}],"about":[{"href":"https:\/\/roveyayinevi.com.tr\/index.php\/wp-json\/wp\/v2\/types\/product"}],"wp:attachment":[{"href":"https:\/\/roveyayinevi.com.tr\/index.php\/wp-json\/wp\/v2\/media?parent=728181"}],"wp:term":[{"taxonomy":"product_brand","embeddable":true,"href":"https:\/\/roveyayinevi.com.tr\/index.php\/wp-json\/wp\/v2\/product_brand?post=728181"},{"taxonomy":"product_cat","embeddable":true,"href":"https:\/\/roveyayinevi.com.tr\/index.php\/wp-json\/wp\/v2\/product_cat?post=728181"},{"taxonomy":"product_tag","embeddable":true,"href":"https:\/\/roveyayinevi.com.tr\/index.php\/wp-json\/wp\/v2\/product_tag?post=728181"}],"curies":[{"name":"wp","href":"https:\/\/api.w.org\/{rel}","templated":true}]}}