{"id":728164,"date":"2025-08-27T20:34:44","date_gmt":"2025-08-27T17:34:44","guid":{"rendered":"https:\/\/roveyayinevi.com.tr\/index.php\/urun\/son-teknoloji-moda-illustrasyonu\/"},"modified":"2026-04-16T02:35:54","modified_gmt":"2026-04-15T23:35:54","slug":"son-teknoloji-moda-illustrasyonu","status":"publish","type":"product","link":"https:\/\/roveyayinevi.com.tr\/index.php\/urun\/son-teknoloji-moda-illustrasyonu\/","title":{"rendered":"Son Teknoloji Moda \u0130ll\u00fcstrasyonu"},"content":{"rendered":"<p>Moda ill\u00fcstrasyonlar\u0131n\u0131z\u0131 yeni bir yarat\u0131c\u0131 d\u00fczeye ta\u015f\u0131mak i\u00e7in son teknoloji tekniklerErica Sharp\u2019\u0131n ticari \u00e7al\u0131\u015fmalar\u0131 t\u00fcm d\u00fcnyada moda sayfalar\u0131n\u0131 s\u00fcsledi.Son Teknoloji Moda \u0130ll\u00fcstrasyonu size \u00f6zg\u00fcn bir bile\u015fim halinde hem ders, hem de ilham vererek moda \u00e7izimlerinizi Photoshop teknikleri ile birle\u015ftirmeyi \u00f6\u011fretecek.- Geleneksel fig\u00fcr \u00e7izimleriyle taranm\u0131\u015f dokular\u0131 bir araya getirin- \u00c7al\u0131\u015fmalar\u0131n\u0131za heyecan verici yeni \u015fekillerde renk uygulay\u0131n- Giysi ve arka planlarda yarat\u0131c\u0131 efektler kullan\u0131n- Foto\u011fraflara \u00e7izim \u00f6geleri ekleyin- Moda \u00e7izimleriyle foto\u011fraf bile\u015fenlerini harmanlay\u0131n- Tekrarlayan bask\u0131lar ve \u00f6r\u00fcnt\u00fcler yarat\u0131p d\u00fczenleyin- \u00c7al\u0131\u015fmalar\u0131n\u0131z\u0131 internette tan\u0131t\u0131n ve sergileyin<\/p>\n","protected":false},"excerpt":{"rendered":"<p>Moda ill\u00fcstrasyonlar\u0131n\u0131z\u0131 yeni bir yarat\u0131c\u0131 d\u00fczeye ta\u015f\u0131mak i\u00e7in son teknoloji tekniklerErica Sharp\u2019\u0131n ticari \u00e7al\u0131\u015fmalar\u0131 t\u00fcm d\u00fcnyada moda sayfalar\u0131n\u0131 s\u00fcsledi.Son Teknoloji Moda \u0130ll\u00fcstrasyonu size \u00f6zg\u00fcn bir bile\u015fim<span class=\"excerpt-hellip\"> [\u2026]<\/span><\/p>\n","protected":false},"featured_media":0,"template":"","meta":{"_monsterinsights_skip_tracking":false,"_monsterinsights_sitenote_active":false,"_monsterinsights_sitenote_note":"","_monsterinsights_sitenote_category":0},"product_brand":[],"product_cat":[15563,31980],"product_tag":[],"class_list":{"0":"post-728164","1":"product","2":"type-product","3":"status-publish","5":"product_cat-hobi","6":"product_cat-moda","7":"pa_cilt-ciltsiz","8":"pa_tur-kitap","9":"pa_yayinevi-bilge-kultur-sanat","10":"pa_yazar-erica-sharp","12":"first","13":"instock","14":"sale","15":"shipping-taxable","16":"purchasable","17":"product-type-simple"},"_links":{"self":[{"href":"https:\/\/roveyayinevi.com.tr\/index.php\/wp-json\/wp\/v2\/product\/728164","targetHints":{"allow":["GET"]}}],"collection":[{"href":"https:\/\/roveyayinevi.com.tr\/index.php\/wp-json\/wp\/v2\/product"}],"about":[{"href":"https:\/\/roveyayinevi.com.tr\/index.php\/wp-json\/wp\/v2\/types\/product"}],"wp:attachment":[{"href":"https:\/\/roveyayinevi.com.tr\/index.php\/wp-json\/wp\/v2\/media?parent=728164"}],"wp:term":[{"taxonomy":"product_brand","embeddable":true,"href":"https:\/\/roveyayinevi.com.tr\/index.php\/wp-json\/wp\/v2\/product_brand?post=728164"},{"taxonomy":"product_cat","embeddable":true,"href":"https:\/\/roveyayinevi.com.tr\/index.php\/wp-json\/wp\/v2\/product_cat?post=728164"},{"taxonomy":"product_tag","embeddable":true,"href":"https:\/\/roveyayinevi.com.tr\/index.php\/wp-json\/wp\/v2\/product_tag?post=728164"}],"curies":[{"name":"wp","href":"https:\/\/api.w.org\/{rel}","templated":true}]}}