{"id":728163,"date":"2025-08-27T20:34:44","date_gmt":"2025-08-27T17:34:44","guid":{"rendered":"https:\/\/roveyayinevi.com.tr\/index.php\/urun\/turk-yunan-savasi-1919-1922\/"},"modified":"2026-04-16T02:35:54","modified_gmt":"2026-04-15T23:35:54","slug":"turk-yunan-savasi-1919-1922","status":"publish","type":"product","link":"https:\/\/roveyayinevi.com.tr\/index.php\/urun\/turk-yunan-savasi-1919-1922\/","title":{"rendered":"T\u00fcrk-Yunan Sava\u015f\u0131 1919-1922"},"content":{"rendered":"<p>Bir Rus Generalin\u0130stikl\u00e2l Harbi Raporu\u2026Rus general Nikolay Georgiyevi\u00e7 Korsun taraf\u0131ndan K\u0131z\u0131l Ordu komutanlar\u0131 i\u00e7in \u00f6zel olarak haz\u0131rlanan kitap\u2026 \u201c\u00d6zellikle B\u00fcy\u00fck Taarruz\u2019a ayr\u0131lan b\u00f6l\u00fcm T\u00fcrk Ordusu\u2019nun yok olu\u015ftan zafere giden yolu nas\u0131l kat etti\u011fini, \u0130stanbul kap\u0131lar\u0131na dayand\u0131\u011f\u0131nda \u0130ngilizlere geri ad\u0131m att\u0131racak cayd\u0131r\u0131c\u0131l\u0131\u011fa nas\u0131l ula\u015ft\u0131\u011f\u0131n\u0131 ayr\u0131nt\u0131lar\u0131yla anlatmas\u0131 a\u00e7\u0131s\u0131ndan \u00e7ok \u00f6nemli.\u201d Dr. Selim Erdo\u011fan Sakarya: T\u00fcrk Bitti Demeden Bitmez kitab\u0131n yazar\u0131 \u0130lk kez 1940 y\u0131l\u0131nda SSCB\u2019de bas\u0131lan, \u0130stikl\u00e2l Harbi\u2019nden y\u00fcz y\u0131l sonra yeniden tozlu raflardan indirilen elinizdeki eser, bir y\u00f6n\u00fcyle belgesel di\u011fer y\u00f6n\u00fcyle ders kitab\u0131 olma \u00f6zelli\u011fine sahip. Hem \u00c7arl\u0131k Ordusu\u2019nda hem de K\u0131z\u0131l Ordu\u2019da bir\u00e7ok kritik g\u00f6revde bulunmu\u015f bir generalin g\u00f6z\u00fcnden \u0130stikl\u00e2l Harbi\u2019nin teferruatl\u0131 bir \u015fekilde tahlil edilmesi ve adeta bir ders olarak K\u0131z\u0131l Ordu\u2019ya sunulmas\u0131, \u0130stikl\u00e2l Harbi\u2019nin d\u00fcnya askeri tarihi a\u00e7\u0131s\u0131ndan ta\u015f\u0131d\u0131\u011f\u0131 ehemmiyeti birkez daha ortaya koyuyor.N. G. Korsun bu eserde \u0130stikl\u00e2l Harbi\u2019nin yaln\u0131zca tarihsel seyrini anlatmam\u0131\u015f, ayn\u0131 zamanda taraflar\u0131n sava\u015ftaki harek\u00e2tlar\u0131n\u0131n ne gibi sonu\u00e7lar do\u011furdu\u011funu da okuyuculara g\u00f6stererek sava\u015f\u0131n \u00f6\u011fretici dersler bar\u0131nd\u0131rd\u0131\u011f\u0131n\u0131 da vurgulam\u0131\u015ft\u0131r. T\u00fcrklerin sava\u015ftan zaferle ayr\u0131lmas\u0131nda iyi d\u00fc\u015f\u00fcn\u00fclm\u00fc\u015f bir haz\u0131rl\u0131\u011f\u0131n, titizlikle elde edilmi\u015f istihbarat bilgilerinin, asker\u00ee harek\u00e2t\u0131n dikkatli bir \u015fekilde incelenmesinin ve operasyon istikametlerinin do\u011fru de\u011ferlendirilmesinin \u00e7ok \u00f6nemli bir yere sahip oldu\u011funun alt\u0131n\u0131 \u00e7izmi\u015ftir.\u201cT\u00fcrk-Yunan Sava\u015f\u0131 1919-1922\u201d, \u0130stikl\u00e2l Harbi\u2019nde T\u00fcrklerin verdi\u011fi m\u00fccadeleye Rus bir generalin nas\u0131l bakt\u0131\u011f\u0131n\u0131 g\u00f6steren, soluk solu\u011fa okunacak bir tarihi kaynak\u2026<\/p>\n","protected":false},"excerpt":{"rendered":"<p>Bir Rus Generalin\u0130stikl\u00e2l Harbi Raporu\u2026Rus general Nikolay Georgiyevi\u00e7 Korsun taraf\u0131ndan K\u0131z\u0131l Ordu komutanlar\u0131 i\u00e7in \u00f6zel olarak haz\u0131rlanan kitap\u2026 \u201c\u00d6zellikle B\u00fcy\u00fck Taarruz\u2019a ayr\u0131lan b\u00f6l\u00fcm T\u00fcrk Ordusu\u2019nun yok<span class=\"excerpt-hellip\"> [\u2026]<\/span><\/p>\n","protected":false},"featured_media":0,"template":"","meta":{"_monsterinsights_skip_tracking":false,"_monsterinsights_sitenote_active":false,"_monsterinsights_sitenote_note":"","_monsterinsights_sitenote_category":0},"product_brand":[],"product_cat":[12304,13650],"product_tag":[],"class_list":{"0":"post-728163","1":"product","2":"type-product","3":"status-publish","5":"product_cat-tarih","6":"product_cat-turk-tarihi-arastirmalari","7":"pa_cilt-ciltsiz","8":"pa_tur-kitap","9":"pa_yayinevi-kronik-kitap","10":"pa_yazar-nikolay-georgiyevic-korsun","12":"first","13":"instock","14":"sale","15":"shipping-taxable","16":"purchasable","17":"product-type-simple"},"_links":{"self":[{"href":"https:\/\/roveyayinevi.com.tr\/index.php\/wp-json\/wp\/v2\/product\/728163","targetHints":{"allow":["GET"]}}],"collection":[{"href":"https:\/\/roveyayinevi.com.tr\/index.php\/wp-json\/wp\/v2\/product"}],"about":[{"href":"https:\/\/roveyayinevi.com.tr\/index.php\/wp-json\/wp\/v2\/types\/product"}],"wp:attachment":[{"href":"https:\/\/roveyayinevi.com.tr\/index.php\/wp-json\/wp\/v2\/media?parent=728163"}],"wp:term":[{"taxonomy":"product_brand","embeddable":true,"href":"https:\/\/roveyayinevi.com.tr\/index.php\/wp-json\/wp\/v2\/product_brand?post=728163"},{"taxonomy":"product_cat","embeddable":true,"href":"https:\/\/roveyayinevi.com.tr\/index.php\/wp-json\/wp\/v2\/product_cat?post=728163"},{"taxonomy":"product_tag","embeddable":true,"href":"https:\/\/roveyayinevi.com.tr\/index.php\/wp-json\/wp\/v2\/product_tag?post=728163"}],"curies":[{"name":"wp","href":"https:\/\/api.w.org\/{rel}","templated":true}]}}