{"id":728155,"date":"2025-08-27T20:34:36","date_gmt":"2025-08-27T17:34:36","guid":{"rendered":"https:\/\/roveyayinevi.com.tr\/index.php\/urun\/engel\/"},"modified":"2026-04-16T02:35:54","modified_gmt":"2026-04-15T23:35:54","slug":"engel","status":"publish","type":"product","link":"https:\/\/roveyayinevi.com.tr\/index.php\/urun\/engel\/","title":{"rendered":"Engel"},"content":{"rendered":"<p>Timur \u0130mparatorlu\u011fu\u2019nun da kurucusu olan me\u015fhur T\u00fcrk ve Mo\u011fol h\u00fck\u00fcmdar: Timurlenk\u2026 Yani \u201cAksak Timur\u201d\u2026 D\u00fczenledi\u011fi seferlerle bug\u00fcnk\u00fc Orta Asya, Rusya, \u0130ran, Hindistan, Afganistan, Azerbaycan, G\u00fcrcistan, Ermenistan, Irak ve Suriye\u2019yi kapsayan topraklar\u0131 ele ge\u00e7irdi. Cengiz Han\u2019\u0131 \u00f6rnek ald\u0131 kendine ve onun yolunda giderek b\u00fcy\u00fck bir imparatorluk kurdu. Ancak Timur\u2019u bizim tarihimizde \u00f6nemli k\u0131lan as\u0131l mesele, 1402\u2019de yap\u0131lan Ankara Sava\u015f\u0131\u2019nda Osmanl\u0131 padi\u015fah\u0131 Y\u0131ld\u0131r\u0131m Bayezid\u2019i ma\u011flup edip esir almas\u0131 olmu\u015ftu. Osmanl\u0131\u2019y\u0131 on bir y\u0131ll\u0131k bir iktidar bo\u015flu\u011funa g\u00f6t\u00fcren bu yenilginin m\u00fcsebbibi olarak Timur pek de sevilmez bizim tarih anlat\u0131m\u0131zda. Oysa, Turan\u2019dan Anadolu\u2019ya d\u00f6neminin en b\u00fcy\u00fck imparatorlu\u011funu kurmu\u015f bir deha olan Timurlenk\u2019e insani taraf\u0131yla pek yakla\u015f\u0131lmad\u0131; engeli, hayat\u0131n\u0131, karakterini ve sava\u015flar\u0131n\u0131 nas\u0131l etkiledi, pek d\u00fc\u015f\u00fcn\u00fclmedi. \u015eimdi, bu romanda ise bamba\u015fka bir Timur \u00e7\u0131k\u0131yor kar\u015f\u0131m\u0131za! Mim Kem\u00e2l \u00d6ke, bu tarihsel kahraman\u0131n derinlerine inerek onun as\u0131l engeline, nefsini alt etmeye \u00e7al\u0131\u015fan ve sevilmeye ihtiya\u00e7 duyan insan y\u00f6n\u00fcne de\u011finiyor. Ve Timurlenk, unutulmaz bir roman kahraman\u0131 olarak ete kemi\u011fe b\u00fcr\u00fcn\u00fcyor. \u201cYa\u015fasam, topal ve \u00e7olak ya\u015fan\u0131r m\u0131ym\u0131\u015f? Engel bir de\u011fil ki&#8230; Olmaz, yapamam, b\u00f6yle sakat sakat insanlar\u0131n aras\u0131na giremem ben&#8230; Yok, olmaz. Onun i\u00e7in Tanr\u0131m, bitir i\u015fimi bir an \u00f6nce. Sen kulundan kurtul, ben de Tanr\u0131mdan kurtulay\u0131m!..\u201d <\/p>\n","protected":false},"excerpt":{"rendered":"<p>Timur \u0130mparatorlu\u011fu\u2019nun da kurucusu olan me\u015fhur T\u00fcrk ve Mo\u011fol h\u00fck\u00fcmdar: Timurlenk\u2026 Yani \u201cAksak Timur\u201d\u2026 D\u00fczenledi\u011fi seferlerle bug\u00fcnk\u00fc Orta Asya, Rusya, \u0130ran, Hindistan, Afganistan, Azerbaycan, G\u00fcrcistan, Ermenistan,<span class=\"excerpt-hellip\"> [\u2026]<\/span><\/p>\n","protected":false},"featured_media":0,"template":"","meta":{"_monsterinsights_skip_tracking":false,"_monsterinsights_sitenote_active":false,"_monsterinsights_sitenote_note":"","_monsterinsights_sitenote_category":0},"product_brand":[],"product_cat":[12291,12711],"product_tag":[],"class_list":{"0":"post-728155","1":"product","2":"type-product","3":"status-publish","5":"product_cat-edebiyat","6":"product_cat-roman-oyku","7":"pa_cilt-ciltsiz","8":"pa_tur-kitap","9":"pa_yayinevi-turkuvaz-kitap","10":"pa_yazar-mim-kemal-oke","12":"first","13":"instock","14":"sale","15":"shipping-taxable","16":"purchasable","17":"product-type-simple"},"_links":{"self":[{"href":"https:\/\/roveyayinevi.com.tr\/index.php\/wp-json\/wp\/v2\/product\/728155","targetHints":{"allow":["GET"]}}],"collection":[{"href":"https:\/\/roveyayinevi.com.tr\/index.php\/wp-json\/wp\/v2\/product"}],"about":[{"href":"https:\/\/roveyayinevi.com.tr\/index.php\/wp-json\/wp\/v2\/types\/product"}],"wp:attachment":[{"href":"https:\/\/roveyayinevi.com.tr\/index.php\/wp-json\/wp\/v2\/media?parent=728155"}],"wp:term":[{"taxonomy":"product_brand","embeddable":true,"href":"https:\/\/roveyayinevi.com.tr\/index.php\/wp-json\/wp\/v2\/product_brand?post=728155"},{"taxonomy":"product_cat","embeddable":true,"href":"https:\/\/roveyayinevi.com.tr\/index.php\/wp-json\/wp\/v2\/product_cat?post=728155"},{"taxonomy":"product_tag","embeddable":true,"href":"https:\/\/roveyayinevi.com.tr\/index.php\/wp-json\/wp\/v2\/product_tag?post=728155"}],"curies":[{"name":"wp","href":"https:\/\/api.w.org\/{rel}","templated":true}]}}