{"id":728148,"date":"2025-08-27T20:34:30","date_gmt":"2025-08-27T17:34:30","guid":{"rendered":"https:\/\/roveyayinevi.com.tr\/index.php\/urun\/her-yonuyle-kurt-dosyasi\/"},"modified":"2026-04-16T02:35:54","modified_gmt":"2026-04-15T23:35:54","slug":"her-yonuyle-kurt-dosyasi","status":"publish","type":"product","link":"https:\/\/roveyayinevi.com.tr\/index.php\/urun\/her-yonuyle-kurt-dosyasi\/","title":{"rendered":"Her Y\u00f6n\u00fcyle K\u00fcrt Dosyas\u0131"},"content":{"rendered":"<p>Elinizdeki eser yaln\u0131zca siyas\u00ee tarih konular\u0131n\u0131 i\u00e7eren bir \u00e7al\u0131\u015fma de\u011fildir. K\u00fcrt olarak adland\u0131r\u0131lan insanlar\u0131n ya\u015fad\u0131\u011f\u0131 co\u011frafyadan, tarih\u00ee ge\u00e7mi\u015f, k\u00fclt\u00fcr, folklor, dil ve edebiyat vb. gibi konular\u0131 da irdeleyen bir eserdir. G\u00fcn\u00fcm\u00fcz d\u00fcnyas\u0131n\u0131n \u00f6nemli bir politik manevras\u0131 olan \u201cmill\u00ee kimlik\u201d, \u201calt kimlik &#8211; \u00fcst kimlik ikilemi\u201d, \u201cetnogenez\u201d, \u201cetniciti\u201d vb. kavramlarla hedef al\u0131nan toplumlar\u0131n \u00e7\u00f6kertilmesini ama\u00e7layan yeni emperyalist pl\u00e2nlar\u0131n uygulanma alanlar\u0131n\u0131n ortadan kalkmas\u0131 i\u00e7in bu t\u00fcrden \u00e7al\u0131\u015fmalara ihtiya\u00e7 duyulmaktad\u0131r. Bu hususlar dikkate al\u0131narak Orta-do\u011fu\u2019da geni\u015f bir co\u011frafyada da\u011f\u0131n\u0131k halde ya\u015fayan, heterojen toplum \u00f6zelli\u011fini y\u00fczy\u0131llard\u0131r de\u011fi\u015ftirmemi\u015f K\u00fcrt ad\u0131 ile ifade olunan bu topluluklar\u0131n sosyal, k\u00fclt\u00fcrel ve tarih\u00ee \u00f6zelliklerinin ilm\u00ee metotlarla incelenmesinin \u00f6nemini her ayd\u0131n takdir edecektir. <\/p>\n","protected":false},"excerpt":{"rendered":"<p>Elinizdeki eser yaln\u0131zca siyas\u00ee tarih konular\u0131n\u0131 i\u00e7eren bir \u00e7al\u0131\u015fma de\u011fildir. K\u00fcrt olarak adland\u0131r\u0131lan insanlar\u0131n ya\u015fad\u0131\u011f\u0131 co\u011frafyadan, tarih\u00ee ge\u00e7mi\u015f, k\u00fclt\u00fcr, folklor, dil ve edebiyat vb. gibi konular\u0131<span class=\"excerpt-hellip\"> [\u2026]<\/span><\/p>\n","protected":false},"featured_media":0,"template":"","meta":{"_monsterinsights_skip_tracking":false,"_monsterinsights_sitenote_active":false,"_monsterinsights_sitenote_note":"","_monsterinsights_sitenote_category":0},"product_brand":[],"product_cat":[12370,12304],"product_tag":[],"class_list":{"0":"post-728148","1":"product","2":"type-product","3":"status-publish","5":"product_cat-arastirma-inceleme","6":"product_cat-tarih","7":"pa_cilt-ciltsiz","8":"pa_tur-kitap","9":"pa_yayinevi-altinordu-yayinlari","10":"pa_yazar-abdulhaluk-m-cay","12":"first","13":"instock","14":"sale","15":"shipping-taxable","16":"purchasable","17":"product-type-simple"},"_links":{"self":[{"href":"https:\/\/roveyayinevi.com.tr\/index.php\/wp-json\/wp\/v2\/product\/728148","targetHints":{"allow":["GET"]}}],"collection":[{"href":"https:\/\/roveyayinevi.com.tr\/index.php\/wp-json\/wp\/v2\/product"}],"about":[{"href":"https:\/\/roveyayinevi.com.tr\/index.php\/wp-json\/wp\/v2\/types\/product"}],"wp:attachment":[{"href":"https:\/\/roveyayinevi.com.tr\/index.php\/wp-json\/wp\/v2\/media?parent=728148"}],"wp:term":[{"taxonomy":"product_brand","embeddable":true,"href":"https:\/\/roveyayinevi.com.tr\/index.php\/wp-json\/wp\/v2\/product_brand?post=728148"},{"taxonomy":"product_cat","embeddable":true,"href":"https:\/\/roveyayinevi.com.tr\/index.php\/wp-json\/wp\/v2\/product_cat?post=728148"},{"taxonomy":"product_tag","embeddable":true,"href":"https:\/\/roveyayinevi.com.tr\/index.php\/wp-json\/wp\/v2\/product_tag?post=728148"}],"curies":[{"name":"wp","href":"https:\/\/api.w.org\/{rel}","templated":true}]}}