{"id":728130,"date":"2025-08-27T20:34:16","date_gmt":"2025-08-27T17:34:16","guid":{"rendered":"https:\/\/roveyayinevi.com.tr\/index.php\/urun\/elestiri-zamani\/"},"modified":"2026-04-16T02:35:53","modified_gmt":"2026-04-15T23:35:53","slug":"elestiri-zamani","status":"publish","type":"product","link":"https:\/\/roveyayinevi.com.tr\/index.php\/urun\/elestiri-zamani\/","title":{"rendered":"Ele\u015ftiri Zaman\u0131"},"content":{"rendered":"<p>3 ayl\u0131k d\u00fc\u015f\u00fcnce dergisi cogito\u2019nun 100. say\u0131s\u0131 yay\u0131mland\u0131. Cogito 26 y\u0131l \u00f6nce d\u00fc\u015f\u00fcnce \u00fcretimine, bilgiye ve bilmeye\u201d y\u00f6nelik talebi beslemeye, ya\u015fatmaya ve s\u00fcrd\u00fcrmeye katk\u0131da bulunmak, \u201cd\u00fc\u015f\u00fcnmenin pek g\u00fcndemde olmad\u0131\u011f\u0131 bir ortamda, bir d\u00fc\u015f\u00fcnce dergisi olabilmek\u201d amac\u0131yla yay\u0131n hayat\u0131na ba\u015flam\u0131\u015ft\u0131. \u201cYaralanabilirlik\u201dten \u201cFeminizm\u201de, \u201cQueer Kuram\u201ddan \u201cK\u00f6t\u00fcl\u00fck\u201de, \u201cAristoteles\u00e7ilik\u201dten \u201cDeprem\u201de onlarca konuyu felsefi, k\u00fclt\u00fcrel ve toplumsal analizlerle temala\u015ft\u0131ran ve hem d\u00fcnyadan hem T\u00fcrkiye\u2019den yazarlar\u0131n katk\u0131lar\u0131yla tart\u0131\u015fmaya a\u00e7an dergi, bir yandan da \u00f6zel d\u00fc\u015f\u00fcn\u00fcr say\u0131lar\u0131yla T\u00fcrkiye\u2019nin d\u00fc\u015f\u00fcnsel hayat\u0131n\u0131 zenginle\u015ftirmeye katk\u0131da bulundu. Benzersiz bir kriz d\u00f6nemine denk gelen 100. Say\u0131 \u201cEle\u015ftiri Zaman\u0131\u201d, toplum ele\u015ftirisini ve bireyin \u00f6zg\u00fcrle\u015fmesini odakta tutan ve g\u00fcncelli\u011fini hep koruyan ele\u015ftirel teori gelene\u011fini ve ele\u015ftirel d\u00fc\u015f\u00fcncenin aciliyetini ele alan yaz\u0131lardan olu\u015fuyor. Bu kritik d\u00f6nemde T\u00fcrkiye&#8217;de ele\u015ftirel d\u00fc\u015f\u00fcnceyle daha yak\u0131n ve daha teferruatl\u0131 bir ili\u015fki kurulmas\u0131na, d\u00fc\u015f\u00fcnsel \u00fcretimin zenginle\u015fmesine katk\u0131da bulunmas\u0131 i\u00e7in haz\u0131rlanan say\u0131n\u0131n i\u00e7eri\u011fi \u015f\u00f6yle: <\/p>\n","protected":false},"excerpt":{"rendered":"<p>3 ayl\u0131k d\u00fc\u015f\u00fcnce dergisi cogito\u2019nun 100. say\u0131s\u0131 yay\u0131mland\u0131. Cogito 26 y\u0131l \u00f6nce d\u00fc\u015f\u00fcnce \u00fcretimine, bilgiye ve bilmeye\u201d y\u00f6nelik talebi beslemeye, ya\u015fatmaya ve s\u00fcrd\u00fcrmeye katk\u0131da bulunmak, \u201cd\u00fc\u015f\u00fcnmenin<span class=\"excerpt-hellip\"> [\u2026]<\/span><\/p>\n","protected":false},"featured_media":0,"template":"","meta":{"_monsterinsights_skip_tracking":false,"_monsterinsights_sitenote_active":false,"_monsterinsights_sitenote_note":"","_monsterinsights_sitenote_category":0},"product_brand":[],"product_cat":[13527],"product_tag":[],"class_list":{"0":"post-728130","1":"product","2":"type-product","3":"status-publish","5":"product_cat-sureli-yayinlar","6":"pa_cilt-ciltsiz","7":"pa_tur-dergi","8":"pa_yayinevi-yapi-kredi-yayinlari-dergi","9":"pa_yazar-yapi-kredi-yayinlari-dergi-kolektif","11":"first","12":"instock","13":"sale","14":"shipping-taxable","15":"purchasable","16":"product-type-simple"},"_links":{"self":[{"href":"https:\/\/roveyayinevi.com.tr\/index.php\/wp-json\/wp\/v2\/product\/728130","targetHints":{"allow":["GET"]}}],"collection":[{"href":"https:\/\/roveyayinevi.com.tr\/index.php\/wp-json\/wp\/v2\/product"}],"about":[{"href":"https:\/\/roveyayinevi.com.tr\/index.php\/wp-json\/wp\/v2\/types\/product"}],"wp:attachment":[{"href":"https:\/\/roveyayinevi.com.tr\/index.php\/wp-json\/wp\/v2\/media?parent=728130"}],"wp:term":[{"taxonomy":"product_brand","embeddable":true,"href":"https:\/\/roveyayinevi.com.tr\/index.php\/wp-json\/wp\/v2\/product_brand?post=728130"},{"taxonomy":"product_cat","embeddable":true,"href":"https:\/\/roveyayinevi.com.tr\/index.php\/wp-json\/wp\/v2\/product_cat?post=728130"},{"taxonomy":"product_tag","embeddable":true,"href":"https:\/\/roveyayinevi.com.tr\/index.php\/wp-json\/wp\/v2\/product_tag?post=728130"}],"curies":[{"name":"wp","href":"https:\/\/api.w.org\/{rel}","templated":true}]}}