{"id":728119,"date":"2025-08-27T20:34:08","date_gmt":"2025-08-27T17:34:08","guid":{"rendered":"https:\/\/roveyayinevi.com.tr\/index.php\/urun\/aile-egitiminde-guncel-konular\/"},"modified":"2026-04-16T02:35:53","modified_gmt":"2026-04-15T23:35:53","slug":"aile-egitiminde-guncel-konular","status":"publish","type":"product","link":"https:\/\/roveyayinevi.com.tr\/index.php\/urun\/aile-egitiminde-guncel-konular\/","title":{"rendered":"Aile E\u011fitiminde G\u00fcncel Konular"},"content":{"rendered":"<p>Toplumun en temel yap\u0131 ta\u015f\u0131n\u0131 olu\u015fturan aile, varl\u0131\u011f\u0131n\u0131 as\u0131rlard\u0131r s\u00fcrd\u00fcrm\u00fc\u015f ve her daim \u00f6nemli bir kurum olarak insan ya\u015fam\u0131nda yer edinmi\u015ftir. Bu durum ailenin pek \u00e7ok \u00e7al\u0131\u015fmaya konu olmas\u0131na ve ge\u00e7mi\u015ften g\u00fcn\u00fcm\u00fcze uzanan ara\u015ft\u0131rma alan\u0131 haline gelmesine zemin olu\u015fturmu\u015ftur. Her ailenin kendi i\u00e7inde bir dinamik olu\u015fturmas\u0131, ekonomik, teknolojik, k\u00fclt\u00fcrel pek \u00e7ok de\u011fi\u015fiklikten etkilenmesi ve bireyin psikolojisi, davran\u0131\u015flar\u0131, ili\u015fkileri \u00fczerinde etkisini her zaman s\u00fcrd\u00fcrmesi aile ile ilgili \u00e7al\u0131\u015fmalar\u0131n \u00f6neminin korunmas\u0131na katk\u0131 sa\u011flam\u0131\u015ft\u0131r.G\u00fcn\u00fcm\u00fczde geli\u015fen ve de\u011fi\u015fen aile, \u00fcyeleri aras\u0131ndaki uyumlu birlikteli\u011fi sa\u011flamak zorundad\u0131r. De\u011fi\u015fen aile rollerine uyum sa\u011flayamama, aile i\u00e7indeki ileti\u015fim ve etkile\u015fimdeki bozulmalar ku\u015faklar aras\u0131 \u00e7at\u0131\u015fmalar\u0131n artmas\u0131na neden olmaktad\u0131r. Bu a\u00e7\u0131dan bak\u0131ld\u0131\u011f\u0131nda beklenmedik durumlarla kar\u015f\u0131 kar\u015f\u0131ya kal\u0131nmas\u0131, ailede farkl\u0131 \u00f6zelliklerin varl\u0131\u011f\u0131n\u0131 g\u00f6stermesi, aile i\u00e7indeki sorunlarla ba\u015f edilmesi ve meydana gelecek olumsuz durumlar\u0131n ortadan kald\u0131r\u0131lmas\u0131 i\u00e7in aileye y\u00f6nelik destek ve m\u00fcdahale \u00e7al\u0131\u015fmalar\u0131n\u0131n ortaya konulmas\u0131 \u00f6nemli olacakt\u0131r.<\/p>\n","protected":false},"excerpt":{"rendered":"<p>Toplumun en temel yap\u0131 ta\u015f\u0131n\u0131 olu\u015fturan aile, varl\u0131\u011f\u0131n\u0131 as\u0131rlard\u0131r s\u00fcrd\u00fcrm\u00fc\u015f ve her daim \u00f6nemli bir kurum olarak insan ya\u015fam\u0131nda yer edinmi\u015ftir. Bu durum ailenin pek \u00e7ok<span class=\"excerpt-hellip\"> [\u2026]<\/span><\/p>\n","protected":false},"featured_media":0,"template":"","meta":{"_monsterinsights_skip_tracking":false,"_monsterinsights_sitenote_active":false,"_monsterinsights_sitenote_note":"","_monsterinsights_sitenote_category":0},"product_brand":[],"product_cat":[12567,12566],"product_tag":[],"class_list":{"0":"post-728119","1":"product","2":"type-product","3":"status-publish","5":"product_cat-diger-egitim","6":"product_cat-egitim","7":"pa_cilt-ciltsiz","8":"pa_tur-kitap","9":"pa_yayinevi-egiten-kitap","10":"pa_yazar-egiten-kolektif","12":"first","13":"instock","14":"sale","15":"shipping-taxable","16":"purchasable","17":"product-type-simple"},"_links":{"self":[{"href":"https:\/\/roveyayinevi.com.tr\/index.php\/wp-json\/wp\/v2\/product\/728119","targetHints":{"allow":["GET"]}}],"collection":[{"href":"https:\/\/roveyayinevi.com.tr\/index.php\/wp-json\/wp\/v2\/product"}],"about":[{"href":"https:\/\/roveyayinevi.com.tr\/index.php\/wp-json\/wp\/v2\/types\/product"}],"wp:attachment":[{"href":"https:\/\/roveyayinevi.com.tr\/index.php\/wp-json\/wp\/v2\/media?parent=728119"}],"wp:term":[{"taxonomy":"product_brand","embeddable":true,"href":"https:\/\/roveyayinevi.com.tr\/index.php\/wp-json\/wp\/v2\/product_brand?post=728119"},{"taxonomy":"product_cat","embeddable":true,"href":"https:\/\/roveyayinevi.com.tr\/index.php\/wp-json\/wp\/v2\/product_cat?post=728119"},{"taxonomy":"product_tag","embeddable":true,"href":"https:\/\/roveyayinevi.com.tr\/index.php\/wp-json\/wp\/v2\/product_tag?post=728119"}],"curies":[{"name":"wp","href":"https:\/\/api.w.org\/{rel}","templated":true}]}}