{"id":728114,"date":"2025-08-27T20:34:04","date_gmt":"2025-08-27T17:34:04","guid":{"rendered":"https:\/\/roveyayinevi.com.tr\/index.php\/urun\/ergenlik-bir-iliski-baglanmasi\/"},"modified":"2026-04-03T02:43:21","modified_gmt":"2026-04-02T23:43:21","slug":"ergenlik-bir-iliski-baglanmasi","status":"publish","type":"product","link":"https:\/\/roveyayinevi.com.tr\/index.php\/urun\/ergenlik-bir-iliski-baglanmasi\/","title":{"rendered":"Ergenlik: Bir \u0130li\u015fki Ba\u011flanmas\u0131"},"content":{"rendered":"<p>Ergen \u00e7ocu\u011funuzla nas\u0131l ba\u011f kurabilirsiniz?  Ebeveyn-ergen ili\u015fkisindeki \u00e7at\u0131\u015fmay\u0131 bir f\u0131rsata d\u00f6n\u00fc\u015ft\u00fcrebilir misiniz?  Ergen \u00e7ocu\u011funuzu anlamak ge\u00e7mi\u015f yaralar\u0131n\u0131z\u0131n iyile\u015fmesine nas\u0131l yard\u0131mc\u0131 olur?   Bir ergen ebeveyni olarak duygular\u0131n\u0131zda kalmak ile onlar\u0131 yok saymak aras\u0131ndaki fark\u0131 nas\u0131l anlars\u0131n\u0131z?   Ergenlik, anne babalar i\u00e7in zorlu bir s\u00fcre\u00e7tir. Asl\u0131nda ergen \u00e7ocuklar\u0131n kar\u015f\u0131 kar\u015f\u0131ya kald\u0131\u011f\u0131 zorluklar anne babalar\u0131n\u0131n \u00e7\u00f6z\u00fclmemi\u015f ac\u0131lar\u0131n\u0131n ve kayg\u0131lar\u0131n\u0131n yans\u0131malar\u0131d\u0131r \u00e7o\u011fu zaman. Deneyimli Klinik Psikolog Dr. Christa Santangelo Ergenlik: Bir \u0130li\u015fki Ba\u011flanmas\u0131\u2019nda bu s\u00fcre\u00e7te hem anne babalar\u0131n kendi ge\u00e7mi\u015f yaralar\u0131n\u0131 iyile\u015ftirecek hem de ergen \u00e7ocuklar\u0131yla ba\u011flar\u0131n\u0131 g\u00fc\u00e7lendirecek yepyeni bir bak\u0131\u015f a\u00e7\u0131s\u0131 sunuyor. Santangelo\u2019nun geleneksel psikolojide ve alternatif metotlardaki onlarca y\u0131ll\u0131k deneyiminin doruk noktas\u0131 olan bu kitap, \u00e7alkant\u0131l\u0131 ergenlik y\u0131llar\u0131nda ebeveynler ile gen\u00e7ler i\u00e7in yepyeni bir yol haritas\u0131 \u00e7\u0131kar\u0131yor.  <\/p>\n","protected":false},"excerpt":{"rendered":"<p>Ergen \u00e7ocu\u011funuzla nas\u0131l ba\u011f kurabilirsiniz? Ebeveyn-ergen ili\u015fkisindeki \u00e7at\u0131\u015fmay\u0131 bir f\u0131rsata d\u00f6n\u00fc\u015ft\u00fcrebilir misiniz? Ergen \u00e7ocu\u011funuzu anlamak ge\u00e7mi\u015f yaralar\u0131n\u0131z\u0131n iyile\u015fmesine nas\u0131l yard\u0131mc\u0131 olur? Bir ergen ebeveyni olarak duygular\u0131n\u0131zda<span class=\"excerpt-hellip\"> [\u2026]<\/span><\/p>\n","protected":false},"featured_media":0,"template":"","meta":{"_monsterinsights_skip_tracking":false,"_monsterinsights_sitenote_active":false,"_monsterinsights_sitenote_note":"","_monsterinsights_sitenote_category":0},"product_brand":[],"product_cat":[12364,12376],"product_tag":[],"class_list":{"0":"post-728114","1":"product","2":"type-product","3":"status-publish","5":"product_cat-genel-konular","6":"product_cat-kisisel-gelisim","7":"pa_cilt-ciltsiz","8":"pa_tur-kitap","9":"pa_yayinevi-dogan-kitap","10":"pa_yazar-christa-santangelo","12":"first","13":"instock","14":"sale","15":"shipping-taxable","16":"purchasable","17":"product-type-simple"},"_links":{"self":[{"href":"https:\/\/roveyayinevi.com.tr\/index.php\/wp-json\/wp\/v2\/product\/728114","targetHints":{"allow":["GET"]}}],"collection":[{"href":"https:\/\/roveyayinevi.com.tr\/index.php\/wp-json\/wp\/v2\/product"}],"about":[{"href":"https:\/\/roveyayinevi.com.tr\/index.php\/wp-json\/wp\/v2\/types\/product"}],"wp:attachment":[{"href":"https:\/\/roveyayinevi.com.tr\/index.php\/wp-json\/wp\/v2\/media?parent=728114"}],"wp:term":[{"taxonomy":"product_brand","embeddable":true,"href":"https:\/\/roveyayinevi.com.tr\/index.php\/wp-json\/wp\/v2\/product_brand?post=728114"},{"taxonomy":"product_cat","embeddable":true,"href":"https:\/\/roveyayinevi.com.tr\/index.php\/wp-json\/wp\/v2\/product_cat?post=728114"},{"taxonomy":"product_tag","embeddable":true,"href":"https:\/\/roveyayinevi.com.tr\/index.php\/wp-json\/wp\/v2\/product_tag?post=728114"}],"curies":[{"name":"wp","href":"https:\/\/api.w.org\/{rel}","templated":true}]}}