{"id":728111,"date":"2025-08-27T20:34:01","date_gmt":"2025-08-27T17:34:01","guid":{"rendered":"https:\/\/roveyayinevi.com.tr\/index.php\/urun\/avrupadan-sonra\/"},"modified":"2026-04-16T02:35:53","modified_gmt":"2026-04-15T23:35:53","slug":"avrupadan-sonra","status":"publish","type":"product","link":"https:\/\/roveyayinevi.com.tr\/index.php\/urun\/avrupadan-sonra\/","title":{"rendered":"Avrupa\u2019dan Sonra"},"content":{"rendered":"<p>\u201cT\u00fcrk okuru Avrupa Birli\u011fi\u2019ne T\u00fcrkiye s\u0131n\u0131r\u0131na yak\u0131n bir yerden, Bulgaristan\u2019dan bakan Krastev\u2019i okuyunca T\u00fcrkiye\u2019deki geleneksel Avrupa Birli\u011fi lobicili\u011finin sundu\u011fu Avrupa Birli\u011fi\u2019nden farkl\u0131 bir Avrupa Birli\u011fi foto\u011fraf\u0131 \u00e7ekti\u011fini g\u00f6recek. Bu de\u011ferli \u00e7al\u0131\u015fman\u0131n T\u00fcrk\u00e7esini yay\u0131mlayan Destek Yay\u0131nlar\u0131\u2019n\u0131 tebrik ediyorum.\u201d \u2013 Prof. Dr. \u00dcmit \u00d6zda\u011f   \u00dcnl\u00fc siyaset bilimci ve fikir insan\u0131 \u0130van Krastev, bu k\u0131\u015fk\u0131rt\u0131c\u0131 kitab\u0131nda Avrupa Birli\u011fi\u2019nin gelece\u011fini ve belki de bir gelece\u011finin olmama ihtimalini derinlemesine ele al\u0131yor. K\u0131tada a\u015f\u0131r\u0131 sa\u011f milliyet\u00e7i partilerin y\u00fckseli\u015fe ge\u00e7mesiyle ve Birle\u015fik Krall\u0131k\u2019\u0131n Brexit planlar\u0131yla birlikte, Avrupa Birli\u011fi \u015fimdiye kadar hi\u00e7 ya\u015famad\u0131\u011f\u0131 kadar b\u00fcy\u00fck bir karma\u015fa ve \u015f\u00fcphe i\u00e7inde. Krastev, kitapta Avrupa\u2019n\u0131n ba\u015fl\u0131ca sorunlar\u0131na (\u00f6zellikle de Ortado\u011fu, Kuzey Afrika ve G\u00fcney Asya\u2019dan gelen milyonlar\u0131 a\u015fk\u0131n g\u00f6\u00e7menin tetikledi\u011fi siyasi istikrars\u0131zl\u0131\u011fa), sa\u011fc\u0131 pop\u00fclizme (\u00f6zellikle ABD\u2019de y\u00fckselen a\u015f\u0131r\u0131 sa\u011f eylemlere) ve AB\u2019nin do\u011fu kanad\u0131ndaki \u00fcye devletlerin kar\u015f\u0131 kar\u015f\u0131ya kald\u0131\u011f\u0131 \u00e7\u0131banba\u015f\u0131lar\u0131na (Vladimir Putin Rusya\u2019s\u0131n\u0131n olu\u015fturdu\u011fu tehdit de dahil) geni\u015f\u00e7e bir yer ay\u0131r\u0131yor. Birli\u011fin par\u00e7alanmaya ba\u015flamas\u0131 halinde k\u0131tay\u0131 bekleyen kayg\u0131 verici siyasi, ekonomik ve jeopolitik gelece\u011fi de kritik sorular \u0131\u015f\u0131\u011f\u0131nda irdeleyerek sorguluyor. <\/p>\n","protected":false},"excerpt":{"rendered":"<p>\u201cT\u00fcrk okuru Avrupa Birli\u011fi\u2019ne T\u00fcrkiye s\u0131n\u0131r\u0131na yak\u0131n bir yerden, Bulgaristan\u2019dan bakan Krastev\u2019i okuyunca T\u00fcrkiye\u2019deki geleneksel Avrupa Birli\u011fi lobicili\u011finin sundu\u011fu Avrupa Birli\u011fi\u2019nden farkl\u0131 bir Avrupa Birli\u011fi foto\u011fraf\u0131<span class=\"excerpt-hellip\"> [\u2026]<\/span><\/p>\n","protected":false},"featured_media":0,"template":"","meta":{"_monsterinsights_skip_tracking":false,"_monsterinsights_sitenote_active":false,"_monsterinsights_sitenote_note":"","_monsterinsights_sitenote_category":0},"product_brand":[],"product_cat":[13590,12337],"product_tag":[],"class_list":{"0":"post-728111","1":"product","2":"type-product","3":"status-publish","5":"product_cat-arastirma-inceleme-politika-siyaset","6":"product_cat-politika-siyaset","7":"pa_cilt-ciltsiz","8":"pa_tur-kitap","9":"pa_yayinevi-destek-yayinlari","10":"pa_yazar-ivan-krastev","12":"first","13":"instock","14":"sale","15":"shipping-taxable","16":"purchasable","17":"product-type-simple"},"_links":{"self":[{"href":"https:\/\/roveyayinevi.com.tr\/index.php\/wp-json\/wp\/v2\/product\/728111","targetHints":{"allow":["GET"]}}],"collection":[{"href":"https:\/\/roveyayinevi.com.tr\/index.php\/wp-json\/wp\/v2\/product"}],"about":[{"href":"https:\/\/roveyayinevi.com.tr\/index.php\/wp-json\/wp\/v2\/types\/product"}],"wp:attachment":[{"href":"https:\/\/roveyayinevi.com.tr\/index.php\/wp-json\/wp\/v2\/media?parent=728111"}],"wp:term":[{"taxonomy":"product_brand","embeddable":true,"href":"https:\/\/roveyayinevi.com.tr\/index.php\/wp-json\/wp\/v2\/product_brand?post=728111"},{"taxonomy":"product_cat","embeddable":true,"href":"https:\/\/roveyayinevi.com.tr\/index.php\/wp-json\/wp\/v2\/product_cat?post=728111"},{"taxonomy":"product_tag","embeddable":true,"href":"https:\/\/roveyayinevi.com.tr\/index.php\/wp-json\/wp\/v2\/product_tag?post=728111"}],"curies":[{"name":"wp","href":"https:\/\/api.w.org\/{rel}","templated":true}]}}