{"id":728102,"date":"2025-08-27T20:33:53","date_gmt":"2025-08-27T17:33:53","guid":{"rendered":"https:\/\/roveyayinevi.com.tr\/index.php\/urun\/dune-atreides-hanedani\/"},"modified":"2026-04-16T02:35:53","modified_gmt":"2026-04-15T23:35:53","slug":"dune-atreides-hanedani","status":"publish","type":"product","link":"https:\/\/roveyayinevi.com.tr\/index.php\/urun\/dune-atreides-hanedani\/","title":{"rendered":"Dune: Atreides Hanedan\u0131"},"content":{"rendered":"<p>Efsane Dune serisinin \u00f6ncesini anlatan \u00fc\u00e7lemenin ilk kitab\u0131, Dune: Atreides Hanedan\u0131!Paul Atreides, Dune olarak bilinen \u00e7\u00f6l gezegenindeki Fremenlerin lideri Muad\u2019Dib olmadan, \u015feytani Baron Harkonnen, Atreides Hanedan\u0131\u2019n\u0131 yok etmeden ve baharat ile kumsolucanlar\u0131n\u0131n s\u0131rr\u0131 ke\u015ffedilmeden \u00f6nce ba\u015fka bir hik\u00e2ye vard\u0131.  Gen\u00e7 Leto Atreides, babas\u0131 D\u00fck Paulus Atreides taraf\u0131ndan bir y\u0131ll\u0131\u011f\u0131na Ix\u2019e g\u00f6nderildi\u011finde ba\u015f\u0131na geleceklerden habersizdi. Padi\u015fah \u0130mparator IX. Elrood\u2019un da dahil oldu\u011fu bir dizi komplonun ard\u0131ndan Atreides Hanedan\u0131\u2019n\u0131 tehlikeli g\u00fcnler bekliyordu.   Arrakis\u2019in ba\u015f\u0131ndaki Vladimir Harkonnen hem \u0130mparator\u2019dan hem de Lonca\u2019dan tehlikeli s\u0131rlar sakl\u0131yordu. Her yerde kula\u011f\u0131 olan Bene Gesseritlerden saklanamayan s\u0131rlar. Ve onlar\u0131n, kar\u015f\u0131l\u0131\u011f\u0131nda Baron\u2019dan istedikleri bir \u015fey olacakt\u0131. \u0130mparator taraf\u0131ndan Arrakis\u2019i incelemesi i\u00e7in g\u00f6nderilen gezegenbilimci Pardot Kynes\u2019\u0131n \u00e7\u00f6l gezegeni Dune\u2019la ilgili ba\u015fka bir plan\u0131 vard\u0131. Bunun i\u00e7in Fremenlerle i\u015fbirli\u011fi yapmas\u0131 gereken Kynes, \u00e7\u00f6l kadar zorlu bu insanlara kendini kabul ettirmek zorundayd\u0131.   Dune: Atreides Hanedan\u0131, orijinal serinin ilk kitab\u0131 Dune\u2019un hik\u00e2yesinin bir nesil \u00f6ncesinde ya\u015fanan \u00e7alkant\u0131l\u0131 olaylar\u0131, kudretli kahramanlar\u0131, korkun\u00e7 d\u00fc\u015fmanlar\u0131 ve \u00fcrk\u00fct\u00fcc\u00fc tiranlar\u0131 anlat\u0131yor.\u201cDune: Atreides Hanedan\u0131 hem serinin \u00f6ncesini anlatan \u015fahane bir roman hem de kendi ba\u015f\u0131na inan\u0131lmaz heyecanl\u0131 bir hik\u00e2ye. Frank Herbert g\u00f6rse gurur duyard\u0131.\u201d \u2013Dean Koontz<\/p>\n","protected":false},"excerpt":{"rendered":"<p>Efsane Dune serisinin \u00f6ncesini anlatan \u00fc\u00e7lemenin ilk kitab\u0131, Dune: Atreides Hanedan\u0131!Paul Atreides, Dune olarak bilinen \u00e7\u00f6l gezegenindeki Fremenlerin lideri Muad\u2019Dib olmadan, \u015feytani Baron Harkonnen, Atreides Hanedan\u0131\u2019n\u0131<span class=\"excerpt-hellip\"> [\u2026]<\/span><\/p>\n","protected":false},"featured_media":0,"template":"","meta":{"_monsterinsights_skip_tracking":false,"_monsterinsights_sitenote_active":false,"_monsterinsights_sitenote_note":"","_monsterinsights_sitenote_category":0},"product_brand":[],"product_cat":[12540,12291],"product_tag":[],"class_list":{"0":"post-728102","1":"product","2":"type-product","3":"status-publish","5":"product_cat-bilim-kurgu","6":"product_cat-edebiyat","7":"pa_cilt-ciltsiz","8":"pa_tur-kitap","9":"pa_yayinevi-ithaki-yayinlari","10":"pa_yazar-brian-herbert-kevin-j-anderson","12":"first","13":"instock","14":"sale","15":"shipping-taxable","16":"purchasable","17":"product-type-simple"},"_links":{"self":[{"href":"https:\/\/roveyayinevi.com.tr\/index.php\/wp-json\/wp\/v2\/product\/728102","targetHints":{"allow":["GET"]}}],"collection":[{"href":"https:\/\/roveyayinevi.com.tr\/index.php\/wp-json\/wp\/v2\/product"}],"about":[{"href":"https:\/\/roveyayinevi.com.tr\/index.php\/wp-json\/wp\/v2\/types\/product"}],"wp:attachment":[{"href":"https:\/\/roveyayinevi.com.tr\/index.php\/wp-json\/wp\/v2\/media?parent=728102"}],"wp:term":[{"taxonomy":"product_brand","embeddable":true,"href":"https:\/\/roveyayinevi.com.tr\/index.php\/wp-json\/wp\/v2\/product_brand?post=728102"},{"taxonomy":"product_cat","embeddable":true,"href":"https:\/\/roveyayinevi.com.tr\/index.php\/wp-json\/wp\/v2\/product_cat?post=728102"},{"taxonomy":"product_tag","embeddable":true,"href":"https:\/\/roveyayinevi.com.tr\/index.php\/wp-json\/wp\/v2\/product_tag?post=728102"}],"curies":[{"name":"wp","href":"https:\/\/api.w.org\/{rel}","templated":true}]}}