{"id":728100,"date":"2025-08-27T20:33:52","date_gmt":"2025-08-27T17:33:52","guid":{"rendered":"https:\/\/roveyayinevi.com.tr\/index.php\/urun\/2021-var-olmak\/"},"modified":"2026-04-16T02:35:53","modified_gmt":"2026-04-15T23:35:53","slug":"2021-var-olmak","status":"publish","type":"product","link":"https:\/\/roveyayinevi.com.tr\/index.php\/urun\/2021-var-olmak\/","title":{"rendered":"2021 Var Olmak"},"content":{"rendered":"<p>\u201c2021 y\u0131l\u0131n\u0131n ruhunda Var Olma sanat\u0131n\u0131 \u00f6\u011fretmek var. Hangi bur\u00e7lar var olma m\u00fccadelesi verecek hangileri  varl\u0131\u011f\u0131n\u0131 kan\u0131tlayacak?\u201d \u201c2021\u2019de huyunu de\u011fi\u015ftiren bur\u00e7larla yolunu de\u011fi\u015ftiren bur\u00e7lar aras\u0131nda m\u0131 kalaca\u011f\u0131z?\u201d \u201cHerkesin yapt\u0131\u011f\u0131n\u0131 yapmayan, kafas\u0131na koydu\u011funu ya\u015fayan T\u00fcrkiye\u2019nin siyasi kaderi hangi y\u00f6ne gidecek?\u201d \u201cPandemi diye \u00e7\u0131k\u0131lan yolun sonu gelecek mi?\u201d \u201cYeni normalde \u015fekil de\u011fi\u015ftiren e\u011fitim sistemi art\u0131k kal\u0131c\u0131 m\u0131 olacak?\u201d \u201cD\u00fcnyan\u0131n e\u015f zamanl\u0131 \u00f6ks\u00fcrmesi  Dijital Diktat\u00f6rl\u00fc\u011f\u00fc m\u00fc \u00f6n\u00fcm\u00fcze s\u00fcrecek?\u201d \u201cHibrit insan teknolojisi k\u00fcresel sava\u015flar\u0131 beraberinde mi getirecek?\u201d \u201cEkonomik kriz, hangi \u00fclkenin hiperenflasyon alt\u0131nda ezilmesine neden olacak?\u201d \u201cAkdeniz\u2019de \u00f6n g\u00f6r\u00fclemez sava\u015flar\u0131n ba\u015flang\u0131c\u0131n\u0131 kim tetikleyecek?\u201d \u201cG\u00fcneydo\u011fu Anadolu Projesi (GAP) 32 y\u0131l sonra  nas\u0131l d\u00fcnya g\u00fcndemine gelecek?\u201d \u201c\u0130nsanl\u0131k, d\u00fcnyan\u0131n sahibi gibi davrananlar\u0131n  elinden kurtulabilecek mi?\u201d \u201c2021 y\u0131l\u0131 haf\u0131zalar\u0131m\u0131za reset mi atacak?\u201d <\/p>\n","protected":false},"excerpt":{"rendered":"<p>\u201c2021 y\u0131l\u0131n\u0131n ruhunda Var Olma sanat\u0131n\u0131 \u00f6\u011fretmek var. Hangi bur\u00e7lar var olma m\u00fccadelesi verecek hangileri varl\u0131\u011f\u0131n\u0131 kan\u0131tlayacak?\u201d \u201c2021\u2019de huyunu de\u011fi\u015ftiren bur\u00e7larla yolunu de\u011fi\u015ftiren bur\u00e7lar aras\u0131nda m\u0131<span class=\"excerpt-hellip\"> [\u2026]<\/span><\/p>\n","protected":false},"featured_media":0,"template":"","meta":{"_monsterinsights_skip_tracking":false,"_monsterinsights_sitenote_active":false,"_monsterinsights_sitenote_note":"","_monsterinsights_sitenote_category":0},"product_brand":[],"product_cat":[19840,12364],"product_tag":[],"class_list":{"0":"post-728100","1":"product","2":"type-product","3":"status-publish","5":"product_cat-astroloji","6":"product_cat-genel-konular","7":"pa_cilt-ciltsiz","8":"pa_tur-kitap","9":"pa_yayinevi-inkilap-kitabevi","10":"pa_yazar-zeynep-turan","12":"first","13":"instock","14":"sale","15":"shipping-taxable","16":"purchasable","17":"product-type-simple"},"_links":{"self":[{"href":"https:\/\/roveyayinevi.com.tr\/index.php\/wp-json\/wp\/v2\/product\/728100","targetHints":{"allow":["GET"]}}],"collection":[{"href":"https:\/\/roveyayinevi.com.tr\/index.php\/wp-json\/wp\/v2\/product"}],"about":[{"href":"https:\/\/roveyayinevi.com.tr\/index.php\/wp-json\/wp\/v2\/types\/product"}],"wp:attachment":[{"href":"https:\/\/roveyayinevi.com.tr\/index.php\/wp-json\/wp\/v2\/media?parent=728100"}],"wp:term":[{"taxonomy":"product_brand","embeddable":true,"href":"https:\/\/roveyayinevi.com.tr\/index.php\/wp-json\/wp\/v2\/product_brand?post=728100"},{"taxonomy":"product_cat","embeddable":true,"href":"https:\/\/roveyayinevi.com.tr\/index.php\/wp-json\/wp\/v2\/product_cat?post=728100"},{"taxonomy":"product_tag","embeddable":true,"href":"https:\/\/roveyayinevi.com.tr\/index.php\/wp-json\/wp\/v2\/product_tag?post=728100"}],"curies":[{"name":"wp","href":"https:\/\/api.w.org\/{rel}","templated":true}]}}