{"id":728091,"date":"2025-08-27T20:33:44","date_gmt":"2025-08-27T17:33:44","guid":{"rendered":"https:\/\/roveyayinevi.com.tr\/index.php\/urun\/muzikli-sosyal-oykuler-gelisimsel-yetersizligi-olan-cocuklara-sosyal-beceri-ogretiminde-yeni-yontemler\/"},"modified":"2026-04-16T02:35:53","modified_gmt":"2026-04-15T23:35:53","slug":"muzikli-sosyal-oykuler-gelisimsel-yetersizligi-olan-cocuklara-sosyal-beceri-ogretiminde-yeni-yontemler","status":"publish","type":"product","link":"https:\/\/roveyayinevi.com.tr\/index.php\/urun\/muzikli-sosyal-oykuler-gelisimsel-yetersizligi-olan-cocuklara-sosyal-beceri-ogretiminde-yeni-yontemler\/","title":{"rendered":"M\u00fczikli Sosyal \u00d6yk\u00fcler &#8211; Geli\u015fimsel Yetersizli\u011fi Olan \u00c7ocuklara Sosyal Beceri \u00d6\u011fretiminde Yeni  Y\u00f6ntemler"},"content":{"rendered":"<p>T\u00fcrkiye\u2019de say\u0131s\u0131 net olmamakla birlikte 434 bin otizmli ve 70 bin civar\u0131nda da Down sendromlu bireyin oldu\u011fu d\u00fc\u015f\u00fcn\u00fclmektedir. \u00d6zel gereksinimli bireylerin de t\u0131pk\u0131 normal geli\u015fim g\u00f6steren bireyler gibi toplumda hayatlar\u0131n\u0131 idame ettirmeleri, erken ya\u015fta alacaklar\u0131 yo\u011funla\u015ft\u0131r\u0131lm\u0131\u015f, disiplinli \u00f6zel e\u011fitimle m\u00fcmk\u00fcn olmaktad\u0131r. Bu \u00f6zel e\u011fitimlerin i\u00e7eri\u011fi, \u00f6zel gereksinimli bireylerin ihtiya\u00e7lar\u0131 do\u011frultusunda belirlenmekte, uygun zaman ve mekan yine bu ihtiya\u00e7lara g\u00f6re ayarlanmaktad\u0131r.Bu ba\u011flamda, g\u00fcn\u00fcm\u00fczde ad\u0131n\u0131 daha s\u0131k duymaya ba\u015flad\u0131\u011f\u0131m\u0131z disiplinler aras\u0131 uygulamalar, \u00f6zel gereksinimli bireyler i\u00e7in bu e\u011fitimlere farkl\u0131 bak\u0131\u015f a\u00e7\u0131lar\u0131 getirmeye ba\u015flam\u0131\u015ft\u0131r. \u00d6zellikle g\u00fczel sanatlar\u0131n m\u00fczik, spor, resim gibi alanlar\u0131n\u0131n, \u00f6zel e\u011fitimde aktif bir ara\u00e7 olarak kullan\u0131lmas\u0131, \u00f6zel gereksinimli bireylerin e\u011fitim hayatlar\u0131nda etkili geri d\u00f6n\u00fc\u015fler ortaya \u00e7\u0131karm\u0131\u015ft\u0131r. Disiplinler aras\u0131 \u00e7al\u0131\u015fmalar\u0131n \u00f6nem kazand\u0131\u011f\u0131 ve bilimsel anlamda sundu\u011fu niteliksel katk\u0131lar\u0131ndan hareketle bu ara\u015ft\u0131rmada; \u00f6zel gereksinimli bireylerin sosyal beceri ihtiya\u00e7lar\u0131, m\u00fczikal etkinlikler arac\u0131l\u0131\u011f\u0131yla \u00f6\u011fretilmi\u015f ve m\u00fczi\u011fin \u00f6zel e\u011fitimdeki yeri ve \u00f6nemi irdelenmi\u015ftir.<\/p>\n","protected":false},"excerpt":{"rendered":"<p>T\u00fcrkiye\u2019de say\u0131s\u0131 net olmamakla birlikte 434 bin otizmli ve 70 bin civar\u0131nda da Down sendromlu bireyin oldu\u011fu d\u00fc\u015f\u00fcn\u00fclmektedir. \u00d6zel gereksinimli bireylerin de t\u0131pk\u0131 normal geli\u015fim g\u00f6steren<span class=\"excerpt-hellip\"> [\u2026]<\/span><\/p>\n","protected":false},"featured_media":0,"template":"","meta":{"_monsterinsights_skip_tracking":false,"_monsterinsights_sitenote_active":false,"_monsterinsights_sitenote_note":"","_monsterinsights_sitenote_category":0},"product_brand":[],"product_cat":[14556,20810],"product_tag":[],"class_list":{"0":"post-728091","1":"product","2":"type-product","3":"status-publish","5":"product_cat-muzik","6":"product_cat-ogrenim-kitaplari","7":"pa_cilt-ciltsiz","8":"pa_tur-kitap","9":"pa_yayinevi-egiten-kitap","10":"pa_yazar-songul-pektas","12":"first","13":"instock","14":"sale","15":"shipping-taxable","16":"purchasable","17":"product-type-simple"},"_links":{"self":[{"href":"https:\/\/roveyayinevi.com.tr\/index.php\/wp-json\/wp\/v2\/product\/728091","targetHints":{"allow":["GET"]}}],"collection":[{"href":"https:\/\/roveyayinevi.com.tr\/index.php\/wp-json\/wp\/v2\/product"}],"about":[{"href":"https:\/\/roveyayinevi.com.tr\/index.php\/wp-json\/wp\/v2\/types\/product"}],"wp:attachment":[{"href":"https:\/\/roveyayinevi.com.tr\/index.php\/wp-json\/wp\/v2\/media?parent=728091"}],"wp:term":[{"taxonomy":"product_brand","embeddable":true,"href":"https:\/\/roveyayinevi.com.tr\/index.php\/wp-json\/wp\/v2\/product_brand?post=728091"},{"taxonomy":"product_cat","embeddable":true,"href":"https:\/\/roveyayinevi.com.tr\/index.php\/wp-json\/wp\/v2\/product_cat?post=728091"},{"taxonomy":"product_tag","embeddable":true,"href":"https:\/\/roveyayinevi.com.tr\/index.php\/wp-json\/wp\/v2\/product_tag?post=728091"}],"curies":[{"name":"wp","href":"https:\/\/api.w.org\/{rel}","templated":true}]}}