{"id":728085,"date":"2025-08-27T20:33:40","date_gmt":"2025-08-27T17:33:40","guid":{"rendered":"https:\/\/roveyayinevi.com.tr\/index.php\/urun\/ustum-basim-tozum-dumanim\/"},"modified":"2026-04-16T02:35:52","modified_gmt":"2026-04-15T23:35:52","slug":"ustum-basim-tozum-dumanim","status":"publish","type":"product","link":"https:\/\/roveyayinevi.com.tr\/index.php\/urun\/ustum-basim-tozum-dumanim\/","title":{"rendered":"\u00dcst\u00fcm Ba\u015f\u0131m Tozum Duman\u0131m"},"content":{"rendered":"<p>\u0130lk kitab\u0131n MASA&#8217;na oturdu\u011fumdan beri \u00f6n\u00fcme serdi\u011fin ziyafet sofras\u0131ndan kalkmad\u0131m. Ne lezzet ne saadet ne ayr\u0131cal\u0131k okumak Sen&#8217;i\u2026 \u015eimdi kalk o MASA&#8217;dan &#8220;\u00dcst\u00fcm\u00fcn ba\u015f\u0131m\u0131n tozunu duman\u0131n\u0131&#8221; silk, temizle, y\u00fcn, y\u0131ka benimle diyorsun\u2026 Ba\u015f\u0131m\u0131n \u00fcst\u00fcne; Duygumun Anlayan\u0131, \u015eiirimin Yol Arkada\u015f\u0131 ve &#8220;KALB\u0130M\u0130N DEL\u0130 \u015eA\u0130R\u0130!&#8221; Mehmet Erdo\u011fan Evrendeki en g\u00fczel gezegende d\u00fcnyaya gelme \u015fans\u0131n\u0131 elde eden insanlar\u0131n, insan olma \u00f6zelliklerinden dolay\u0131, ya\u015famlar\u0131n\u0131 labirente \u00e7evirdikleri hayatlar\u0131nda, tek \u00e7\u0131k\u0131\u015f yolu, \u015eiir \u00c7\u0131kmaz\u0131d\u0131r.Bu \u00e7\u0131kmaza saplan\u0131p kalarak, \u015fiir gibi ya\u015famay\u0131 beceren dostlar\u0131mdan birisidir \u00d6mer G\u00fcmeli\u2026 Onu ve \u015fiirlerini anlamak, ancak onun kadar yal\u0131n olmakla m\u00fcmk\u00fcnd\u00fcr. Bunun i\u00e7in, her kelimemi onun yazd\u0131klar\u0131n\u0131 bozmaktan korkar\u0131m endi\u015fesi ile kulland\u0131m. \u00dcst\u00fcm Ba\u015f\u0131m Tozum Duman\u0131m adl\u0131 eserde, \u00d6mer G\u00fcmeli\u2019nin silkindik\u00e7e \u00e7\u0131kan \u015fiirleri yer al\u0131yor. Okuru ve \u015fiir tozuna bulanan\u0131 \u00e7ok olsun. Umur \u00d6zl\u00fcer <\/p>\n","protected":false},"excerpt":{"rendered":"<p>\u0130lk kitab\u0131n MASA&#8217;na oturdu\u011fumdan beri \u00f6n\u00fcme serdi\u011fin ziyafet sofras\u0131ndan kalkmad\u0131m. Ne lezzet ne saadet ne ayr\u0131cal\u0131k okumak Sen&#8217;i\u2026 \u015eimdi kalk o MASA&#8217;dan &#8220;\u00dcst\u00fcm\u00fcn ba\u015f\u0131m\u0131n tozunu duman\u0131n\u0131&#8221;<span class=\"excerpt-hellip\"> [\u2026]<\/span><\/p>\n","protected":false},"featured_media":0,"template":"","meta":{"_monsterinsights_skip_tracking":false,"_monsterinsights_sitenote_active":false,"_monsterinsights_sitenote_note":"","_monsterinsights_sitenote_category":0},"product_brand":[],"product_cat":[12291,12509],"product_tag":[],"class_list":{"0":"post-728085","1":"product","2":"type-product","3":"status-publish","5":"product_cat-edebiyat","6":"product_cat-siir","7":"pa_cilt-ciltsiz","8":"pa_tur-kitap","9":"pa_yayinevi-gulnar-yayinlari","10":"pa_yazar-omer-gumeli","12":"first","13":"instock","14":"sale","15":"shipping-taxable","16":"purchasable","17":"product-type-simple"},"_links":{"self":[{"href":"https:\/\/roveyayinevi.com.tr\/index.php\/wp-json\/wp\/v2\/product\/728085","targetHints":{"allow":["GET"]}}],"collection":[{"href":"https:\/\/roveyayinevi.com.tr\/index.php\/wp-json\/wp\/v2\/product"}],"about":[{"href":"https:\/\/roveyayinevi.com.tr\/index.php\/wp-json\/wp\/v2\/types\/product"}],"wp:attachment":[{"href":"https:\/\/roveyayinevi.com.tr\/index.php\/wp-json\/wp\/v2\/media?parent=728085"}],"wp:term":[{"taxonomy":"product_brand","embeddable":true,"href":"https:\/\/roveyayinevi.com.tr\/index.php\/wp-json\/wp\/v2\/product_brand?post=728085"},{"taxonomy":"product_cat","embeddable":true,"href":"https:\/\/roveyayinevi.com.tr\/index.php\/wp-json\/wp\/v2\/product_cat?post=728085"},{"taxonomy":"product_tag","embeddable":true,"href":"https:\/\/roveyayinevi.com.tr\/index.php\/wp-json\/wp\/v2\/product_tag?post=728085"}],"curies":[{"name":"wp","href":"https:\/\/api.w.org\/{rel}","templated":true}]}}