{"id":728071,"date":"2025-08-27T20:33:30","date_gmt":"2025-08-27T17:33:30","guid":{"rendered":"https:\/\/roveyayinevi.com.tr\/index.php\/urun\/goc-ve-entegrasyon\/"},"modified":"2026-04-16T02:35:52","modified_gmt":"2026-04-15T23:35:52","slug":"goc-ve-entegrasyon","status":"publish","type":"product","link":"https:\/\/roveyayinevi.com.tr\/index.php\/urun\/goc-ve-entegrasyon\/","title":{"rendered":"G\u00f6\u00e7 ve Entegrasyon"},"content":{"rendered":"<p>Bu kitap yo\u011fun olarak g\u00f6\u00e7 ve onunla ilgili problemlerin \u00e7\u00f6z\u00fcm\u00fcne e\u011filen entelekt\u00fcel \u00e7abaya katk\u0131 sunabilmek i\u00e7in entegrasyon konusunu farkl\u0131 boyutlarda ele almak amac\u0131yla haz\u0131rlanm\u0131\u015ft\u0131r. G\u00f6\u00e7 s\u00fcreci, g\u00f6\u00e7 yollar\u0131ndaki zorluklar ve temel ihtiya\u00e7lar\u0131n kar\u015f\u0131lanmas\u0131n\u0131n ard\u0131ndan ba\u015flayan s\u00fcre\u00e7 b\u00fct\u00fcnc\u00fcl bir entegrasyon perspektifini gerektirmektedir. Kal\u0131c\u0131la\u015fan g\u00f6\u00e7men ve m\u00fclteci gruplar\u0131n bulunduklar\u0131 toplumsal yap\u0131 ile uyumu olarak ele al\u0131nan entegrasyon farkl\u0131 boyutlara sahip, karma\u015f\u0131k bir s\u00fcrece i\u015faret etmektedir. Bu s\u00fcrecin ekonomik, politik ve sosyal olmak \u00fczere pek \u00e7ok boyutu bulunmaktad\u0131r. Entegrasyon hem g\u00f6\u00e7menleri hem de ev sahibi toplumlar\u0131 ilgilendiren, kar\u015f\u0131l\u0131kl\u0131 ve etkile\u015fimli bir s\u00fcre\u00e7 olup bu s\u00fcrecin ba\u015far\u0131lmas\u0131 farkl\u0131 payda\u015flar\u0131n i\u015f birli\u011fi ve koordinasyon i\u00e7inde \u00e7al\u0131\u015fmas\u0131na ba\u011fl\u0131d\u0131r. Bu \u00e7er\u00e7evede g\u00f6\u00e7men ve m\u00fcltecilerin ya\u015fad\u0131klar\u0131 \u00fclkelere aidiyet geli\u015ftirmesi, topluma i\u015flevsel bireyler olarak kat\u0131lmalar\u0131 ve toplumun e\u015fit bireyleri olarak ya\u015famlar\u0131n\u0131 s\u00fcrd\u00fcrebilmeleri i\u00e7in g\u00f6\u00e7 eden gruplar\u0131n ya\u015fad\u0131klar\u0131 \u00fclkelerdeki hizmet, \u015fans, f\u0131rsat ve olanaklara eri\u015fimini sa\u011flamak \u00f6ncelikli hale gelmektedir. Toplumsal b\u00fct\u00fcnle\u015fmenin ger\u00e7ekle\u015fmesi i\u00e7in entegrasyon s\u00fcreci politika ve uygulama boyutuyla ele al\u0131nmal\u0131d\u0131r ve bu kitap bu \u00e7abalara katk\u0131 sunmak \u00fczere haz\u0131rlanm\u0131\u015ft\u0131r. <\/p>\n","protected":false},"excerpt":{"rendered":"<p>Bu kitap yo\u011fun olarak g\u00f6\u00e7 ve onunla ilgili problemlerin \u00e7\u00f6z\u00fcm\u00fcne e\u011filen entelekt\u00fcel \u00e7abaya katk\u0131 sunabilmek i\u00e7in entegrasyon konusunu farkl\u0131 boyutlarda ele almak amac\u0131yla haz\u0131rlanm\u0131\u015ft\u0131r. G\u00f6\u00e7 s\u00fcreci,<span class=\"excerpt-hellip\"> [\u2026]<\/span><\/p>\n","protected":false},"featured_media":0,"template":"","meta":{"_monsterinsights_skip_tracking":false,"_monsterinsights_sitenote_active":false,"_monsterinsights_sitenote_note":"","_monsterinsights_sitenote_category":0},"product_brand":[],"product_cat":[12325,12324],"product_tag":[],"class_list":{"0":"post-728071","1":"product","2":"type-product","3":"status-publish","5":"product_cat-diger-sosyoloji","6":"product_cat-sosyoloji","7":"pa_cilt-ciltsiz","8":"pa_tur-kitap","9":"pa_yayinevi-nika-yayinevi","10":"pa_yazar-nika-yayinevi-kolektif","12":"first","13":"instock","14":"sale","15":"shipping-taxable","16":"purchasable","17":"product-type-simple"},"_links":{"self":[{"href":"https:\/\/roveyayinevi.com.tr\/index.php\/wp-json\/wp\/v2\/product\/728071","targetHints":{"allow":["GET"]}}],"collection":[{"href":"https:\/\/roveyayinevi.com.tr\/index.php\/wp-json\/wp\/v2\/product"}],"about":[{"href":"https:\/\/roveyayinevi.com.tr\/index.php\/wp-json\/wp\/v2\/types\/product"}],"wp:attachment":[{"href":"https:\/\/roveyayinevi.com.tr\/index.php\/wp-json\/wp\/v2\/media?parent=728071"}],"wp:term":[{"taxonomy":"product_brand","embeddable":true,"href":"https:\/\/roveyayinevi.com.tr\/index.php\/wp-json\/wp\/v2\/product_brand?post=728071"},{"taxonomy":"product_cat","embeddable":true,"href":"https:\/\/roveyayinevi.com.tr\/index.php\/wp-json\/wp\/v2\/product_cat?post=728071"},{"taxonomy":"product_tag","embeddable":true,"href":"https:\/\/roveyayinevi.com.tr\/index.php\/wp-json\/wp\/v2\/product_tag?post=728071"}],"curies":[{"name":"wp","href":"https:\/\/api.w.org\/{rel}","templated":true}]}}