{"id":728066,"date":"2025-08-27T20:33:26","date_gmt":"2025-08-27T17:33:26","guid":{"rendered":"https:\/\/roveyayinevi.com.tr\/index.php\/urun\/mindfulness-cocuklar-icin-bilincli-farkindalik\/"},"modified":"2026-04-16T02:35:52","modified_gmt":"2026-04-15T23:35:52","slug":"mindfulness-cocuklar-icin-bilincli-farkindalik","status":"publish","type":"product","link":"https:\/\/roveyayinevi.com.tr\/index.php\/urun\/mindfulness-cocuklar-icin-bilincli-farkindalik\/","title":{"rendered":"Mindfulness \u00c7ocuklar \u0130\u00e7in Bilin\u00e7li Fark\u0131ndal\u0131k"},"content":{"rendered":"<p>Serin Bir Ba\u015f, S\u0131cak Bir Kalp \u0130\u00e7in \u00c7a\u011fr\u0131 \u015eefkat, Nezaket, Odaklanma ve Sakinlik&#8230; Bazen bedenimiz bir yerdeyken zihnimizde ba\u015fka bir yerdeymi\u015fiz gibi hissetti\u011fimiz anlar olur. Mesela s\u0131n\u0131fta ders dinlerken bedenimiz s\u0131n\u0131fta olsa bile, akl\u0131m\u0131z d\u0131\u015far\u0131daki g\u00fczel havada ya da gidece\u011fimiz bir etkinlikte olabilir! Merak etme, bedenimizin oldu\u011fu yere, yani \u015fimdiki ana gelmeyi \u00f6\u011frenebiliriz. Dikkatimiz her uzakla\u015ft\u0131\u011f\u0131nda onu nazik\u00e7e geri getirebilmeyi de. Bu kitap okulda, evde ve arkada\u015flar\u0131nla ili\u015fkilerinde sana yard\u0131mc\u0131 olacak. \u0130\u00e7erisindeki a\u00e7\u0131klamalar\u0131 ister ebeveynlerinin, \u00f6\u011fretmenlerinin rehberli\u011finde; istersen kendi ba\u015f\u0131na okuyabilirsin. Kitab\u0131n i\u00e7indeki ses kay\u0131tlar\u0131na ula\u015farak meditasyon yapabilir, hik\u00e2ye dinleyebilir ve mindfulness becerilerini geli\u015ftirecek egzersizleri uygulayabilirsin. <\/p>\n","protected":false},"excerpt":{"rendered":"<p>Serin Bir Ba\u015f, S\u0131cak Bir Kalp \u0130\u00e7in \u00c7a\u011fr\u0131 \u015eefkat, Nezaket, Odaklanma ve Sakinlik&#8230; Bazen bedenimiz bir yerdeyken zihnimizde ba\u015fka bir yerdeymi\u015fiz gibi hissetti\u011fimiz anlar olur. Mesela<span class=\"excerpt-hellip\"> [\u2026]<\/span><\/p>\n","protected":false},"featured_media":0,"template":"","meta":{"_monsterinsights_skip_tracking":false,"_monsterinsights_sitenote_active":false,"_monsterinsights_sitenote_note":"","_monsterinsights_sitenote_category":0},"product_brand":[],"product_cat":[12913,12274],"product_tag":[],"class_list":{"0":"post-728066","1":"product","2":"type-product","3":"status-publish","5":"product_cat-3-6-yas-kitaplari","6":"product_cat-cocuk-ve-genclik-kitaplari","7":"pa_cilt-ciltsiz","8":"pa_tur-kitap","9":"pa_yayinevi-masalperest","10":"pa_yazar-zumra-atalay","12":"first","13":"instock","14":"sale","15":"shipping-taxable","16":"purchasable","17":"product-type-simple"},"_links":{"self":[{"href":"https:\/\/roveyayinevi.com.tr\/index.php\/wp-json\/wp\/v2\/product\/728066","targetHints":{"allow":["GET"]}}],"collection":[{"href":"https:\/\/roveyayinevi.com.tr\/index.php\/wp-json\/wp\/v2\/product"}],"about":[{"href":"https:\/\/roveyayinevi.com.tr\/index.php\/wp-json\/wp\/v2\/types\/product"}],"wp:attachment":[{"href":"https:\/\/roveyayinevi.com.tr\/index.php\/wp-json\/wp\/v2\/media?parent=728066"}],"wp:term":[{"taxonomy":"product_brand","embeddable":true,"href":"https:\/\/roveyayinevi.com.tr\/index.php\/wp-json\/wp\/v2\/product_brand?post=728066"},{"taxonomy":"product_cat","embeddable":true,"href":"https:\/\/roveyayinevi.com.tr\/index.php\/wp-json\/wp\/v2\/product_cat?post=728066"},{"taxonomy":"product_tag","embeddable":true,"href":"https:\/\/roveyayinevi.com.tr\/index.php\/wp-json\/wp\/v2\/product_tag?post=728066"}],"curies":[{"name":"wp","href":"https:\/\/api.w.org\/{rel}","templated":true}]}}