{"id":728045,"date":"2025-08-27T20:33:07","date_gmt":"2025-08-27T17:33:07","guid":{"rendered":"https:\/\/roveyayinevi.com.tr\/index.php\/urun\/jules-verne-oykuler-ciltli\/"},"modified":"2026-04-16T02:35:51","modified_gmt":"2026-04-15T23:35:51","slug":"jules-verne-oykuler-ciltli","status":"publish","type":"product","link":"https:\/\/roveyayinevi.com.tr\/index.php\/urun\/jules-verne-oykuler-ciltli\/","title":{"rendered":"Jules Verne \u00d6yk\u00fcler (Ciltli)"},"content":{"rendered":"<p>Elma Yay\u0131nevi, daha \u00f6nce \u00fc\u00e7 kitapl\u0131k bir seri halinde yay\u0131mlad\u0131\u011f\u0131 Jules Verne\u2019in e\u015fsiz \u00f6yk\u00fclerini \u015fimdi tek kitapta sunuyor okuyucusuna.Jules Verne merakl\u0131lar\u0131na, koleksiyonculara, bir zamanlar\u0131n birbirinden heyecanl\u0131 ser\u00fcvenlerine ve daha bir\u00e7ok s\u0131rad\u0131\u015f\u0131 hayata tan\u0131k olmak isteyenler i\u00e7in \u00f6zel tasar\u0131m\u0131 ve D\u00fcnya Klasiklerine yak\u0131\u015fan kapa\u011f\u0131yla \u00d6yk\u00fcler-Jules Verne sizlerle&#8230;T\u00fcrk\u00e7ede ilk defa Elma Yay\u0131nevi taraf\u0131ndan yay\u0131mlanan bu  \u00f6yk\u00fcleri okurken g\u00f6receksiniz ki Jules Verne\u2019nin sonsuz hayal g\u00fcc\u00fc bir kez daha hepimizi \u015fa\u015f\u0131rtmay\u0131, heyecanland\u0131rmay\u0131, hem g\u00fcld\u00fcr\u00fcp hem h\u00fcz\u00fcnlendirmeyi ba\u015far\u0131yor.Keyifli okumalar\u2026<\/p>\n","protected":false},"excerpt":{"rendered":"<p>Elma Yay\u0131nevi, daha \u00f6nce \u00fc\u00e7 kitapl\u0131k bir seri halinde yay\u0131mlad\u0131\u011f\u0131 Jules Verne\u2019in e\u015fsiz \u00f6yk\u00fclerini \u015fimdi tek kitapta sunuyor okuyucusuna.Jules Verne merakl\u0131lar\u0131na, koleksiyonculara, bir zamanlar\u0131n birbirinden heyecanl\u0131<span class=\"excerpt-hellip\"> [\u2026]<\/span><\/p>\n","protected":false},"featured_media":0,"template":"","meta":{"_monsterinsights_skip_tracking":false,"_monsterinsights_sitenote_active":false,"_monsterinsights_sitenote_note":"","_monsterinsights_sitenote_category":0},"product_brand":[],"product_cat":[12291,12711],"product_tag":[],"class_list":{"0":"post-728045","1":"product","2":"type-product","3":"status-publish","5":"product_cat-edebiyat","6":"product_cat-roman-oyku","7":"pa_cilt-ciltli","8":"pa_tur-kitap","9":"pa_yayinevi-elma-yayinevi","10":"pa_yazar-jules-verne","12":"first","13":"instock","14":"sale","15":"shipping-taxable","16":"purchasable","17":"product-type-simple"},"_links":{"self":[{"href":"https:\/\/roveyayinevi.com.tr\/index.php\/wp-json\/wp\/v2\/product\/728045","targetHints":{"allow":["GET"]}}],"collection":[{"href":"https:\/\/roveyayinevi.com.tr\/index.php\/wp-json\/wp\/v2\/product"}],"about":[{"href":"https:\/\/roveyayinevi.com.tr\/index.php\/wp-json\/wp\/v2\/types\/product"}],"wp:attachment":[{"href":"https:\/\/roveyayinevi.com.tr\/index.php\/wp-json\/wp\/v2\/media?parent=728045"}],"wp:term":[{"taxonomy":"product_brand","embeddable":true,"href":"https:\/\/roveyayinevi.com.tr\/index.php\/wp-json\/wp\/v2\/product_brand?post=728045"},{"taxonomy":"product_cat","embeddable":true,"href":"https:\/\/roveyayinevi.com.tr\/index.php\/wp-json\/wp\/v2\/product_cat?post=728045"},{"taxonomy":"product_tag","embeddable":true,"href":"https:\/\/roveyayinevi.com.tr\/index.php\/wp-json\/wp\/v2\/product_tag?post=728045"}],"curies":[{"name":"wp","href":"https:\/\/api.w.org\/{rel}","templated":true}]}}