{"id":728042,"date":"2025-08-27T20:33:05","date_gmt":"2025-08-27T17:33:05","guid":{"rendered":"https:\/\/roveyayinevi.com.tr\/index.php\/urun\/rekreatif-amacli-yuzme-aktivitelerine-katilan-bireylerin-serbest-zaman-tatmin-duzeyleri\/"},"modified":"2026-04-16T02:35:51","modified_gmt":"2026-04-15T23:35:51","slug":"rekreatif-amacli-yuzme-aktivitelerine-katilan-bireylerin-serbest-zaman-tatmin-duzeyleri","status":"publish","type":"product","link":"https:\/\/roveyayinevi.com.tr\/index.php\/urun\/rekreatif-amacli-yuzme-aktivitelerine-katilan-bireylerin-serbest-zaman-tatmin-duzeyleri\/","title":{"rendered":"Rekreatif Ama\u00e7l\u0131 Y\u00fczme Aktivitelerine Kat\u0131lan Bireylerin Serbest Zaman Tatmin D\u00fczeyleri"},"content":{"rendered":"<p>\u0130\u00e7indekiler Te\u015fekk\u00fcr \u0130\u00e7indekiler Tablolar Listesi \u015eekiller Listesi K\u0131saltmalar Listesi 1.Giri\u015f 2.Gere\u00e7 Ve Y\u00f6ntem 3.Bulgular 4.Tart\u0131\u015fma 5.Sonu\u00e7 Ve \u00d6neriler <\/p>\n","protected":false},"excerpt":{"rendered":"<p>\u0130\u00e7indekiler Te\u015fekk\u00fcr \u0130\u00e7indekiler Tablolar Listesi \u015eekiller Listesi K\u0131saltmalar Listesi 1.Giri\u015f 2.Gere\u00e7 Ve Y\u00f6ntem 3.Bulgular 4.Tart\u0131\u015fma 5.Sonu\u00e7 Ve \u00d6neriler<\/p>\n","protected":false},"featured_media":0,"template":"","meta":{"_monsterinsights_skip_tracking":false,"_monsterinsights_sitenote_active":false,"_monsterinsights_sitenote_note":"","_monsterinsights_sitenote_category":0},"product_brand":[],"product_cat":[15563,15564],"product_tag":[],"class_list":{"0":"post-728042","1":"product","2":"type-product","3":"status-publish","5":"product_cat-hobi","6":"product_cat-spor","7":"pa_cilt-ciltsiz","8":"pa_tur-kitap","9":"pa_yayinevi-gazi-kitabevi","10":"pa_yazar-huseyin-numanoglu-abdurrahman-kirtepe","12":"first","13":"instock","14":"sale","15":"shipping-taxable","16":"purchasable","17":"product-type-simple"},"_links":{"self":[{"href":"https:\/\/roveyayinevi.com.tr\/index.php\/wp-json\/wp\/v2\/product\/728042","targetHints":{"allow":["GET"]}}],"collection":[{"href":"https:\/\/roveyayinevi.com.tr\/index.php\/wp-json\/wp\/v2\/product"}],"about":[{"href":"https:\/\/roveyayinevi.com.tr\/index.php\/wp-json\/wp\/v2\/types\/product"}],"wp:attachment":[{"href":"https:\/\/roveyayinevi.com.tr\/index.php\/wp-json\/wp\/v2\/media?parent=728042"}],"wp:term":[{"taxonomy":"product_brand","embeddable":true,"href":"https:\/\/roveyayinevi.com.tr\/index.php\/wp-json\/wp\/v2\/product_brand?post=728042"},{"taxonomy":"product_cat","embeddable":true,"href":"https:\/\/roveyayinevi.com.tr\/index.php\/wp-json\/wp\/v2\/product_cat?post=728042"},{"taxonomy":"product_tag","embeddable":true,"href":"https:\/\/roveyayinevi.com.tr\/index.php\/wp-json\/wp\/v2\/product_tag?post=728042"}],"curies":[{"name":"wp","href":"https:\/\/api.w.org\/{rel}","templated":true}]}}