{"id":728038,"date":"2025-08-27T20:33:01","date_gmt":"2025-08-27T17:33:01","guid":{"rendered":"https:\/\/roveyayinevi.com.tr\/index.php\/urun\/bana-iyi-hissettiriyor-erkekler-icin\/"},"modified":"2026-04-16T02:35:51","modified_gmt":"2026-04-15T23:35:51","slug":"bana-iyi-hissettiriyor-erkekler-icin","status":"publish","type":"product","link":"https:\/\/roveyayinevi.com.tr\/index.php\/urun\/bana-iyi-hissettiriyor-erkekler-icin\/","title":{"rendered":"Bana \u0130yi Hissettiriyor (Erkekler \u0130\u00e7in)"},"content":{"rendered":"<p>Bu kitap \u00e7ocuklar\u0131n mast\u00fcrbatif davran\u0131\u015flar\u0131 ile ilgilidir. Bir\u00e7ok ebeveyn \u00e7ocu\u011funu mast\u00fcrbasyon yaparken g\u00f6rd\u00fc\u011f\u00fcnde panik olur ve genellikle k\u00fclt\u00fcr ve de\u011fer \u00e7er\u00e7evesine g\u00f6re davran\u0131r. Oysa k\u00fc\u00e7\u00fck \u00e7ocuklar bedeni ke\u015ffetmenin bu kadar anlam y\u00fcklenilmi\u015f bir eylem oldu\u011fu hakk\u0131nda hi\u00e7bir fark\u0131ndal\u0131\u011fa sahip de\u011fillerdir. Ebeveynlerin rahats\u0131zl\u0131\u011f\u0131 ve utanc\u0131, mast\u00fcrbasyonu yaln\u0131zca kendini iyi hissettiren bir \u015fey olmaktan \u00e7\u0131kar\u0131r. Mast\u00fcrbasyon hakk\u0131nda \u00e7ocu\u011funuza verdi\u011finiz mesaj, t\u0131pk\u0131 di\u011fer her \u015feyde oldu\u011fu gibi, kendi duygular\u0131n\u0131za ve bu konuyla ilgili kendi tarihinize dayan\u0131r.   Peki, \u00e7ocu\u011funuzu mast\u00fcrbasyon yaparken g\u00f6rd\u00fc\u011f\u00fcn\u00fczde ne yapman\u0131z, nas\u0131l tepki vermeniz gerekir? Bu kitap bu soruya \u00f6rnek durumlar\u0131 hik\u00e2ye ederek yan\u0131t vermeye \u00e7al\u0131\u015fmaktad\u0131r.<\/p>\n","protected":false},"excerpt":{"rendered":"<p>Bu kitap \u00e7ocuklar\u0131n mast\u00fcrbatif davran\u0131\u015flar\u0131 ile ilgilidir. Bir\u00e7ok ebeveyn \u00e7ocu\u011funu mast\u00fcrbasyon yaparken g\u00f6rd\u00fc\u011f\u00fcnde panik olur ve genellikle k\u00fclt\u00fcr ve de\u011fer \u00e7er\u00e7evesine g\u00f6re davran\u0131r. Oysa k\u00fc\u00e7\u00fck \u00e7ocuklar<span class=\"excerpt-hellip\"> [\u2026]<\/span><\/p>\n","protected":false},"featured_media":0,"template":"","meta":{"_monsterinsights_skip_tracking":false,"_monsterinsights_sitenote_active":false,"_monsterinsights_sitenote_note":"","_monsterinsights_sitenote_category":0},"product_brand":[],"product_cat":[17996,12364],"product_tag":[],"class_list":{"0":"post-728038","1":"product","2":"type-product","3":"status-publish","5":"product_cat-ebeveyn-kitaplari","6":"product_cat-genel-konular","7":"pa_cilt-ciltsiz","8":"pa_tur-kitap","9":"pa_yayinevi-egiten-kitap","10":"pa_yazar-mahmut-yilmaz","12":"first","13":"instock","14":"sale","15":"shipping-taxable","16":"purchasable","17":"product-type-simple"},"_links":{"self":[{"href":"https:\/\/roveyayinevi.com.tr\/index.php\/wp-json\/wp\/v2\/product\/728038","targetHints":{"allow":["GET"]}}],"collection":[{"href":"https:\/\/roveyayinevi.com.tr\/index.php\/wp-json\/wp\/v2\/product"}],"about":[{"href":"https:\/\/roveyayinevi.com.tr\/index.php\/wp-json\/wp\/v2\/types\/product"}],"wp:attachment":[{"href":"https:\/\/roveyayinevi.com.tr\/index.php\/wp-json\/wp\/v2\/media?parent=728038"}],"wp:term":[{"taxonomy":"product_brand","embeddable":true,"href":"https:\/\/roveyayinevi.com.tr\/index.php\/wp-json\/wp\/v2\/product_brand?post=728038"},{"taxonomy":"product_cat","embeddable":true,"href":"https:\/\/roveyayinevi.com.tr\/index.php\/wp-json\/wp\/v2\/product_cat?post=728038"},{"taxonomy":"product_tag","embeddable":true,"href":"https:\/\/roveyayinevi.com.tr\/index.php\/wp-json\/wp\/v2\/product_tag?post=728038"}],"curies":[{"name":"wp","href":"https:\/\/api.w.org\/{rel}","templated":true}]}}