{"id":728035,"date":"2025-08-27T20:32:59","date_gmt":"2025-08-27T17:32:59","guid":{"rendered":"https:\/\/roveyayinevi.com.tr\/index.php\/urun\/oynuyorum-ve-kendimi-taniyorum-ozguven\/"},"modified":"2026-04-16T02:35:51","modified_gmt":"2026-04-15T23:35:51","slug":"oynuyorum-ve-kendimi-taniyorum-ozguven","status":"publish","type":"product","link":"https:\/\/roveyayinevi.com.tr\/index.php\/urun\/oynuyorum-ve-kendimi-taniyorum-ozguven\/","title":{"rendered":"Oynuyorum ve Kendimi Tan\u0131yorum -\u00d6zg\u00fcven"},"content":{"rendered":"<p>G\u00fcven, t\u0131pk\u0131 bir bitki gibi, yeti\u015ftirilip b\u00fcy\u00fct\u00fclebilir. Bu kitaptaki yarat\u0131c\u0131 etkinliklerle hata yapman\u0131n, korkman\u0131n ya da kimi zaman huzursuz hissetmenin ne kadar normal oldu\u011funu ke\u015ffedecek ve bol bol g\u00fcven ekeceksin.  Fransa\u2019da pozitif ebeveynlik y\u00f6nteminde \u00f6nc\u00fc psikoterapist Isabelle Filliozat, Viol\u00e8ne Riefolo ve Chantal Rojzman taraf\u0131ndan kaleme al\u0131nan, T\u00fcrkiye dahil yay\u0131mland\u0131\u011f\u0131 t\u00fcm \u00fclkelerde b\u00fcy\u00fck be\u011feni toplayan Oynuyorum ve Kendimi Tan\u0131yorum serisinin \u00fc\u00e7\u00fcnc\u00fc kitab\u0131 \u00d6zg\u00fcven, 100\u2019den fazla etkinlik ve ebeveyn kitap\u00e7\u0131\u011f\u0131yla birlikte, \u00e7ocuklara -ve bizlere- kayg\u0131n\u0131n her zaman k\u00f6t\u00fc bir \u015fey olmad\u0131\u011f\u0131n\u0131, her tepkinin \u00f6zg\u00fcven eksikli\u011fine i\u015faret etmedi\u011fini, kendimizle, ba\u015fkalar\u0131yla ve hayatla bar\u0131\u015f\u0131k olman\u0131n yollar\u0131n\u0131 g\u00f6sterecek \u015fekilde tasarland\u0131.   \u201cDuyguyu anlama ve aktarma becerisi i\u00e7in k\u0131ymetli bir kitap bu. Ebeveynlerin de mutlaka okumas\u0131n\u0131 dilerim.\u201d \u2013 Dr. G\u00fclcan \u00d6zer (serinin ilk kitab\u0131 \u201cDuygular\u0131m\u201d hakk\u0131nda)   Kitab\u0131n arkas\u0131ndaki ebeveyn kitap\u00e7\u0131\u011f\u0131ndan:   \u201cBir ya\u015f\u0131na dek anne babas\u0131n\u0131n kollar\u0131nda sevgi ve \u015fefkat g\u00f6rm\u00fc\u015f, motor becerilerini \u00f6zg\u00fcrce edinmi\u015f \u00e7ocuk temel g\u00fcvenlik hissini geli\u015ftirir (\u201cSeviliyorum\u201d, \u201cBeni \u00e7evreleyen d\u00fcnya \u00fczerinde bir g\u00fcce sahibim\u201d). Bunlar temeldir. Sonra \u00e7ocuk bu\u0308yu\u0308du\u0308k\u00e7e kendi ki\u015fili\u011fini geli\u015ftirmeye ba\u015flar. \u0130stekleri, ihtiya\u00e7lar\u0131, duygular\u0131, heyecanlar\u0131, se\u00e7imleri, yarg\u0131lar\u0131 ailesi taraf\u0131ndan dinlenen ve sayg\u0131 g\u00f6ren \u00e7ocu\u011fun kendi kimli\u011fine duydu\u011fu g\u00fcven g\u00fc\u00e7lenir (\u201cNe istedi\u011fimi biliyorum\u201d). \u00c7ocuk \u00fc\u00e7 ya\u015f\u0131ndan itibaren baz\u0131 \u015feyleri art\u0131k \u201ckendi ba\u015f\u0131na\u201d yapmak ister ve b\u00f6ylece becerilerine olan g\u00fcveni artar (\u201cNe yapabilece\u011fimi biliyorum\u201d). Okulda, mahallede akranlar\u0131yla kar\u015f\u0131la\u015f\u0131r, arkada\u015f edinir ve bu sayede sosyal ya da ili\u015fki odakl\u0131 g\u00fcven geli\u015ftirir (\u201cKatk\u0131 sa\u011flayabilirim\u201d). Bu d\u00f6rt evre beslendi\u011finde \u00e7ocuk hayata ve gelece\u011fine sa\u011flam bir g\u00fcvenle bakacakt\u0131r. \u00c7ocu\u011fumuzun b\u00fcy\u00fcmesine yard\u0131mc\u0131 olmak; ge\u00e7irdi\u011fi her a\u015famada onun ihtiya\u00e7lar\u0131na a\u00e7\u0131k olmak ve ona ki\u015fili\u011fini in\u015fa etmesine olanak verecek <\/p>\n","protected":false},"excerpt":{"rendered":"<p>G\u00fcven, t\u0131pk\u0131 bir bitki gibi, yeti\u015ftirilip b\u00fcy\u00fct\u00fclebilir. Bu kitaptaki yarat\u0131c\u0131 etkinliklerle hata yapman\u0131n, korkman\u0131n ya da kimi zaman huzursuz hissetmenin ne kadar normal oldu\u011funu ke\u015ffedecek ve<span class=\"excerpt-hellip\"> [\u2026]<\/span><\/p>\n","protected":false},"featured_media":0,"template":"","meta":{"_monsterinsights_skip_tracking":false,"_monsterinsights_sitenote_active":false,"_monsterinsights_sitenote_note":"","_monsterinsights_sitenote_category":0},"product_brand":[],"product_cat":[12275,12274],"product_tag":[],"class_list":{"0":"post-728035","1":"product","2":"type-product","3":"status-publish","5":"product_cat-6-12-yas-kitaplari","6":"product_cat-cocuk-ve-genclik-kitaplari","7":"pa_cilt-ciltsiz","8":"pa_tur-kitap","9":"pa_yayinevi-domingo-yayinevi","10":"pa_yazar-domingo-yayinevi-kolektif","12":"first","13":"instock","14":"sale","15":"shipping-taxable","16":"purchasable","17":"product-type-simple"},"_links":{"self":[{"href":"https:\/\/roveyayinevi.com.tr\/index.php\/wp-json\/wp\/v2\/product\/728035","targetHints":{"allow":["GET"]}}],"collection":[{"href":"https:\/\/roveyayinevi.com.tr\/index.php\/wp-json\/wp\/v2\/product"}],"about":[{"href":"https:\/\/roveyayinevi.com.tr\/index.php\/wp-json\/wp\/v2\/types\/product"}],"wp:attachment":[{"href":"https:\/\/roveyayinevi.com.tr\/index.php\/wp-json\/wp\/v2\/media?parent=728035"}],"wp:term":[{"taxonomy":"product_brand","embeddable":true,"href":"https:\/\/roveyayinevi.com.tr\/index.php\/wp-json\/wp\/v2\/product_brand?post=728035"},{"taxonomy":"product_cat","embeddable":true,"href":"https:\/\/roveyayinevi.com.tr\/index.php\/wp-json\/wp\/v2\/product_cat?post=728035"},{"taxonomy":"product_tag","embeddable":true,"href":"https:\/\/roveyayinevi.com.tr\/index.php\/wp-json\/wp\/v2\/product_tag?post=728035"}],"curies":[{"name":"wp","href":"https:\/\/api.w.org\/{rel}","templated":true}]}}