{"id":728033,"date":"2025-08-27T20:32:57","date_gmt":"2025-08-27T17:32:57","guid":{"rendered":"https:\/\/roveyayinevi.com.tr\/index.php\/urun\/merhaba-gokyuzu\/"},"modified":"2026-04-13T02:44:36","modified_gmt":"2026-04-12T23:44:36","slug":"merhaba-gokyuzu","status":"publish","type":"product","link":"https:\/\/roveyayinevi.com.tr\/index.php\/urun\/merhaba-gokyuzu\/","title":{"rendered":"Merhaba G\u00f6ky\u00fcz\u00fc"},"content":{"rendered":"<p>\u201cYava\u015f yava\u015f \u00f6l\u00fcrler Al\u0131\u015fkanl\u0131klar\u0131na esir olanlar,Her g\u00fcn ayn\u0131 yollar\u0131 y\u00fcr\u00fcyenler,Ufuklar\u0131n\u0131 geni\u015fletmeyen ve de\u011fi\u015ftirmeyenler&#8230;\u201dPablo NerudaG\u00f6ky\u00fcz\u00fcnde harika ke\u015fif yolculuklar\u0131 yapt\u0131k bu kitapla. K\u00e2h y\u0131ld\u0131zlar\u0131n k\u00e2h ya\u011fmurlar\u0131n alt\u0131nda&#8230;K\u00e2h hayretler i\u00e7inde \u0131sland\u0131k. K\u00e2h mehtab\u0131n b\u00fcy\u00fcleyici g\u00fczelli\u011fini, kar tanelerinin s\u00fcz\u00fcl\u00fc\u015f\u00fcndeki harikuladeli\u011fi seyrettik.Kozmik r\u00fczg\u00e2rlar\u0131n, manyetik kalkan\u0131n, meteorlar\u0131n yan\u0131 s\u0131ra \u201cmerhaba\u201d dedik g\u00fcne\u015fin \u0131\u015f\u0131lt\u0131lar\u0131na.Bir m\u00fcddet dola\u015f\u0131p  \u201cd\u00fcnyan\u0131n yedi harikas\u0131\u201dndan ba\u015fka say\u0131s\u0131z harikalar\u0131n varl\u0131\u011f\u0131n\u0131 fark ettik. Bazen afallad\u0131k, \u015fa\u015f\u0131rd\u0131k. Bazen hayran olduk, b\u00fcy\u00fclendik. Kendimize yak\u0131nla\u015fmak i\u00e7in, \u00e7ok uzaklara gittik. Kendimizle aram\u0131zdaki mesafenin, g\u00f6k ile yer aras\u0131ndaki mesafeden daha b\u00fcy\u00fck oldu\u011funu fark ettikAl\u0131\u015fkanl\u0131klar perdesi araland\u0131\u011f\u0131 ve sis da\u011f\u0131ld\u0131\u011f\u0131 anda, ya\u015fan\u0131lan mutlulu\u011fu hissettik.Yolculu\u011fu seviyorsan\u0131z \u015fayet, heyecan dolu ke\u015fifler sizi bekliyor. <\/p>\n","protected":false},"excerpt":{"rendered":"<p>\u201cYava\u015f yava\u015f \u00f6l\u00fcrler Al\u0131\u015fkanl\u0131klar\u0131na esir olanlar,Her g\u00fcn ayn\u0131 yollar\u0131 y\u00fcr\u00fcyenler,Ufuklar\u0131n\u0131 geni\u015fletmeyen ve de\u011fi\u015ftirmeyenler&#8230;\u201dPablo NerudaG\u00f6ky\u00fcz\u00fcnde harika ke\u015fif yolculuklar\u0131 yapt\u0131k bu kitapla. K\u00e2h y\u0131ld\u0131zlar\u0131n k\u00e2h ya\u011fmurlar\u0131n alt\u0131nda&#8230;K\u00e2h hayretler<span class=\"excerpt-hellip\"> [\u2026]<\/span><\/p>\n","protected":false},"featured_media":0,"template":"","meta":{"_monsterinsights_skip_tracking":false,"_monsterinsights_sitenote_active":false,"_monsterinsights_sitenote_note":"","_monsterinsights_sitenote_category":0},"product_brand":[],"product_cat":[12364,12376],"product_tag":[],"class_list":{"0":"post-728033","1":"product","2":"type-product","3":"status-publish","5":"product_cat-genel-konular","6":"product_cat-kisisel-gelisim","7":"pa_cilt-ciltsiz","8":"pa_tur-kitap","9":"pa_yayinevi-hayykitap","10":"pa_yazar-adnan-simsek","12":"first","13":"instock","14":"sale","15":"shipping-taxable","16":"purchasable","17":"product-type-simple"},"_links":{"self":[{"href":"https:\/\/roveyayinevi.com.tr\/index.php\/wp-json\/wp\/v2\/product\/728033","targetHints":{"allow":["GET"]}}],"collection":[{"href":"https:\/\/roveyayinevi.com.tr\/index.php\/wp-json\/wp\/v2\/product"}],"about":[{"href":"https:\/\/roveyayinevi.com.tr\/index.php\/wp-json\/wp\/v2\/types\/product"}],"wp:attachment":[{"href":"https:\/\/roveyayinevi.com.tr\/index.php\/wp-json\/wp\/v2\/media?parent=728033"}],"wp:term":[{"taxonomy":"product_brand","embeddable":true,"href":"https:\/\/roveyayinevi.com.tr\/index.php\/wp-json\/wp\/v2\/product_brand?post=728033"},{"taxonomy":"product_cat","embeddable":true,"href":"https:\/\/roveyayinevi.com.tr\/index.php\/wp-json\/wp\/v2\/product_cat?post=728033"},{"taxonomy":"product_tag","embeddable":true,"href":"https:\/\/roveyayinevi.com.tr\/index.php\/wp-json\/wp\/v2\/product_tag?post=728033"}],"curies":[{"name":"wp","href":"https:\/\/api.w.org\/{rel}","templated":true}]}}