{"id":728032,"date":"2025-08-27T20:32:56","date_gmt":"2025-08-27T17:32:56","guid":{"rendered":"https:\/\/roveyayinevi.com.tr\/index.php\/urun\/mecburiyetsiz\/"},"modified":"2026-04-16T02:35:51","modified_gmt":"2026-04-15T23:35:51","slug":"mecburiyetsiz","status":"publish","type":"product","link":"https:\/\/roveyayinevi.com.tr\/index.php\/urun\/mecburiyetsiz\/","title":{"rendered":"Mecburiyetsiz"},"content":{"rendered":"<p>Bir gecede hayat de\u011fi\u015fir mi? De\u011fi\u015fir! Kemoterapiler pe\u015f pe\u015fe geldi, \u00e7\u00fcr\u00fck kokusu art\u0131k beni ve yata\u011f\u0131m\u0131 ge\u00e7ip t\u00fcm evi sard\u0131. Her \u015feyimi kaybettim; sa\u00e7lar\u0131m\u0131, ka\u015flar\u0131m\u0131, t\u0131rnaklar\u0131m\u0131 ve hatta kirpiklerimi&#8230; En son ne zaman i\u00e7tenlikle s\u00f6ylenmi\u015f bir \u201cNas\u0131ls\u0131n?\u201d  sorusu duydunuz? Ben me\u011fer duymu\u015fum ama hi\u00e7 ger\u00e7ek bir cevap vermemi\u015fim. \u00c7ok yorgunmu\u015fum ama durmas\u0131n\u0131 hi\u00e7 bilememi\u015fim. Toplant\u0131yla, k\u0131yafetle ve olmam gereken ki\u015fiyle o kadar ilgiliymi\u015fim ki kanser oldu\u011fumu anlamam\u0131\u015f, nas\u0131lsa benim ba\u015f\u0131ma gelmez sanm\u0131\u015f\u0131m. Geldi ama&#8230; Hem de en a\u011f\u0131r haliyle geldi. Otuz bir ya\u015f\u0131ndayd\u0131m. O\u011flumsa iki bu\u00e7uk&#8230; Evimize bir bomba d\u00fc\u015ft\u00fc. \u00d6zel parf\u00fcm\u00fc bile olan, bak\u0131m s\u0131rlar\u0131n\u0131 ba\u015fkalar\u0131na da\u011f\u0131tt\u0131\u011f\u0131m g\u00fczelim sa\u00e7lar\u0131m\u0131 ve senelerce pilates st\u00fcdyolar\u0131nda yaratt\u0131\u011f\u0131m bedenimi kaybettim. Her \u015fey bitti sand\u0131m ama as\u0131l hik\u00e2ye burada ba\u015flad\u0131. Kazanman\u0131n s\u0131rr\u0131 yapt\u0131klar\u0131nla de\u011fil, yapmad\u0131klar\u0131nla ilgiliymi\u015f&#8230; Yani \u201cMecburiyetsiz\u201d olduklar\u0131nda gizliymi\u015f&#8230; \u015eimdi anlad\u0131m. <\/p>\n","protected":false},"excerpt":{"rendered":"<p>Bir gecede hayat de\u011fi\u015fir mi? De\u011fi\u015fir! Kemoterapiler pe\u015f pe\u015fe geldi, \u00e7\u00fcr\u00fck kokusu art\u0131k beni ve yata\u011f\u0131m\u0131 ge\u00e7ip t\u00fcm evi sard\u0131. Her \u015feyimi kaybettim; sa\u00e7lar\u0131m\u0131, ka\u015flar\u0131m\u0131, t\u0131rnaklar\u0131m\u0131<span class=\"excerpt-hellip\"> [\u2026]<\/span><\/p>\n","protected":false},"featured_media":0,"template":"","meta":{"_monsterinsights_skip_tracking":false,"_monsterinsights_sitenote_active":false,"_monsterinsights_sitenote_note":"","_monsterinsights_sitenote_category":0},"product_brand":[],"product_cat":[18545,12291],"product_tag":[],"class_list":{"0":"post-728032","1":"product","2":"type-product","3":"status-publish","5":"product_cat-anlati","6":"product_cat-edebiyat","7":"pa_cilt-ciltsiz","8":"pa_tur-kitap","9":"pa_yayinevi-destek-yayinlari","10":"pa_yazar-demet-isil-yilmaz","12":"first","13":"instock","14":"sale","15":"shipping-taxable","16":"purchasable","17":"product-type-simple"},"_links":{"self":[{"href":"https:\/\/roveyayinevi.com.tr\/index.php\/wp-json\/wp\/v2\/product\/728032","targetHints":{"allow":["GET"]}}],"collection":[{"href":"https:\/\/roveyayinevi.com.tr\/index.php\/wp-json\/wp\/v2\/product"}],"about":[{"href":"https:\/\/roveyayinevi.com.tr\/index.php\/wp-json\/wp\/v2\/types\/product"}],"wp:attachment":[{"href":"https:\/\/roveyayinevi.com.tr\/index.php\/wp-json\/wp\/v2\/media?parent=728032"}],"wp:term":[{"taxonomy":"product_brand","embeddable":true,"href":"https:\/\/roveyayinevi.com.tr\/index.php\/wp-json\/wp\/v2\/product_brand?post=728032"},{"taxonomy":"product_cat","embeddable":true,"href":"https:\/\/roveyayinevi.com.tr\/index.php\/wp-json\/wp\/v2\/product_cat?post=728032"},{"taxonomy":"product_tag","embeddable":true,"href":"https:\/\/roveyayinevi.com.tr\/index.php\/wp-json\/wp\/v2\/product_tag?post=728032"}],"curies":[{"name":"wp","href":"https:\/\/api.w.org\/{rel}","templated":true}]}}