{"id":728031,"date":"2025-08-27T20:32:55","date_gmt":"2025-08-27T17:32:55","guid":{"rendered":"https:\/\/roveyayinevi.com.tr\/index.php\/urun\/kendine-de-bir-merhaba\/"},"modified":"2026-04-11T13:55:14","modified_gmt":"2026-04-11T10:55:14","slug":"kendine-de-bir-merhaba","status":"publish","type":"product","link":"https:\/\/roveyayinevi.com.tr\/index.php\/urun\/kendine-de-bir-merhaba\/","title":{"rendered":"Kendine De Bir \u2018Merhaba\u2019"},"content":{"rendered":"<p>\u201cKe\u015ffetmekten y\u0131lmamal\u0131y\u0131z.Ve t\u00fcm ke\u015fiflerimizin sonu ba\u015flad\u0131\u011f\u0131m\u0131z yere d\u00f6nmek ve oray\u0131 ilk kez tan\u0131mak olmal\u0131.\u201dT.S. ElliotBu kitap; bildi\u011fimiz fakat yeterince tan\u0131mad\u0131\u011f\u0131m\u0131zduyu organlar\u0131m\u0131za ayna tutuyor. Her okudu\u011fumuzda ve aynaya bak\u0131p d\u00fc\u015f\u00fcnd\u00fc\u011f\u00fcm\u00fczde hayretimiz artacak. B\u00f6ylece insan\u0131n kendine yabanc\u0131la\u015ft\u0131\u011f\u0131 bir d\u00fcnyada,kendimize \u201cmerhaba\u201d demenin kap\u0131s\u0131 aralanacak. \u015ea\u015f\u0131r\u0131yoruz \u00f6\u011frendik\u00e7e. Hayranl\u0131k duyuyoruz d\u00fc\u015f\u00fcnd\u00fck\u00e7e.\u0130\u00e7inde ya\u015fad\u0131\u011f\u0131m\u0131z evi yani bedenimizi tan\u0131mak,bu fark\u0131ndal\u0131k yolculu\u011funda \u00f6nemli ad\u0131mlar atmam\u0131z\u0131 sa\u011flayacak. Belki de; ke\u015fiflerin sonunda ba\u015flad\u0131\u011f\u0131m\u0131z yere tekrar d\u00f6nece\u011fiz. \u0130lk kez tan\u0131r gibi, yeniden tan\u0131yaca\u011f\u0131z kendimizi ve \u00e7evremizi. <\/p>\n","protected":false},"excerpt":{"rendered":"<p>\u201cKe\u015ffetmekten y\u0131lmamal\u0131y\u0131z.Ve t\u00fcm ke\u015fiflerimizin sonu ba\u015flad\u0131\u011f\u0131m\u0131z yere d\u00f6nmek ve oray\u0131 ilk kez tan\u0131mak olmal\u0131.\u201dT.S. ElliotBu kitap; bildi\u011fimiz fakat yeterince tan\u0131mad\u0131\u011f\u0131m\u0131zduyu organlar\u0131m\u0131za ayna tutuyor. Her okudu\u011fumuzda ve<span class=\"excerpt-hellip\"> [\u2026]<\/span><\/p>\n","protected":false},"featured_media":0,"template":"","meta":{"_monsterinsights_skip_tracking":false,"_monsterinsights_sitenote_active":false,"_monsterinsights_sitenote_note":"","_monsterinsights_sitenote_category":0},"product_brand":[],"product_cat":[12364,12376],"product_tag":[],"class_list":{"0":"post-728031","1":"product","2":"type-product","3":"status-publish","5":"product_cat-genel-konular","6":"product_cat-kisisel-gelisim","7":"pa_cilt-ciltsiz","8":"pa_tur-kitap","9":"pa_yayinevi-hayykitap","10":"pa_yazar-adnan-simsek","12":"first","13":"instock","14":"sale","15":"shipping-taxable","16":"purchasable","17":"product-type-simple"},"_links":{"self":[{"href":"https:\/\/roveyayinevi.com.tr\/index.php\/wp-json\/wp\/v2\/product\/728031","targetHints":{"allow":["GET"]}}],"collection":[{"href":"https:\/\/roveyayinevi.com.tr\/index.php\/wp-json\/wp\/v2\/product"}],"about":[{"href":"https:\/\/roveyayinevi.com.tr\/index.php\/wp-json\/wp\/v2\/types\/product"}],"wp:attachment":[{"href":"https:\/\/roveyayinevi.com.tr\/index.php\/wp-json\/wp\/v2\/media?parent=728031"}],"wp:term":[{"taxonomy":"product_brand","embeddable":true,"href":"https:\/\/roveyayinevi.com.tr\/index.php\/wp-json\/wp\/v2\/product_brand?post=728031"},{"taxonomy":"product_cat","embeddable":true,"href":"https:\/\/roveyayinevi.com.tr\/index.php\/wp-json\/wp\/v2\/product_cat?post=728031"},{"taxonomy":"product_tag","embeddable":true,"href":"https:\/\/roveyayinevi.com.tr\/index.php\/wp-json\/wp\/v2\/product_tag?post=728031"}],"curies":[{"name":"wp","href":"https:\/\/api.w.org\/{rel}","templated":true}]}}