{"id":728017,"date":"2025-08-27T20:31:53","date_gmt":"2025-08-27T17:31:53","guid":{"rendered":"https:\/\/roveyayinevi.com.tr\/index.php\/urun\/metasezgisel-yontemlerle-rotalama-problemlerinin-cozumu-icin-cok-asamali-bir-yaklasim\/"},"modified":"2026-04-16T02:35:51","modified_gmt":"2026-04-15T23:35:51","slug":"metasezgisel-yontemlerle-rotalama-problemlerinin-cozumu-icin-cok-asamali-bir-yaklasim","status":"publish","type":"product","link":"https:\/\/roveyayinevi.com.tr\/index.php\/urun\/metasezgisel-yontemlerle-rotalama-problemlerinin-cozumu-icin-cok-asamali-bir-yaklasim\/","title":{"rendered":"Metasezgisel Y\u00f6ntemlerle Rotalama Problemlerinin \u00c7\u00f6z\u00fcm\u00fc \u0130\u00e7in \u00c7ok A\u015famal\u0131 Bir Yakla\u015f\u0131m"},"content":{"rendered":"<p>B\u00f6l\u00fcm 1 1D\u00fc\u011f\u00fcm Ve Ayr\u0131t Rotalama Problemleri B\u00f6l\u00fcm 2 2.Uygulamada Kullan\u0131lan Metasezgisel Algoritmalar B\u00f6l\u00fcm 3 3. Uygulama B\u00f6l\u00fcm 4 4. Sonu\u00e7 Kaynak\u00e7aEkler<\/p>\n","protected":false},"excerpt":{"rendered":"<p>B\u00f6l\u00fcm 1 1D\u00fc\u011f\u00fcm Ve Ayr\u0131t Rotalama Problemleri B\u00f6l\u00fcm 2 2.Uygulamada Kullan\u0131lan Metasezgisel Algoritmalar B\u00f6l\u00fcm 3 3. Uygulama B\u00f6l\u00fcm 4 4. Sonu\u00e7 Kaynak\u00e7aEkler<\/p>\n","protected":false},"featured_media":0,"template":"","meta":{"_monsterinsights_skip_tracking":false,"_monsterinsights_sitenote_active":false,"_monsterinsights_sitenote_note":"","_monsterinsights_sitenote_category":0},"product_brand":[],"product_cat":[13005],"product_tag":[],"class_list":{"0":"post-728017","1":"product","2":"type-product","3":"status-publish","5":"product_cat-bilim-muhendislik","6":"pa_cilt-ciltsiz","7":"pa_tur-kitap","8":"pa_yayinevi-gazi-kitabevi","9":"pa_yazar-eda-fendoglu","11":"first","12":"instock","13":"sale","14":"shipping-taxable","15":"purchasable","16":"product-type-simple"},"_links":{"self":[{"href":"https:\/\/roveyayinevi.com.tr\/index.php\/wp-json\/wp\/v2\/product\/728017","targetHints":{"allow":["GET"]}}],"collection":[{"href":"https:\/\/roveyayinevi.com.tr\/index.php\/wp-json\/wp\/v2\/product"}],"about":[{"href":"https:\/\/roveyayinevi.com.tr\/index.php\/wp-json\/wp\/v2\/types\/product"}],"wp:attachment":[{"href":"https:\/\/roveyayinevi.com.tr\/index.php\/wp-json\/wp\/v2\/media?parent=728017"}],"wp:term":[{"taxonomy":"product_brand","embeddable":true,"href":"https:\/\/roveyayinevi.com.tr\/index.php\/wp-json\/wp\/v2\/product_brand?post=728017"},{"taxonomy":"product_cat","embeddable":true,"href":"https:\/\/roveyayinevi.com.tr\/index.php\/wp-json\/wp\/v2\/product_cat?post=728017"},{"taxonomy":"product_tag","embeddable":true,"href":"https:\/\/roveyayinevi.com.tr\/index.php\/wp-json\/wp\/v2\/product_tag?post=728017"}],"curies":[{"name":"wp","href":"https:\/\/api.w.org\/{rel}","templated":true}]}}