{"id":728014,"date":"2025-08-27T20:31:51","date_gmt":"2025-08-27T17:31:51","guid":{"rendered":"https:\/\/roveyayinevi.com.tr\/index.php\/urun\/siradan-bir-gun-icin-sira-disi-diyaloglar\/"},"modified":"2026-04-16T02:35:51","modified_gmt":"2026-04-15T23:35:51","slug":"siradan-bir-gun-icin-sira-disi-diyaloglar","status":"publish","type":"product","link":"https:\/\/roveyayinevi.com.tr\/index.php\/urun\/siradan-bir-gun-icin-sira-disi-diyaloglar\/","title":{"rendered":"S\u0131radan Bir G\u00fcn i\u00e7in  S\u0131ra D\u0131\u015f\u0131 Diyaloglar"},"content":{"rendered":"<p>S\u0131radan, g\u00fcn\u00fcbirlik \u015feylerden ziyade; varolu\u015fsal diyebilece\u011fimiz temel insanl\u0131k durumlar\u0131n\u0131 ve bunlara ili\u015fkin temel baz\u0131 kavramlar\u0131 derli toplu bir \u015fekilde ele alan; y\u00fckte hafif ama pahada a\u011f\u0131r olan bu kitapla konu\u015facak birinin varl\u0131\u011f\u0131n\u0131 nas\u0131l da delice \u00f6zledi\u011fimizin fark\u0131na varaca\u011f\u0131z.<\/p>\n","protected":false},"excerpt":{"rendered":"<p>S\u0131radan, g\u00fcn\u00fcbirlik \u015feylerden ziyade; varolu\u015fsal diyebilece\u011fimiz temel insanl\u0131k durumlar\u0131n\u0131 ve bunlara ili\u015fkin temel baz\u0131 kavramlar\u0131 derli toplu bir \u015fekilde ele alan; y\u00fckte hafif ama pahada a\u011f\u0131r<span class=\"excerpt-hellip\"> [\u2026]<\/span><\/p>\n","protected":false},"featured_media":0,"template":"","meta":{"_monsterinsights_skip_tracking":false,"_monsterinsights_sitenote_active":false,"_monsterinsights_sitenote_note":"","_monsterinsights_sitenote_category":0},"product_brand":[],"product_cat":[12777,12291],"product_tag":[],"class_list":{"0":"post-728014","1":"product","2":"type-product","3":"status-publish","5":"product_cat-deneme","6":"product_cat-edebiyat","7":"pa_cilt-ciltsiz","8":"pa_tur-kitap","9":"pa_yayinevi-perseus","10":"pa_yazar-oguz-inel","12":"first","13":"instock","14":"sale","15":"shipping-taxable","16":"purchasable","17":"product-type-simple"},"_links":{"self":[{"href":"https:\/\/roveyayinevi.com.tr\/index.php\/wp-json\/wp\/v2\/product\/728014","targetHints":{"allow":["GET"]}}],"collection":[{"href":"https:\/\/roveyayinevi.com.tr\/index.php\/wp-json\/wp\/v2\/product"}],"about":[{"href":"https:\/\/roveyayinevi.com.tr\/index.php\/wp-json\/wp\/v2\/types\/product"}],"wp:attachment":[{"href":"https:\/\/roveyayinevi.com.tr\/index.php\/wp-json\/wp\/v2\/media?parent=728014"}],"wp:term":[{"taxonomy":"product_brand","embeddable":true,"href":"https:\/\/roveyayinevi.com.tr\/index.php\/wp-json\/wp\/v2\/product_brand?post=728014"},{"taxonomy":"product_cat","embeddable":true,"href":"https:\/\/roveyayinevi.com.tr\/index.php\/wp-json\/wp\/v2\/product_cat?post=728014"},{"taxonomy":"product_tag","embeddable":true,"href":"https:\/\/roveyayinevi.com.tr\/index.php\/wp-json\/wp\/v2\/product_tag?post=728014"}],"curies":[{"name":"wp","href":"https:\/\/api.w.org\/{rel}","templated":true}]}}