{"id":728011,"date":"2025-08-27T20:31:49","date_gmt":"2025-08-27T17:31:49","guid":{"rendered":"https:\/\/roveyayinevi.com.tr\/index.php\/urun\/sevgili-wanda\/"},"modified":"2026-04-16T02:35:50","modified_gmt":"2026-04-15T23:35:50","slug":"sevgili-wanda","status":"publish","type":"product","link":"https:\/\/roveyayinevi.com.tr\/index.php\/urun\/sevgili-wanda\/","title":{"rendered":"Sevgili Wanda"},"content":{"rendered":"<p>\u201c1912 Nobel Edebiyat \u00d6d\u00fcl\u00fc, Gerhart Johann Robert Hauptmann\u2019a \u2018\u00d6ncelikli olarak dramatik sanatlar alan\u0131ndaki verimli, \u00e7e\u015fitli ve ola\u011fan\u00fcst\u00fc \u00fcretimi nedeniyle\u2019 verilmi\u015ftir.\u201d NOBEL \u00d6D\u00dcL KOM\u0130TES\u0130 Nat\u00fcralizmin Almanya\u2019daki en \u00f6nemli temsilcilerinden Gerhart Hauptmann, t\u0131pk\u0131 bu roman\u0131n kahraman\u0131 Haake gibi heykelt\u0131ra\u015ft\u0131 ve uzun bir s\u00fcre Roma\u2019da ya\u015fad\u0131. Tiyatro eserleriyle \u00fcnlenen, 1912\u2019de Nobel Edebiyat \u00d6d\u00fcl\u00fc\u2019n\u00fc kazanan Hauptmann\u2019\u0131n 1926 y\u0131l\u0131nda kaleme ald\u0131\u011f\u0131 Sevgili Wanda, yazar\u0131n ilgin\u00e7 ya\u015fam\u00f6yk\u00fcs\u00fcnden ta\u015f\u0131d\u0131\u011f\u0131 izlerle de \u00f6zel bir yere sahiptir. Sevgili Wanda, heykelt\u0131ra\u015f Paul Haake ile bir sirk k\u0131z\u0131 olan Wanda aras\u0131ndaki gelgitlerle dolu a\u015fk\u0131n \u00fczerine kuruludur. Sanat\u0131nda emin ad\u0131mlarla ilerleyen yetenekli heykelt\u0131ra\u015f Haake, gen\u00e7 Wanda\u2019ya b\u00fcy\u00fck bir tutkuyla ba\u011flan\u0131r. Meslek hayat\u0131n\u0131 riske atmak pahas\u0131na; zenginli\u011fi, \u015f\u00f6hreti ve unvan\u0131 elinin tersiyle itip Wanda\u2019n\u0131n \u00e7al\u0131\u015ft\u0131\u011f\u0131 sirkin pe\u015fine tak\u0131l\u0131r, hatta bu u\u011furda \u00f6l\u00fcm\u00fc g\u00f6ze al\u0131r. A\u015fk\u0131n Wanda cephesindeyse durum son derece kar\u0131\u015f\u0131kt\u0131r. Sevgili Wanda, sevilip sevilmedi\u011fini \u00f6mr\u00fcn\u00fcn sonuna dek anlayamayan bir adam\u0131n, parmaklar\u0131yla so\u011fuk heykeller yontan bir sanat\u00e7\u0131n\u0131n, a\u015fk\u0131n o beyaz k\u00f6rl\u00fc\u011f\u00fcn\u00fcn hik\u00e2yesi.   \u201cGerhart Hauptmann\u2019\u0131n yap\u0131t\u0131, t\u00fcm sonu\u00e7lar\u0131 ve \u00e7\u0131kar\u0131mlar\u0131yla, hayat\u0131n \u00f6l\u00fcm\u00fc de kapsayan b\u00fct\u00fcnselli\u011fiyle  hep bir ili\u015fki i\u00e7indedir.\u201d RUDOLF KAYSER<\/p>\n","protected":false},"excerpt":{"rendered":"<p>\u201c1912 Nobel Edebiyat \u00d6d\u00fcl\u00fc, Gerhart Johann Robert Hauptmann\u2019a \u2018\u00d6ncelikli olarak dramatik sanatlar alan\u0131ndaki verimli, \u00e7e\u015fitli ve ola\u011fan\u00fcst\u00fc \u00fcretimi nedeniyle\u2019 verilmi\u015ftir.\u201d NOBEL \u00d6D\u00dcL KOM\u0130TES\u0130 Nat\u00fcralizmin Almanya\u2019daki en<span class=\"excerpt-hellip\"> [\u2026]<\/span><\/p>\n","protected":false},"featured_media":0,"template":"","meta":{"_monsterinsights_skip_tracking":false,"_monsterinsights_sitenote_active":false,"_monsterinsights_sitenote_note":"","_monsterinsights_sitenote_category":0},"product_brand":[],"product_cat":[12291,26797],"product_tag":[],"class_list":{"0":"post-728011","1":"product","2":"type-product","3":"status-publish","5":"product_cat-edebiyat","6":"product_cat-modern-klasikler","7":"pa_cilt-ciltsiz","8":"pa_tur-kitap","9":"pa_yayinevi-everest-yayinlari","10":"pa_yazar-gerhart-hauptmann","12":"first","13":"instock","14":"sale","15":"shipping-taxable","16":"purchasable","17":"product-type-simple"},"_links":{"self":[{"href":"https:\/\/roveyayinevi.com.tr\/index.php\/wp-json\/wp\/v2\/product\/728011","targetHints":{"allow":["GET"]}}],"collection":[{"href":"https:\/\/roveyayinevi.com.tr\/index.php\/wp-json\/wp\/v2\/product"}],"about":[{"href":"https:\/\/roveyayinevi.com.tr\/index.php\/wp-json\/wp\/v2\/types\/product"}],"wp:attachment":[{"href":"https:\/\/roveyayinevi.com.tr\/index.php\/wp-json\/wp\/v2\/media?parent=728011"}],"wp:term":[{"taxonomy":"product_brand","embeddable":true,"href":"https:\/\/roveyayinevi.com.tr\/index.php\/wp-json\/wp\/v2\/product_brand?post=728011"},{"taxonomy":"product_cat","embeddable":true,"href":"https:\/\/roveyayinevi.com.tr\/index.php\/wp-json\/wp\/v2\/product_cat?post=728011"},{"taxonomy":"product_tag","embeddable":true,"href":"https:\/\/roveyayinevi.com.tr\/index.php\/wp-json\/wp\/v2\/product_tag?post=728011"}],"curies":[{"name":"wp","href":"https:\/\/api.w.org\/{rel}","templated":true}]}}