{"id":728005,"date":"2025-08-27T20:31:43","date_gmt":"2025-08-27T17:31:43","guid":{"rendered":"https:\/\/roveyayinevi.com.tr\/index.php\/urun\/mutluluk\/"},"modified":"2026-04-16T02:35:50","modified_gmt":"2026-04-15T23:35:50","slug":"mutluluk","status":"publish","type":"product","link":"https:\/\/roveyayinevi.com.tr\/index.php\/urun\/mutluluk\/","title":{"rendered":"Mutluluk"},"content":{"rendered":"<p>Livaneli\u2019nin cesaretle ve derinlemesine ele ald\u0131\u011f\u0131 bu roman, bir Shakespeare trajedisi yo\u011funlu\u011funda. Ya\u015far Kemal   Yeni eseriniz, sizi T\u00fcrkiye\u2019nin politik ve k\u00fclt\u00fcrel hayat\u0131n\u0131n en sembolik simalar\u0131ndan biri yapan muazzam yetene\u011finizi g\u00f6zler \u00f6n\u00fcne seriyor\u2026 Jacques Chirac, Fransa Cumhurba\u015fkan\u0131   Mutluluk roman\u0131nda, Livaneli felsefi ve siyasi sorgulamalar\u0131n\u0131 \u00e7ok usta bir bi\u00e7imde karakterlerinin psikolojilerine yedirmi\u015f. \u00c7ok ayd\u0131nlat\u0131c\u0131 ve derinden etkileyici bir kitap, g\u00fcn\u00fcm\u00fcz d\u00fcnyas\u0131nda d\u00fcr\u00fcstl\u00fck ve samimiyet arayanlar i\u00e7in vazge\u00e7ilmez. Kirkus Reviews, ABD   Mutluluk, yaln\u0131zca harika kurgusuyla heyecanl\u0131 ve s\u00fcr\u00fckleyici bir macera roman\u0131 de\u011fil; bunlar\u0131n \u00f6tesinde, gelenek ile modernlik, tarih ile bellek yitimi, din ile laiklik aras\u0131nda b\u00f6l\u00fcnm\u00fc\u015f T\u00fcrk toplumu \u00fczerine son derece g\u00fc\u00e7l\u00fc bir analiz.  Martine Laval Telerama, Paris   Livaneli, Mutluluk  roman\u0131nda da gelenek ve modernli\u011fin \u00e7eli\u015fkisi i\u00e7inde, her biri kendi mucizesini bekleyen, Meryem\u2019in, Cemal\u2019in ve \u0130rfan\u2019\u0131n yollar\u0131n\u0131 kesi\u015ftirirken; bast\u0131r\u0131lm\u0131\u015fl\u0131k, t\u00f6re, mutluluk, mutsuzluk, korku, tabular, \u015fehvet ve bunalan burjuvazinin g\u00f6lgesinde toplum yap\u0131s\u0131n\u0131n t\u00fcm katmanlar\u0131n\u0131 bu aray\u0131\u015f ve ke\u015ffedi\u015f hik\u00e2yesiyle g\u00f6zler \u00f6n\u00fcne seriyor. 2006 y\u0131l\u0131nda Barnes &amp; Noble Yeni B\u00fcy\u00fck Yazarlar\u0131 Ke\u015fif \u00d6d\u00fcl\u00fc\u2019ne lay\u0131k g\u00f6r\u00fclen Mutluluk, yay\u0131mland\u0131\u011f\u0131 g\u00fcnden itibaren T\u00fcrkiye\u2019de ve d\u00fcnyada \u00e7ok ses getiren ve h\u00e2l\u00e2 ge\u00e7erlili\u011fini koruyan derinlikli bir T\u00fcrkiye portresi, ac\u0131 tatl\u0131 bir peri masal\u0131.<\/p>\n","protected":false},"excerpt":{"rendered":"<p>Livaneli\u2019nin cesaretle ve derinlemesine ele ald\u0131\u011f\u0131 bu roman, bir Shakespeare trajedisi yo\u011funlu\u011funda. Ya\u015far Kemal Yeni eseriniz, sizi T\u00fcrkiye\u2019nin politik ve k\u00fclt\u00fcrel hayat\u0131n\u0131n en sembolik simalar\u0131ndan biri<span class=\"excerpt-hellip\"> [\u2026]<\/span><\/p>\n","protected":false},"featured_media":0,"template":"","meta":{"_monsterinsights_skip_tracking":false,"_monsterinsights_sitenote_active":false,"_monsterinsights_sitenote_note":"","_monsterinsights_sitenote_category":0},"product_brand":[],"product_cat":[12291,12711],"product_tag":[],"class_list":{"0":"post-728005","1":"product","2":"type-product","3":"status-publish","5":"product_cat-edebiyat","6":"product_cat-roman-oyku","7":"pa_cilt-ciltsiz","8":"pa_tur-kitap","9":"pa_yayinevi-inkilap-kitabevi","10":"pa_yazar-zulfu-livaneli","12":"first","13":"instock","14":"sale","15":"shipping-taxable","16":"purchasable","17":"product-type-simple"},"_links":{"self":[{"href":"https:\/\/roveyayinevi.com.tr\/index.php\/wp-json\/wp\/v2\/product\/728005","targetHints":{"allow":["GET"]}}],"collection":[{"href":"https:\/\/roveyayinevi.com.tr\/index.php\/wp-json\/wp\/v2\/product"}],"about":[{"href":"https:\/\/roveyayinevi.com.tr\/index.php\/wp-json\/wp\/v2\/types\/product"}],"wp:attachment":[{"href":"https:\/\/roveyayinevi.com.tr\/index.php\/wp-json\/wp\/v2\/media?parent=728005"}],"wp:term":[{"taxonomy":"product_brand","embeddable":true,"href":"https:\/\/roveyayinevi.com.tr\/index.php\/wp-json\/wp\/v2\/product_brand?post=728005"},{"taxonomy":"product_cat","embeddable":true,"href":"https:\/\/roveyayinevi.com.tr\/index.php\/wp-json\/wp\/v2\/product_cat?post=728005"},{"taxonomy":"product_tag","embeddable":true,"href":"https:\/\/roveyayinevi.com.tr\/index.php\/wp-json\/wp\/v2\/product_tag?post=728005"}],"curies":[{"name":"wp","href":"https:\/\/api.w.org\/{rel}","templated":true}]}}