{"id":727993,"date":"2025-08-27T20:31:34","date_gmt":"2025-08-27T17:31:34","guid":{"rendered":"https:\/\/roveyayinevi.com.tr\/index.php\/urun\/cocuklar-icin-cennetle-mujdelenen-sahabiler-seti-10-kitap-takim\/"},"modified":"2026-04-16T02:35:50","modified_gmt":"2026-04-15T23:35:50","slug":"cocuklar-icin-cennetle-mujdelenen-sahabiler-seti-10-kitap-takim","status":"publish","type":"product","link":"https:\/\/roveyayinevi.com.tr\/index.php\/urun\/cocuklar-icin-cennetle-mujdelenen-sahabiler-seti-10-kitap-takim\/","title":{"rendered":"\u00c7ocuklar \u0130\u00e7in Cennetle M\u00fcjdelenen Sahabiler Seti (10 Kitap Tak\u0131m)"},"content":{"rendered":"<p>Peygamber Efendimiz (a.s.m.), hayattayken on sahabisini cennetle m\u00fcjdelemi\u015fti. Bunlara \u201cA\u015fere-i M\u00fcbe\u015f\u015fere\u201d denilmektedir. Bu seride, cennetle m\u00fcjdelenen bu sahabilerin hayatlar\u0131, \u0130slam\u2019a hizmetleri ve \u00fcst\u00fcn ahlaklar\u0131 anlat\u0131lmaktad\u0131r.1- Hz. Eb\u00fb Bekir, 2- Hz. \u00d6mer, 3- Hz. Osman, 4- Hz. Ali, 5- Sa\u2019d Bin Eb\u00ee Vakkas, 6- Eb\u00fb Ubeyde Bin Cerrah, 7- Abdurrahman Bin Avf, 8- Talha Bin Ubeydullah, 9- Z\u00fcbeyr Bin Avv\u00e2m, 10- Sa\u00eed Bin Zeyd.<\/p>\n","protected":false},"excerpt":{"rendered":"<p>Peygamber Efendimiz (a.s.m.), hayattayken on sahabisini cennetle m\u00fcjdelemi\u015fti. Bunlara \u201cA\u015fere-i M\u00fcbe\u015f\u015fere\u201d denilmektedir. Bu seride, cennetle m\u00fcjdelenen bu sahabilerin hayatlar\u0131, \u0130slam\u2019a hizmetleri ve \u00fcst\u00fcn ahlaklar\u0131 anlat\u0131lmaktad\u0131r.1- Hz.<span class=\"excerpt-hellip\"> [\u2026]<\/span><\/p>\n","protected":false},"featured_media":0,"template":"","meta":{"_monsterinsights_skip_tracking":false,"_monsterinsights_sitenote_active":false,"_monsterinsights_sitenote_note":"","_monsterinsights_sitenote_category":0},"product_brand":[],"product_cat":[12274,18802],"product_tag":[],"class_list":{"0":"post-727993","1":"product","2":"type-product","3":"status-publish","5":"product_cat-cocuk-ve-genclik-kitaplari","6":"product_cat-din-egitimi","7":"pa_cilt-set","8":"pa_tur-kitap","9":"pa_yayinevi-ugurbocegi-yayinlari","10":"pa_yazar-abdullah-kara-hilal-kara","12":"first","13":"instock","14":"sale","15":"shipping-taxable","16":"purchasable","17":"product-type-simple"},"_links":{"self":[{"href":"https:\/\/roveyayinevi.com.tr\/index.php\/wp-json\/wp\/v2\/product\/727993","targetHints":{"allow":["GET"]}}],"collection":[{"href":"https:\/\/roveyayinevi.com.tr\/index.php\/wp-json\/wp\/v2\/product"}],"about":[{"href":"https:\/\/roveyayinevi.com.tr\/index.php\/wp-json\/wp\/v2\/types\/product"}],"wp:attachment":[{"href":"https:\/\/roveyayinevi.com.tr\/index.php\/wp-json\/wp\/v2\/media?parent=727993"}],"wp:term":[{"taxonomy":"product_brand","embeddable":true,"href":"https:\/\/roveyayinevi.com.tr\/index.php\/wp-json\/wp\/v2\/product_brand?post=727993"},{"taxonomy":"product_cat","embeddable":true,"href":"https:\/\/roveyayinevi.com.tr\/index.php\/wp-json\/wp\/v2\/product_cat?post=727993"},{"taxonomy":"product_tag","embeddable":true,"href":"https:\/\/roveyayinevi.com.tr\/index.php\/wp-json\/wp\/v2\/product_tag?post=727993"}],"curies":[{"name":"wp","href":"https:\/\/api.w.org\/{rel}","templated":true}]}}