{"id":727988,"date":"2025-08-27T20:31:29","date_gmt":"2025-08-27T17:31:29","guid":{"rendered":"https:\/\/roveyayinevi.com.tr\/index.php\/urun\/operasyon-yedikule-vatan-savunmasi-sok-timi-5\/"},"modified":"2026-04-16T02:35:50","modified_gmt":"2026-04-15T23:35:50","slug":"operasyon-yedikule-vatan-savunmasi-sok-timi-5","status":"publish","type":"product","link":"https:\/\/roveyayinevi.com.tr\/index.php\/urun\/operasyon-yedikule-vatan-savunmasi-sok-timi-5\/","title":{"rendered":"Operasyon Yedikule Vatan Savunmas\u0131 &#8211; \u015eok Timi 5"},"content":{"rendered":"<p>Senin benim gibi \u00fc\u00e7 gen\u00e7 \u015eevket, Orhan, K\u00e2mil normal, s\u0131radan bir hayat ya\u015farlarken Yedikule Surlar\u0131n\u0131n dibinde bir \u0131\u015f\u0131k g\u00f6r\u00fcyorlar. \u201c\u0130n midir cin midir, yerli midir \u00c7inli midir?\u201d diye meraklan\u0131yor, dizleri titreyerek solu\u011fu Timur Abilerinin yan\u0131nda al\u0131yorlar. Korku, gizem, heyecan a\u011f\u0131rl\u0131kl\u0131 sunumlar\u0131n\u0131n ard\u0131ndan Timur Abi de ekibe kat\u0131l\u0131yor.Kendilerine \u015eOK T\u0130M\u0130 ad\u0131n\u0131 veren bu d\u00f6rt gen\u00e7 sur duvar\u0131ndan \u00e7\u0131kan bu \u0131\u015f\u0131\u011f\u0131n b\u00fcy\u00fcs\u00fcne kap\u0131l\u0131p farkl\u0131 alemlere gidiyor ve farkl\u0131 zamanlarda, farkl\u0131 tarih\u00ee olaylara \u015fahitlik ediyorlar.D\u00f6rt kitapt\u0131r devam eden bu gizemli \u0131\u015f\u0131\u011f\u0131n ve yolculu\u011fun s\u0131rr\u0131, serinin bu son kitab\u0131nda a\u00e7\u0131kl\u0131\u011fa kavu\u015fuyor. Kahramanlar\u0131m\u0131z, polisle birlikte operasyona kat\u0131l\u0131yor ve olay\u0131n ayd\u0131nlanmas\u0131n\u0131 sa\u011fl\u0131yorlar.Ard\u0131ndan bir gece Bo\u011fazi\u00e7i K\u00f6pr\u00fcs\u00fc\u2019n\u00fcn tanklarla kapat\u0131ld\u0131\u011f\u0131 haberini okuyor, t\u00fcm mahalleliyle birlikte vatan savunmas\u0131 i\u00e7in Vatan Caddesi\u2019ne ko\u015fuyorlar. Vatansever polislerle birlikte bir tank\u0131 hainlerin elinden kurtar\u0131yorlar.<\/p>\n","protected":false},"excerpt":{"rendered":"<p>Senin benim gibi \u00fc\u00e7 gen\u00e7 \u015eevket, Orhan, K\u00e2mil normal, s\u0131radan bir hayat ya\u015farlarken Yedikule Surlar\u0131n\u0131n dibinde bir \u0131\u015f\u0131k g\u00f6r\u00fcyorlar. \u201c\u0130n midir cin midir, yerli midir \u00c7inli<span class=\"excerpt-hellip\"> [\u2026]<\/span><\/p>\n","protected":false},"featured_media":0,"template":"","meta":{"_monsterinsights_skip_tracking":false,"_monsterinsights_sitenote_active":false,"_monsterinsights_sitenote_note":"","_monsterinsights_sitenote_category":0},"product_brand":[],"product_cat":[12275,12274],"product_tag":[],"class_list":{"0":"post-727988","1":"product","2":"type-product","3":"status-publish","5":"product_cat-6-12-yas-kitaplari","6":"product_cat-cocuk-ve-genclik-kitaplari","7":"pa_cilt-ciltsiz","8":"pa_tur-kitap","9":"pa_yayinevi-ugurbocegi-yayinlari","10":"pa_yazar-muhiddin-yenigun","12":"first","13":"instock","14":"sale","15":"shipping-taxable","16":"purchasable","17":"product-type-simple"},"_links":{"self":[{"href":"https:\/\/roveyayinevi.com.tr\/index.php\/wp-json\/wp\/v2\/product\/727988","targetHints":{"allow":["GET"]}}],"collection":[{"href":"https:\/\/roveyayinevi.com.tr\/index.php\/wp-json\/wp\/v2\/product"}],"about":[{"href":"https:\/\/roveyayinevi.com.tr\/index.php\/wp-json\/wp\/v2\/types\/product"}],"wp:attachment":[{"href":"https:\/\/roveyayinevi.com.tr\/index.php\/wp-json\/wp\/v2\/media?parent=727988"}],"wp:term":[{"taxonomy":"product_brand","embeddable":true,"href":"https:\/\/roveyayinevi.com.tr\/index.php\/wp-json\/wp\/v2\/product_brand?post=727988"},{"taxonomy":"product_cat","embeddable":true,"href":"https:\/\/roveyayinevi.com.tr\/index.php\/wp-json\/wp\/v2\/product_cat?post=727988"},{"taxonomy":"product_tag","embeddable":true,"href":"https:\/\/roveyayinevi.com.tr\/index.php\/wp-json\/wp\/v2\/product_tag?post=727988"}],"curies":[{"name":"wp","href":"https:\/\/api.w.org\/{rel}","templated":true}]}}