{"id":727978,"date":"2025-08-27T20:31:21","date_gmt":"2025-08-27T17:31:21","guid":{"rendered":"https:\/\/roveyayinevi.com.tr\/index.php\/urun\/ornek-insanlar\/"},"modified":"2026-04-16T02:35:50","modified_gmt":"2026-04-15T23:35:50","slug":"ornek-insanlar","status":"publish","type":"product","link":"https:\/\/roveyayinevi.com.tr\/index.php\/urun\/ornek-insanlar\/","title":{"rendered":"\u00d6rnek \u0130nsanlar"},"content":{"rendered":"<p>Ailesi \u00e7ok fakir oldu\u011fu i\u00e7in ilkokulu bitirdikten sonra okuyamam\u0131\u015f, bakkal \u00e7\u0131rakl\u0131\u011f\u0131 yap\u0131yordu. Bir ak\u015fam eve d\u00f6nerken bo\u015f bir sand\u0131k \u00fczerine \u00e7\u0131km\u0131\u015f bir adam, elinde renkli bir insan kafas\u0131 tutmu\u015f, etraf\u0131na toplanan insanlara, \u201cD\u00fcnyan\u0131n ilgin\u00e7 bilimlerinden biri olan Frenolojiyi benden \u00f6\u011frenin!\u201d diye sesleniyordu.Bakkal \u00e7\u0131ra\u011f\u0131, kalabal\u0131\u011f\u0131 yararak bu adam\u0131n \u00f6n\u00fcne kadar geldi ve onu dikkatle dinlemeye ba\u015flad\u0131. Adam, \u00e7ocu\u011fu fark etti, elini onun ba\u015f\u0131nda gezdirdikten sonra ka\u015flar\u0131ndaki kavisin bulu\u015f yapma yetene\u011fine, \u00f6ne \u00e7\u0131k\u0131k aln\u0131n g\u00fc\u00e7l\u00fc bir haf\u0131zaya i\u015faret etti\u011fini s\u00f6yledi. \u201cZaman \u00f6ld\u00fcren ve bir i\u015fe yaramayan macera kitaplar\u0131 yerine tarih, biyografi ve felsefe gibi faydal\u0131 kitaplar oku!\u201d dedi.\u00c7ocuk bu adam\u0131n s\u00f6zlerinden \u00e7ok etkilendi. Ertesi g\u00fcn haftal\u0131\u011f\u0131ndan biriktirdi\u011fi parayla tarih ve biyografi kitaplar\u0131 sat\u0131n ald\u0131; bunlar\u0131 k\u0131sa zamanda okudu. Arkas\u0131ndan sosyal konulara merak sard\u0131. Ciddi kitaplar okumaya devam etti.Bir zamanlar\u0131n bakkal \u00e7\u0131rakl\u0131\u011f\u0131 yapan bu \u00e7ocuk \u00fcnl\u00fc bir devlet ve siyaset adam\u0131 oldu. S\u00f6zleriyle kendisine cesaret veren ve y\u00f6nlendiren Frenoloji bilginini hi\u00e7 unutmad\u0131.Kitapta buna benzer bir\u00e7ok \u00f6rnek insan\u0131n hayat hik\u00e2yesini, yol g\u00f6sterdikleri ve \u00f6rnek olduklar\u0131 ba\u015far\u0131l\u0131 insanlardan okuyacaks\u0131n\u0131z.<\/p>\n","protected":false},"excerpt":{"rendered":"<p>Ailesi \u00e7ok fakir oldu\u011fu i\u00e7in ilkokulu bitirdikten sonra okuyamam\u0131\u015f, bakkal \u00e7\u0131rakl\u0131\u011f\u0131 yap\u0131yordu. Bir ak\u015fam eve d\u00f6nerken bo\u015f bir sand\u0131k \u00fczerine \u00e7\u0131km\u0131\u015f bir adam, elinde renkli bir<span class=\"excerpt-hellip\"> [\u2026]<\/span><\/p>\n","protected":false},"featured_media":0,"template":"","meta":{"_monsterinsights_skip_tracking":false,"_monsterinsights_sitenote_active":false,"_monsterinsights_sitenote_note":"","_monsterinsights_sitenote_category":0},"product_brand":[],"product_cat":[12275,12274],"product_tag":[],"class_list":{"0":"post-727978","1":"product","2":"type-product","3":"status-publish","5":"product_cat-6-12-yas-kitaplari","6":"product_cat-cocuk-ve-genclik-kitaplari","7":"pa_cilt-ciltsiz","8":"pa_tur-kitap","9":"pa_yayinevi-zafer-yayinlari","10":"pa_yazar-cem-ali-yaman-ali-cankirili","12":"first","13":"instock","14":"sale","15":"shipping-taxable","16":"purchasable","17":"product-type-simple"},"_links":{"self":[{"href":"https:\/\/roveyayinevi.com.tr\/index.php\/wp-json\/wp\/v2\/product\/727978","targetHints":{"allow":["GET"]}}],"collection":[{"href":"https:\/\/roveyayinevi.com.tr\/index.php\/wp-json\/wp\/v2\/product"}],"about":[{"href":"https:\/\/roveyayinevi.com.tr\/index.php\/wp-json\/wp\/v2\/types\/product"}],"wp:attachment":[{"href":"https:\/\/roveyayinevi.com.tr\/index.php\/wp-json\/wp\/v2\/media?parent=727978"}],"wp:term":[{"taxonomy":"product_brand","embeddable":true,"href":"https:\/\/roveyayinevi.com.tr\/index.php\/wp-json\/wp\/v2\/product_brand?post=727978"},{"taxonomy":"product_cat","embeddable":true,"href":"https:\/\/roveyayinevi.com.tr\/index.php\/wp-json\/wp\/v2\/product_cat?post=727978"},{"taxonomy":"product_tag","embeddable":true,"href":"https:\/\/roveyayinevi.com.tr\/index.php\/wp-json\/wp\/v2\/product_tag?post=727978"}],"curies":[{"name":"wp","href":"https:\/\/api.w.org\/{rel}","templated":true}]}}